000
CXUS54 KMRX 011948
CF6OQT
PRELIMINARY LOCAL CLIMATOLOGICAL DATA (WS FORM: F-6)
STATION: OAK RIDGE
MONTH: NOVEMBER
YEAR: 2021
LATITUDE: 36 1 N
LONGITUDE: 84 14 W
TEMPERATURE IN F: :PCPN: SNOW: WIND :SUNSHINE: SKY :PK WND
================================================================================
1 2 3 4 5 6A 6B 7 8 9 10 11 12 13 14 15 16 17 18
12Z AVG MX 2MIN
DY MAX MIN AVG DEP HDD CDD WTR SNW DPTH SPD SPD DIR MIN PSBL S-S WX SPD DR
================================================================================
1 65 44 55 1 10 0 0.00 M M 0.3 7 80 M M 4 12 11 90
2 56 42 49 -5 16 0 T M M 1.5 7 70 M M 6 M M
3 51 41 46 -7 19 0 0.00 M M 1.4 10 70 M M 2 16 80
4 51 37 44 -9 21 0 0.00 M M 0.3 5 160 M M 8 1 8 70
5 58 33 46 -6 19 0 0.00 M M 1.0 9 90 M M 0 14 90
6 60 32 46 -6 19 0 0.00 M M 1.4 10 90 M M 0 15 80
7 64 32 48 -4 17 0 0.00 M M 0.5 7 70 M M 2 12 13 70
8 71 34 53 2 12 0 0.00 M M 0.8 7 90 M M 0 10 70
9 72 37 55 4 10 0 0.00 M M 0.3 6 150 M M 2 12 11 190
10 73 42 58 7 7 0 0.00 M M 0.6 7 140 M M 2 12 10 150
11 70 42 56 6 9 0 0.48 M M 1.7 16 290 M M 5 1 31 280
12 63 42 53 3 12 0 T M M 1.6 10 190 M M 2 12 19 180
13 51 32 42 -8 23 0 0.02 M M 1.8 10 270 M M 3 20 270
14 54 30 42 -8 23 0 0.00 M M 2.4 10 210 M M 2 20 220
15 53 31 42 -7 23 0 0.00 M M 1.3 12 280 M M 3 18 250
16 58 34 46 -3 19 0 0.00 M M 0.4 6 260 M M 8 9 260
17 72 48 60 12 5 0 0.00 M M 1.9 13 190 M M 5 25 200
18 61 33 47 -1 18 0 0.08 M M 1.0 9 270 M M 6 1 17 270
19 50 28 39 -9 26 0 0.00 M M 1.9 12 80 M M 2 12 19 80
20 55 29 42 -6 23 0 0.00 M M 0.3 7 290 M M 1 1 10 270
21 55 34 45 -2 20 0 0.32 M M 1.3 7 270 M M 7 1 10 290
22 52 31 42 -5 23 0 0.05 M M 4.6 13 330 M M 3 1 22 10
23 45 24 35 -12 30 0 0.00 M M 0.5 6 170 M M 0 9 140
24 56 25 41 -6 24 0 0.00 M M 1.5 10 200 M M 0 17 190
25 58 34 46 0 19 0 0.11 M M 2.4 9 260 M M 5 1 20 180
26 49 29 39 -7 26 0 0.00 M M 1.8 10 340 M M 2 17 350
27 54 25 40 -6 25 0 0.00 M M 1.4 9 210 M M 0 16 220
28 59 31 45 -1 20 0 0.00 M M 2.1 9 260 M M 0 17 260
29 46 30 38 -7 27 0 0.00 M M 2.5 8 70 M M 0 17 340
30 60 31 46 1 19 0 0.00 M M 1.5 9 200 M M 1 17 210
================================================================================
SM 1742 1017 564 0 1.06 M 42.0 M 81
================================================================================
AV 58.1 33.9 1.4 FASTST M M 3 MAX(MPH)
MISC ----> 16 290 31 280
================================================================================
NOTES:
# LAST OF SEVERAL OCCURRENCES
COLUMN 17 PEAK WIND IN M.P.H.
PRELIMINARY LOCAL CLIMATOLOGICAL DATA (WS FORM: F-6) , PAGE 2
STATION: OAK RIDGE
MONTH: NOVEMBER
YEAR: 2021
LATITUDE: 36 1 N
LONGITUDE: 84 14 W
[TEMPERATURE DATA] [PRECIPITATION DATA] SYMBOLS USED IN COLUMN 16
AVERAGE MONTHLY: 46.0 TOTAL FOR MONTH: 1.06 1 = FOG OR MIST
DPTR FM NORMAL: -3.2 DPTR FM NORMAL: -3.56 2 = FOG REDUCING VISIBILITY
HIGHEST: 73 ON 10 GRTST 24HR 0.48 ON 11-11 TO 1/4 MILE OR LESS
LOWEST: 24 ON 23 3 = THUNDER
SNOW, ICE PELLETS, HAIL 4 = ICE PELLETS
TOTAL MONTH: M 5 = HAIL
GRTST 24HR M ON M 6 = FREEZING RAIN OR DRIZZLE
GRTST DEPTH: M ON M 7 = DUSTSTORM OR SANDSTORM:
VSBY 1/2 MILE OR LESS
8 = SMOKE OR HAZE
[NO. OF DAYS WITH] [WEATHER - DAYS WITH] 9 = BLOWING SNOW
X = TORNADO
MAX 32 OR BELOW: 0 0.01 INCH OR MORE: 6
MAX 90 OR ABOVE: 0 0.10 INCH OR MORE: 3
MIN 32 OR BELOW: 15 0.50 INCH OR MORE: 0
MIN 0 OR BELOW: 0 1.00 INCH OR MORE: 0
[HDD (BASE 65) ]
TOTAL THIS MO. 564 CLEAR (SCALE 0-3) 20
DPTR FM NORMAL 88 PTCLDY (SCALE 4-7) 10
TOTAL FM JUL 1 708 CLOUDY (SCALE 8-10) 0
DPTR FM NORMAL 34
[CDD (BASE 65) ]
TOTAL THIS MO. 0
DPTR FM NORMAL -2 [PRESSURE DATA]
TOTAL FM JAN 1 1628 HIGHEST SLP 30.57 ON 19
DPTR FM NORMAL -2 LOWEST SLP 29.83 ON 11
[REMARKS]
#FINAL-11-21#