000
CXUS52 KMLB 010622
CF6ORL
PRELIMINARY LOCAL CLIMATOLOGICAL DATA (WS FORM: F-6)
STATION: ORLANDO EXEC
MONTH: SEPTEMBER
YEAR: 2020
LATITUDE: 28 32 N
LONGITUDE: 81 20 W
TEMPERATURE IN F: :PCPN: SNOW: WIND :SUNSHINE: SKY :PK WND
================================================================================
1 2 3 4 5 6A 6B 7 8 9 10 11 12 13 14 15 16 17 18
12Z AVG MX 2MIN
DY MAX MIN AVG DEP HDD CDD WTR SNW DPTH SPD SPD DIR MIN PSBL S-S WX SPD DR
================================================================================
1 94 75 85 2 0 20 T 0.0 0 6.9 20 310 M M 2 24 310
2 94 78 86 3 0 21 0.95 0.0 0 4.7 21 290 M M 4 13 27 290
3 97 78 88 5 0 23 0.00 0.0 0 4.8 14 130 M M 1 17 110
4 97 80 89 6 0 24 0.02 0.0 0 3.5 20 70 M M 1 13 25 70
5 96 79 88 6 0 23 0.00 0.0 0 4.4 17 80 M M 1 18 21 80
6 94 80 87 5 0 22 0.10 0.0 0 6.1 21 110 M M 3 38 31 100
7 91 77 84 2 0 19 T 0.0 0 7.1 20 140 M M 2 13 28 130
8 93 77 85 3 0 20 1.76 0.0 0 4.1 21 220 M M 3 123 24 20
9 92 76 84 2 0 19 0.27 0.0 0 4.6 16 170 M M 4 13 19 170
10 91 77 84 2 0 19 T 0.0 0 5.7 18 70 M M 2 3 23 70
11 93 78 86 4 0 21 0.19 0.0 0 6.7 20 150 M M 2 13 25 140
12 88 77 83 1 0 18 1.02 0.0 0 11.0 25 100 M M 2 138 32 110
13 87 76 82 0 0 17 0.25 0.0 0 8.1 20 200 M M 3 13 25 150
14 91 76 84 2 0 19 0.35 0.0 0 6.1 18 130 M M 3 1238 21 140
15 92 78 85 3 0 20 0.01 0.0 0 6.1 17 60 M M 2 13 21 80
16 93 76 85 3 0 20 0.02 0.0 0 9.4 18 190 M M 1 8 24 180
17 93 79 86 4 0 21 0.26 0.0 0 10.6 28 220 M M 3 13 32 220
18 92 79 86 4 0 21 0.12 0.0 0 9.1 17 270 M M 5 1 23 250
19 92 75 84 2 0 19 0.45 0.0 0 7.8 20 20 M M 4 1 25 20
20 83 78 81 0 0 16 0.79 0.0 0 13.0 26 70 M M 9 13 35 70
21 86 74 80 -1 0 15 0.01 0.0 0 12.9 30 60 M M 7 8 35 60
22 86 73 80 -1 0 15 T 0.0 0 10.2 24 80 M M 7 29 60
23 88 71 80 -1 0 15 0.00 0.0 0 7.4 16 70 M M 3 20 80
24 92 73 83 2 0 18 0.00 0.0 0 6.6 16 120 M M 3 21 170
25 94 76 85 4 0 20 0.00 0.0 0 3.5 15 130 M M 2 17 130
26 95 77 86 5 0 21 0.01 0.0 0 5.8 15 90 M M 3 17 80
27 92 75 84 4 0 19 1.57 0.0 0 5.6 16 290 M M 4 13 20 290
28 88 75 82 2 0 17 0.96 0.0 0 3.6 18 230 M M 3 13 24 230
29 91 71 81 1 0 16 0.86 0.0 0 7.2 22 160 M M 6 123 26 160
30 81 65 73 -7 0 8 0.00 0.0 0 8.9 15 20 M M 6 21 20
================================================================================
SM 2736 2279 0 566 9.97 0.0 211.5 M 101
================================================================================
AV 91.2 76.0 7.0 FASTST M M 3 MAX(MPH)
MISC ----> 30 60 # 35 70
================================================================================
NOTES:
# LAST OF SEVERAL OCCURRENCES
COLUMN 17 PEAK WIND IN M.P.H.
PRELIMINARY LOCAL CLIMATOLOGICAL DATA (WS FORM: F-6) , PAGE 2
STATION: ORLANDO EXEC
MONTH: SEPTEMBER
YEAR: 2020
LATITUDE: 28 32 N
LONGITUDE: 81 20 W
[TEMPERATURE DATA] [PRECIPITATION DATA] SYMBOLS USED IN COLUMN 16
AVERAGE MONTHLY: 83.6 TOTAL FOR MONTH: 9.97 1 = FOG OR MIST
DPTR FM NORMAL: 2.0 DPTR FM NORMAL: 3.95 2 = FOG REDUCING VISIBILITY
HIGHEST: 97 ON 4, 3 GRTST 24HR 2.52 ON 27-28 TO 1/4 MILE OR LESS
LOWEST: 65 ON 30 3 = THUNDER
SNOW, ICE PELLETS, HAIL 4 = ICE PELLETS
TOTAL MONTH: 0.0 INCH 5 = HAIL
GRTST 24HR 0.0 6 = FREEZING RAIN OR DRIZZLE
GRTST DEPTH: 0 7 = DUSTSTORM OR SANDSTORM:
VSBY 1/2 MILE OR LESS
8 = SMOKE OR HAZE
[NO. OF DAYS WITH] [WEATHER - DAYS WITH] 9 = BLOWING SNOW
X = TORNADO
MAX 32 OR BELOW: 0 0.01 INCH OR MORE: 20
MAX 90 OR ABOVE: 22 0.10 INCH OR MORE: 15
MIN 32 OR BELOW: 0 0.50 INCH OR MORE: 7
MIN 0 OR BELOW: 0 1.00 INCH OR MORE: 3
[HDD (BASE 65) ]
TOTAL THIS MO. 0 CLEAR (SCALE 0-3) 16
DPTR FM NORMAL 0 PTCLDY (SCALE 4-7) 13
TOTAL FM JUL 1 0 CLOUDY (SCALE 8-10) 1
DPTR FM NORMAL 0
[CDD (BASE 65) ]
TOTAL THIS MO. 566
DPTR FM NORMAL 67 [PRESSURE DATA]
TOTAL FM JAN 1 3771 HIGHEST SLP M ON M
DPTR FM NORMAL 771 LOWEST SLP 29.79 ON 29
[REMARKS]
#FINAL-09-20#