000
CXUS53 KGRB 230639
CF6OSH
PRELIMINARY LOCAL CLIMATOLOGICAL DATA (WS FORM: F-6)
STATION: OSHKOSH WI
MONTH: SEPTEMBER
YEAR: 2021
LATITUDE: 44 0 N
LONGITUDE: 88 34 W
TEMPERATURE IN F: :PCPN: SNOW: WIND :SUNSHINE: SKY :PK WND
================================================================================
1 2 3 4 5 6A 6B 7 8 9 10 11 12 13 14 15 16 17 18
12Z AVG MX 2MIN
DY MAX MIN AVG DEP HDD CDD WTR SNW DPTH SPD SPD DIR MIN PSBL S-S WX SPD DR
================================================================================
1 74 57 66 0 0 1 0.00 0.0 0 7.0 14 20 M M 0 26 40
2 74 54 64 -2 1 0 0.00 0.0 0 4.7 12 110 M M 0 16 60
3 69 59 64 -2 1 0 0.05 0.0 0 4.3 18 190 M M 6 27 180
4 69 62 66 0 0 1 0.12 0.0 0 6.0 15 300 M M 7 1 22 290
5 76 58 67 2 0 2 0.00 0.0 0 6.9 17 290 M M 1 24 290
6 75 54 65 0 0 0 0.00 0.0 0 4.8 10 100 M M 1 14 310
7 78 56 67 2 0 2 0.10 0.0 0 8.4 20 310 M M 2 13 29 300
8 72 55 64 0 1 0 T 0.0 0 9.2 21 300 M M 3 29 290
9 74 52 63 -1 2 0 0.00 0.0 0 3.6 9 260 M M 2 12 300
10 77 52 65 1 0 0 0.00 0.0 0 4.6 13 190 M M 1 18 190
11 83 58 71 7 0 6 0.00 0.0 0 7.2 16 220 M M 1 27 200
12 70 58 64 1 1 0 0.05 0.0 0 5.4 15 40 M M 6 20 50
13 69 58 64 1 1 0 0.08 0.0 0 6.7 15 70 M M 7 13 21 70
14 73 58 66 4 0 1 0.01 0.0 0 9.1 22 290 M M 5 1 36 290
15 74 52 63 1 2 0 0.00 0.0 0 4.6 10 150 M M 1 1 14 10
16 80 50 65 3 0 0 0.00 0.0 0 11.0 23 180 M M 0 32 180
17 82 55 69 8 0 4 0.00 0.0 0 9.1 17 320 M M 0 26 320
18 74 47 61 0 4 0 0.00 0.0 0 5.2 12 100 M M 0 17 80
19 87 49 68 8 0 3 0.00 0.0 0 7.6 17 180 M M 1 23 140
20 80 64 72 12 0 7 0.47 0.0 0 10.8 21 180 M M 4 13 27 240
21 69 55 62 2 3 0 T 0.0 0 10.3 18 330 M M 6 28 300
22 64 50 57 -2 8 0 0.00 0.0 0 12.9 22 10 M M 1 31 20
23 69 48 59 0 6 0 0.00 0.0 0 10.6 22 350 M M 0 31 360
24 78 46 62 3 3 0 0.07 0.0 0 11.2 28 290 M M 2 1 41 300
25 66 46 56 -2 9 0 0.00 0.0 0 6.6 16 260 M M 4 32 270
26 78 46 62 4 3 0 0.00 0.0 0 7.5 17 210 M M 0 28 210
27 70 52 61 4 4 0 0.00 0.0 0 7.7 18 40 M M 0 27 30
28 72 49 61 4 4 0 0.00 0.0 0 4.8 10 90 M M 0 15 170
29 76 46 61 5 4 0 0.00 0.0 0 3.5 10 100 M M 0 1 14 100
30 76 49 63 7 2 0 0.00 0.0 0 3.4 8 70 M M 2 12 13 80
================================================================================
SM 2228 1595 59 27 0.95 0.0 214.7 M 63
================================================================================
AV 74.3 53.2 7.2 FASTST M M 2 MAX(MPH)
MISC ----> 28 290 41 300
================================================================================
NOTES:
# LAST OF SEVERAL OCCURRENCES
COLUMN 17 PEAK WIND IN M.P.H.
PRELIMINARY LOCAL CLIMATOLOGICAL DATA (WS FORM: F-6) , PAGE 2
STATION: OSHKOSH WI
MONTH: SEPTEMBER
YEAR: 2021
LATITUDE: 44 0 N
LONGITUDE: 88 34 W
[TEMPERATURE DATA] [PRECIPITATION DATA] SYMBOLS USED IN COLUMN 16
AVERAGE MONTHLY: 63.7 TOTAL FOR MONTH: 0.95 1 = FOG OR MIST
DPTR FM NORMAL: 2.0 DPTR FM NORMAL: -2.05 2 = FOG REDUCING VISIBILITY
HIGHEST: 87 ON 19 GRTST 24HR 0.47 ON 20-20 TO 1/4 MILE OR LESS
LOWEST: 46 ON 29,26 3 = THUNDER
SNOW, ICE PELLETS, HAIL 4 = ICE PELLETS
TOTAL MONTH: 0.0 INCH 5 = HAIL
GRTST 24HR 0.0 6 = FREEZING RAIN OR DRIZZLE
GRTST DEPTH: 0 7 = DUSTSTORM OR SANDSTORM:
VSBY 1/2 MILE OR LESS
8 = SMOKE OR HAZE
[NO. OF DAYS WITH] [WEATHER - DAYS WITH] 9 = BLOWING SNOW
X = TORNADO
MAX 32 OR BELOW: 0 0.01 INCH OR MORE: 8
MAX 90 OR ABOVE: 0 0.10 INCH OR MORE: 3
MIN 32 OR BELOW: 0 0.50 INCH OR MORE: 0
MIN 0 OR BELOW: 0 1.00 INCH OR MORE: 0
[HDD (BASE 65) ]
TOTAL THIS MO. 59 CLEAR (SCALE 0-3) 22
DPTR FM NORMAL -92 PTCLDY (SCALE 4-7) 8
TOTAL FM JUL 1 66 CLOUDY (SCALE 8-10) 0
DPTR FM NORMAL -118
[CDD (BASE 65) ]
TOTAL THIS MO. 27
DPTR FM NORMAL -24 [PRESSURE DATA]
TOTAL FM JAN 1 717 HIGHEST SLP 30.26 ON 18
DPTR FM NORMAL 155 LOWEST SLP 29.58 ON 7
[REMARKS]
#FINAL-09-21#