000
CXUS53 KDMX 030246
CF6OTM
PRELIMINARY LOCAL CLIMATOLOGICAL DATA (WS FORM: F-6)
STATION: OTTUMWA IA
MONTH: JUNE
YEAR: 2021
LATITUDE: 41 6 N
LONGITUDE: 92 27 W
TEMPERATURE IN F: :PCPN: SNOW: WIND :SUNSHINE: SKY :PK WND
================================================================================
1 2 3 4 5 6A 6B 7 8 9 10 11 12 13 14 15 16 17 18
12Z AVG MX 2MIN
DY MAX MIN AVG DEP HDD CDD WTR SNW DPTH SPD SPD DIR MIN PSBL S-S WX SPD DR
================================================================================
1 75 49 62 -6 3 0 0.00 0.0 0 5.2 13 170 M M 5 12 16 170
2 79 50 65 -3 0 0 0.00 0.0 0 4.6 12 160 M M 1 18 18 150
3 85 54 70 2 0 5 0.00 0.0 0 7.6 14 260 M M 0 8 18 230
4 86 61 74 5 0 9 0.00 0.0 0 9.7 18 190 M M 0 26 200
5 89 66 78 9 0 13 0.00 0.0 0 11.7 22 200 M M 0 8 29 200
6 86 64 75 6 0 10 0.00 0.0 0 10.5 21 200 M M 2 30 190
7 87 67 77 7 0 12 0.00 0.0 0 8.2 25 160 M M 1 3 32 150
8 87 65 76 6 0 11 0.25 0.0 0 5.2 20 100 M M 2 8 26 80
9 90 66 78 8 0 13 0.00 0.0 0 4.1 12 150 M M 2 1 18 80
10 92 67 80 10 0 15 0.00 0.0 0 3.5 13 210 M M 1 8 17 200
11 92 70 81 10 0 16 0.00 0.0 0 7.3 30 320 M M 0 40 320
12 89 64 77 6 0 12 0.00 0.0 0 11.3 22 340 M M 0 28 350
13 92 57 75 4 0 10 0.00 0.0 0 6.7 13 10 M M 0 17 360
14 88 62 75 3 0 10 0.00 0.0 0 6.6 14 350 M M 0 18 60
15 89 54 72 0 0 7 0.00 0.0 0 6.0 16 10 M M 0 1 21 360
16 85 59 72 0 0 7 0.00 0.0 0 9.0 16 130 M M 0 22 140
17 93 70 82 10 0 17 0.00 0.0 0 10.3 17 180 M M 0 24 190
18 89 69 79 7 0 14 1.15 0.0 0 8.4 25 290 M M 1 13 36 280
19 88 67 78 5 0 13 0.52 0.0 0 5.1 24 240 M M 1 13 34 230
20 82 65 74 1 0 9 0.45 0.0 0 11.4 24 320 M M 4 13 34 330
21 72 49 61 -12 4 0 0.00 0.0 0 15.9 31 320 M M 1 42 350
22 80 47 64 -9 1 0 0.07 0.0 0 9.6 25 20 M M 3 13 34 10
23 83 60 72 -1 0 7 0.00 0.0 0 13.0 23 180 M M 3 33 190
24 85 68 77 3 0 12 2.94 0.0 0 9.7 40 210 M M 5 123 58 200
25 81 68 75 1 0 10 0.05 0.0 0 7.5 16 270 M M 8 1 23 280
26 79 67 73 -1 0 8 0.25 0.0 0 9.7 26 250 M M 7 1 37 250
27 78 64 71 -3 0 6 0.00 0.0 0 3.2 10 280 M M 6 1 14 290
28 80 67 74 0 0 9 0.00 0.0 0 3.8 9 110 M M 7 13 120
29 76 70 73 -1 0 8 0.23 0.0 0 5.0 22 200 M M 8 1 31 200
30 82 67 75 1 0 10 0.19 0.0 0 3.3 16 20 M M 6 1 20 30
================================================================================
SM 2539 1873 8 273 6.10 0.0 233.1 M 74
================================================================================
AV 84.6 62.4 7.8 FASTST M M 2 MAX(MPH)
MISC ----> 40 210 58 200
================================================================================
NOTES:
# LAST OF SEVERAL OCCURRENCES
COLUMN 17 PEAK WIND IN M.P.H.
PRELIMINARY LOCAL CLIMATOLOGICAL DATA (WS FORM: F-6) , PAGE 2
STATION: OTTUMWA IA
MONTH: JUNE
YEAR: 2021
LATITUDE: 41 6 N
LONGITUDE: 92 27 W
[TEMPERATURE DATA] [PRECIPITATION DATA] SYMBOLS USED IN COLUMN 16
AVERAGE MONTHLY: 73.5 TOTAL FOR MONTH: 6.10 1 = FOG OR MIST
DPTR FM NORMAL: 1.9 DPTR FM NORMAL: 0.72 2 = FOG REDUCING VISIBILITY
HIGHEST: 93 ON 17 GRTST 24HR 2.99 ON 24-25 TO 1/4 MILE OR LESS
LOWEST: 47 ON 22 3 = THUNDER
SNOW, ICE PELLETS, HAIL 4 = ICE PELLETS
TOTAL MONTH: 0.0 INCH 5 = HAIL
GRTST 24HR 0.0 6 = FREEZING RAIN OR DRIZZLE
GRTST DEPTH: 0 7 = DUSTSTORM OR SANDSTORM:
VSBY 1/2 MILE OR LESS
8 = SMOKE OR HAZE
[NO. OF DAYS WITH] [WEATHER - DAYS WITH] 9 = BLOWING SNOW
X = TORNADO
MAX 32 OR BELOW: 0 0.01 INCH OR MORE: 10
MAX 90 OR ABOVE: 5 0.10 INCH OR MORE: 8
MIN 32 OR BELOW: 0 0.50 INCH OR MORE: 3
MIN 0 OR BELOW: 0 1.00 INCH OR MORE: 2
[HDD (BASE 65) ]
TOTAL THIS MO. 8 CLEAR (SCALE 0-3) 21
DPTR FM NORMAL -9 PTCLDY (SCALE 4-7) 8
TOTAL FM JUL 1 6249 CLOUDY (SCALE 8-10) 1
DPTR FM NORMAL 106
[CDD (BASE 65) ]
TOTAL THIS MO. 273
DPTR FM NORMAL 58 [PRESSURE DATA]
TOTAL FM JAN 1 362 HIGHEST SLP 30.22 ON 1
DPTR FM NORMAL 69 LOWEST SLP 29.52 ON 20
[REMARKS]
#FINAL-06-21#