000
CXUS53 KARX 011000
CF6OVS
PRELIMINARY LOCAL CLIMATOLOGICAL DATA (WS FORM: F-6)
STATION: BOSCOBEL_(ASOS) WI
MONTH: FEBRUARY
YEAR: 2024
LATITUDE: 43 9 N
LONGITUDE: 90 41 W
TEMPERATURE IN F: :PCPN: SNOW: WIND :SUNSHINE: SKY :PK WND
================================================================================
1 2 3 4 5 6A 6B 7 8 9 10 11 12 13 14 15 16 17 18
12Z AVG MX 2MIN
DY MAX MIN AVG DEP HDD CDD WTR SNW DPTH SPD SPD DIR MIN PSBL S-S WX SPD DR
================================================================================
1 54 27 41 21 24 0 0.00 0.0 M 2.4 9 70 M M 1 18 16 50
2 37 25 31 11 34 0 0.00 0.0 0 5.1 16 90 M M 9 1 25 90
3 47 28 38 18 27 0 0.00 0.0 0 3.6 10 90 M M 5 18 16 80
4 52 24 38 18 27 0 0.00 0.0 0 2.8 9 60 M M 1 18 14 70
5 54 20 37 17 28 0 0.00 0.0 0 1.0 6 70 M M 0 9 100
6 54 22 38 17 27 0 0.00 0.0 0 2.2 8 180 M M 0 18 13 230
7 48 30 39 18 26 0 0.00 0.0 0 1.8 8 100 M M 0 18 14 120
8 62 40 51 30 14 0 0.05 0.0 0 8.3 22 200 M M 5 3 37 230
9 43 34 39 17 26 0 0.00 0.0 0 10.0 20 270 M M 8 32 260
10 42 30 36 14 29 0 0.00 0.0 0 8.1 18 300 M M 5 27 290
11 40 21 31 9 34 0 0.00 0.0 0 2.9 12 230 M M 6 18 16 240
12 50 15 33 11 32 0 T 0.0 0 3.3 13 280 M M 0 18 18 270
13 44 18 31 8 34 0 0.00 0.0 0 1.7 12 310 M M 4 18 17 300
14 49 17 33 10 32 0 0.12 0.0 0 1.9 10 230 M M 5 18 17 170
15 38 27 33 9 32 0 0.35 M M 9.0 18 340 M M 4 1 29 320
16 32 14 23 -1 42 0 0.00 0.0 0 7.5 17 310 M M 5 26 310
17 34 10 22 -2 43 0 0.00 0.0 0 10.6 22 230 M M 0 36 230
18 46 18 32 7 33 0 0.00 M M 5.5 16 290 M M 0 8 23 290
19 49 15 32 7 33 0 0.00 0.0 0 2.0 9 220 M M 0 18 14 190
20 57 23 40 14 25 0 0.00 0.0 0 3.8 18 230 M M 1 8 26 210
21 61 28 45 19 20 0 0.00 0.0 0 1.5 9 290 M M 1 18 13 210
22 64 25 45 19 20 0 0.00 0.0 0 4.9 16 270 M M 0 1 23 270
23 44 26 35 8 30 0 0.01 M M 5.6 15 360 M M 6 18 22 20
24 40 16 28 1 37 0 0.00 0.0 M 5.7 15 210 M M 1 22 170
25 60 32 46 18 19 0 0.00 0.0 0 5.0 14 300 M M 2 8 20 300
26 73 24 49 21 16 0 0.00 M M 4.8 16 200 M M 0 8 29 180
27 74 27 51 23 14 0 M M M 7.1 24 320 M M 3 1 38 10
28 27 13 20 -9 45 0 T M M 11.0 24 320 M M 3 32 300
29 53 7 30 1 35 0 M M M 5.9 18 210 M M 0 30 180
================================================================================
SM 1428 656 838 0 0.53 0.0 145.0 M 75
================================================================================
AV 49.2 22.6 5.0 FASTST M M 3 MAX(MPH)
MISC ----> # 24 320 38 10
================================================================================
NOTES:
# LAST OF SEVERAL OCCURRENCES
COLUMN 17 PEAK WIND IN M.P.H.
PRELIMINARY LOCAL CLIMATOLOGICAL DATA (WS FORM: F-6) , PAGE 2
STATION: BOSCOBEL_(ASOS) WI
MONTH: FEBRUARY
YEAR: 2024
LATITUDE: 43 9 N
LONGITUDE: 90 41 W
[TEMPERATURE DATA] [PRECIPITATION DATA] SYMBOLS USED IN COLUMN 16
AVERAGE MONTHLY: 35.9 TOTAL FOR MONTH: 0.53 1 = FOG OR MIST
DPTR FM NORMAL: 12.2 DPTR FM NORMAL: -0.43 2 = FOG REDUCING VISIBILITY
HIGHEST: 74 ON 27 GRTST 24HR 0.47 ON 14-15 TO 1/4 MILE OR LESS
LOWEST: 7 ON 29 3 = THUNDER
SNOW, ICE PELLETS, HAIL 4 = ICE PELLETS
TOTAL MONTH: 0.0 INCH 5 = HAIL
GRTST 24HR 0.0 6 = FREEZING RAIN OR DRIZZLE
GRTST DEPTH: 0 7 = DUSTSTORM OR SANDSTORM:
VSBY 1/2 MILE OR LESS
8 = SMOKE OR HAZE
[NO. OF DAYS WITH] [WEATHER - DAYS WITH] 9 = BLOWING SNOW
X = TORNADO
MAX 32 OR BELOW: 2 0.01 INCH OR MORE: 4
MAX 90 OR ABOVE: 0 0.10 INCH OR MORE: 2
MIN 32 OR BELOW: 27 0.50 INCH OR MORE: 0
MIN 0 OR BELOW: 0 1.00 INCH OR MORE: 0
[HDD (BASE 65) ]
TOTAL THIS MO. 838 CLEAR (SCALE 0-3) 17
DPTR FM NORMAL -317 PTCLDY (SCALE 4-7) 11
TOTAL FM JUL 1 4257 CLOUDY (SCALE 8-10) 1
DPTR FM NORMAL -1038
[CDD (BASE 65) ]
TOTAL THIS MO. 0
DPTR FM NORMAL 0 [PRESSURE DATA]
TOTAL FM JAN 1 0 HIGHEST SLP 30.44 ON 29
DPTR FM NORMAL 0 LOWEST SLP 29.24 ON 27
[REMARKS]
#FINAL-02-24#