000
CXUS53 KARX 010930
CF6OVS
PRELIMINARY LOCAL CLIMATOLOGICAL DATA (WS FORM: F-6)
STATION: BOSCOBEL_(ASOS) WI
MONTH: JULY
YEAR: 2020
LATITUDE: 43 9 N
LONGITUDE: 90 41 W
TEMPERATURE IN F: :PCPN: SNOW: WIND :SUNSHINE: SKY :PK WND
================================================================================
1 2 3 4 5 6A 6B 7 8 9 10 11 12 13 14 15 16 17 18
12Z AVG MX 2MIN
DY MAX MIN AVG DEP HDD CDD WTR SNW DPTH SPD SPD DIR MIN PSBL S-S WX SPD DR
================================================================================
1 90 69 80 9 0 15 0.00 0.0 0 2.7 12 80 M M 2 1 21 70
2 90 66 78 7 0 13 0.00 0.0 0 1.6 8 30 M M 1 1 12 30
3 93 64 79 7 0 14 0.00 0.0 0 1.2 7 290 M M 2 12 11 20
4 90 68 79 7 0 14 0.01 0.0 0 1.0 14 310 M M 2 123 23 330
5 93 68 81 9 0 16 0.00 0.0 0 2.4 9 270 M M 4 12 13 280
6 93 70 82 10 0 17 0.00 0.0 0 2.8 10 220 M M 3 12 16 220
7 93 68 81 9 0 16 0.15 0.0 0 2.2 16 170 M M 3 1238 34 160
8 93 66 80 8 0 15 0.00 0.0 0 2.8 12 200 M M 2 1 19 210
9 89 69 79 7 0 14 0.96 0.0 0 2.8 22 300 M M 3 13 33 290
10 86 64 75 3 0 10 T 0.0 0 4.5 15 260 M M 1 22 310
11 87 63 75 3 0 10 0.14 0.0 0 3.1 17 220 M M 3 13 26 220
12 85 61 73 1 0 8 0.00 0.0 0 2.0 9 10 M M 2 12 16 40
13 86 61 74 2 0 9 0.00 0.0 0 3.1 8 200 M M 4 12 M M
14 86 66 76 4 0 11 1.17 0.0 0 5.6 18 310 M M 4 13 27 320
15 75 67 71 -1 0 6 0.29 0.0 0 3.4 9 350 M M 7 13 15 10
16 84 59 72 0 0 7 0.00 0.0 0 2.4 9 270 M M 3 12 13 330
17 89 60 75 3 0 10 0.00 0.0 0 2.8 10 190 M M 4 12 19 200
18 91 73 82 10 0 17 0.20 0.0 0 6.5 16 260 M M 4 13 28 260
19 87 66 77 5 0 12 0.00 0.0 0 7.2 16 300 M M 2 3 23 320
20 81 61 71 -1 0 6 0.00 0.0 0 0.9 7 280 M M 1 1 10 250
21 81 61 71 -1 0 6 T 0.0 0 3.1 10 200 M M 6 1 19 210
22 80 57 69 -3 0 4 0.00 0.0 0 5.3 14 320 M M 4 19 320
23 84 54 69 -3 0 4 0.00 0.0 0 1.3 8 220 M M 4 12 12 120
24 88 59 74 2 0 9 0.00 0.0 0 2.2 9 180 M M 3 12 14 170
25 93 66 80 8 0 15 0.00 0.0 0 4.7 14 210 M M 0 1 21 180
26 94 74 84 12 0 19 0.07 0.0 0 5.6 24 300 M M 2 3 38 290
27 87 65 76 4 0 11 0.00 0.0 0 4.8 16 290 M M 0 23 280
28 90 60 75 3 0 10 T 0.0 0 5.6 17 240 M M 4 29 210
29 89 63 76 4 0 11 0.00 0.0 0 1.8 9 20 M M 1 1 14 340
30 87 61 74 2 0 9 0.00 0.0 0 3.9 12 20 M M 1 1 20 20
31 85 58 72 0 0 7 0.00 0.0 0 1.7 9 50 M M 3 12 14 30
================================================================================
SM 2719 1987 0 345 2.99 0.0 101.0 M 85
================================================================================
AV 87.7 64.1 3.3 FASTST M M 3 MAX(MPH)
MISC ----> # 24 300 # 38 290
================================================================================
NOTES:
# LAST OF SEVERAL OCCURRENCES
COLUMN 17 PEAK WIND IN M.P.H.
PRELIMINARY LOCAL CLIMATOLOGICAL DATA (WS FORM: F-6) , PAGE 2
STATION: BOSCOBEL_(ASOS) WI
MONTH: JULY
YEAR: 2020
LATITUDE: 43 9 N
LONGITUDE: 90 41 W
[TEMPERATURE DATA] [PRECIPITATION DATA] SYMBOLS USED IN COLUMN 16
AVERAGE MONTHLY: 75.9 TOTAL FOR MONTH: 2.99 1 = FOG OR MIST
DPTR FM NORMAL: 3.9 DPTR FM NORMAL: -1.47 2 = FOG REDUCING VISIBILITY
HIGHEST: 94 ON 26 GRTST 24HR 1.17 ON 14-14 TO 1/4 MILE OR LESS
LOWEST: 54 ON 23 3 = THUNDER
SNOW, ICE PELLETS, HAIL 4 = ICE PELLETS
TOTAL MONTH: 0.0 INCH 5 = HAIL
GRTST 24HR 0.0 6 = FREEZING RAIN OR DRIZZLE
GRTST DEPTH: 0 7 = DUSTSTORM OR SANDSTORM:
VSBY 1/2 MILE OR LESS
8 = SMOKE OR HAZE
[NO. OF DAYS WITH] [WEATHER - DAYS WITH] 9 = BLOWING SNOW
X = TORNADO
MAX 32 OR BELOW: 0 0.01 INCH OR MORE: 8
MAX 90 OR ABOVE: 12 0.10 INCH OR MORE: 6
MIN 32 OR BELOW: 0 0.50 INCH OR MORE: 2
MIN 0 OR BELOW: 0 1.00 INCH OR MORE: 1
[HDD (BASE 65) ]
TOTAL THIS MO. 0 CLEAR (SCALE 0-3) 20
DPTR FM NORMAL -8 PTCLDY (SCALE 4-7) 11
TOTAL FM JUL 1 0 CLOUDY (SCALE 8-10) 0
DPTR FM NORMAL -8
[CDD (BASE 65) ]
TOTAL THIS MO. 345
DPTR FM NORMAL 119 [PRESSURE DATA]
TOTAL FM JAN 1 587 HIGHEST SLP 30.18 ON 24
DPTR FM NORMAL 201 LOWEST SLP 29.68 ON 19
[REMARKS]
#FINAL-07-20#