000
CXUS55 KPAH 010800
CF6OWB
PRELIMINARY LOCAL CLIMATOLOGICAL DATA (WS FORM: F-6)
STATION: OWENSBORO KY
MONTH: NOVEMBER
YEAR: 2020
LATITUDE: 37 45 N
LONGITUDE: 87 10 W
TEMPERATURE IN F: :PCPN: SNOW: WIND :SUNSHINE: SKY :PK WND
================================================================================
1 2 3 4 5 6A 6B 7 8 9 10 11 12 13 14 15 16 17 18
12Z AVG MX 2MIN
DY MAX MIN AVG DEP HDD CDD WTR SNW DPTH SPD SPD DIR MIN PSBL S-S WX SPD DR
================================================================================
1 55 31 43 -12 22 0 0.00 M M 14.0 31 320 M M 0 38 330
2 53 27 40 -15 25 0 0.00 M M 4.9 14 250 M M 0 16 260
3 69 35 52 -3 13 0 0.00 M M 6.7 12 210 M M 0 14 210
4 74 43 59 5 6 0 0.00 M M 7.8 16 180 M M 0 18 200
5 70 48 59 5 6 0 0.00 M M 6.1 14 180 M M 0 15 180
6 73 42 58 4 7 0 0.00 M M 2.6 9 140 M M 0 8 12 130
7 77 43 60 7 5 0 0.00 M M 3.2 9 170 M M 1 8 12 160
8 83 61 72 19 0 7 0.00 M M 7.8 16 180 M M 3 8 20 180
9 80 57 69 17 0 4 0.00 M M 6.2 20 170 M M 6 24 170
10 79 63 71 19 0 6 0.24 M M 11.3 24 190 M M 10 1 29 170
11 68 42 55 3 10 0 T M M 8.6 22 320 M M 5 25 320
12 59 37 48 -3 17 0 0.00 M M 4.5 12 80 M M 1 8 15 100
13 55 33 44 -7 21 0 0.00 M M 6.0 18 320 M M 1 22 330
14 66 36 51 1 14 0 0.03 M M 9.9 25 170 M M 7 33 170
15 67 39 53 3 12 0 0.59 M M 16.2 38 290 M M 5 13 45 290
16 61 33 47 -2 18 0 0.00 M M 7.6 18 250 M M 0 22 210
17 49 31 40 -9 25 0 0.00 M M 9.3 20 330 M M 0 24 330
18 55 29 42 -6 23 0 0.00 M M 8.7 17 160 M M 0 21 150
19 68 43 56 8 9 0 0.00 M M 13.0 26 210 M M 0 31 210
20 67 47 57 9 8 0 0.00 M M 8.0 18 220 M M 6 8 22 220
21 60 51 56 9 9 0 0.02 M M 6.5 14 100 M M 10 1 18 40
22 57 36 47 0 18 0 0.05 M M 9.0 22 280 M M 9 1 26 320
23 54 33 44 -2 21 0 0.00 M M 2.9 7 110 M M 2 18 8 110
24 56 40 48 2 17 0 0.00 M M 8.6 17 180 M M 2 20 180
25 64 51 58 12 7 0 0.96 M M 15.2 29 170 M M 10 18 36 170
26 52 42 47 2 18 0 0.00 M M 6.1 10 270 M M 10 M M
27 58 37 48 3 17 0 0.00 M M 4.8 13 330 M M 4 8 15 340
28 51 31 41 -3 24 0 0.00 M M 3.3 13 10 M M 0 17 350
29 51 29 40 -4 25 0 0.28 M M 3.7 16 330 M M 3 8 21 320
30 43 31 37 -7 28 0 0.02 M M 17.5 26 320 M M 10 16 31 320
================================================================================
SM 1874 1201 425 17 2.19 M 240.0 M 105
================================================================================
AV 62.5 40.0 8.0 FASTST M M 4 MAX(MPH)
MISC ----> 38 290 45 290
================================================================================
NOTES:
# LAST OF SEVERAL OCCURRENCES
COLUMN 17 PEAK WIND IN M.P.H.
PRELIMINARY LOCAL CLIMATOLOGICAL DATA (WS FORM: F-6) , PAGE 2
STATION: OWENSBORO KY
MONTH: NOVEMBER
YEAR: 2020
LATITUDE: 37 45 N
LONGITUDE: 87 10 W
[TEMPERATURE DATA] [PRECIPITATION DATA] SYMBOLS USED IN COLUMN 16
AVERAGE MONTHLY: 51.3 TOTAL FOR MONTH: 2.19 1 = FOG OR MIST
DPTR FM NORMAL: 1.8 DPTR FM NORMAL: -1.87 2 = FOG REDUCING VISIBILITY
HIGHEST: 83 ON 8 GRTST 24HR 0.96 ON 25-25 TO 1/4 MILE OR LESS
LOWEST: 27 ON 2 3 = THUNDER
SNOW, ICE PELLETS, HAIL 4 = ICE PELLETS
TOTAL MONTH: M 5 = HAIL
GRTST 24HR M ON M 6 = FREEZING RAIN OR DRIZZLE
GRTST DEPTH: M ON M 7 = DUSTSTORM OR SANDSTORM:
VSBY 1/2 MILE OR LESS
8 = SMOKE OR HAZE
[NO. OF DAYS WITH] [WEATHER - DAYS WITH] 9 = BLOWING SNOW
X = TORNADO
MAX 32 OR BELOW: 0 0.01 INCH OR MORE: 8
MAX 90 OR ABOVE: 0 0.10 INCH OR MORE: 4
MIN 32 OR BELOW: 7 0.50 INCH OR MORE: 2
MIN 0 OR BELOW: 0 1.00 INCH OR MORE: 0
[HDD (BASE 65) ]
TOTAL THIS MO. 425 CLEAR (SCALE 0-3) 17
DPTR FM NORMAL -45 PTCLDY (SCALE 4-7) 7
TOTAL FM JUL 1 691 CLOUDY (SCALE 8-10) 6
DPTR FM NORMAL 8
[CDD (BASE 65) ]
TOTAL THIS MO. 17
DPTR FM NORMAL 11 [PRESSURE DATA]
TOTAL FM JAN 1 1574 HIGHEST SLP 30.65 ON 18
DPTR FM NORMAL -184 LOWEST SLP 29.58 ON 15
[REMARKS]
#FINAL-11-20#