000
CXUS53 KDDC 011610
CF6P28
PRELIMINARY LOCAL CLIMATOLOGICAL DATA (WS FORM: F-6)
STATION: MEDICINE LODGE KS
MONTH: JANUARY
YEAR: 2022
LATITUDE: 37 17 N
LONGITUDE: 98 35 W
TEMPERATURE IN F: :PCPN: SNOW: WIND :SUNSHINE: SKY :PK WND
================================================================================
1 2 3 4 5 6A 6B 7 8 9 10 11 12 13 14 15 16 17 18
12Z AVG MX 2MIN
DY MAX MIN AVG DEP HDD CDD WTR SNW DPTH SPD SPD DIR MIN PSBL S-S WX SPD DR
================================================================================
1 24 9 17 -16 48 0 0.08 T 0 19.6 29 360 M M 0 40 360
2 36 5 21 -12 44 0 0.00 0.0 0 6.9 23 350 M M 0 33 350
3 51 11 31 -2 34 0 0.00 0.0 0 5.9 15 160 M M 0 22 180
4 68 29 49 16 16 0 0.00 0.0 0 8.8 17 350 M M 0 27 350
5 41 18 30 -3 35 0 0.00 0.0 0 10.4 24 20 M M 0 34 20
6 19 8 14 -19 51 0 0.03 T T 11.7 25 360 M M 0 35 350
7 31 8 20 -14 45 0 0.00 0.0 0 9.2 20 160 M M 0 27 160
8 64 24 44 10 21 0 0.00 0.0 0 12.1 30 20 M M 0 44 10
9 39 16 28 -6 37 0 0.00 0.0 0 12.7 28 10 M M 0 41 10
10 57 11 34 0 31 0 0.00 0.0 0 4.1 10 180 M M 0 13 160
11 65 19 42 8 23 0 0.00 0.0 0 7.1 25 230 M M 0 39 210
12 64 18 41 7 24 0 0.00 0.0 0 5.2 15 320 M M 0 20 320
13 66 28 47 13 18 0 0.00 0.0 0 6.0 16 10 M M 0 23 10
14 58 29 44 10 21 0 0.01 0.0 0 14.6 46 360 M M 0 65 10
15 32 15 24 -10 41 0 0.00 0.0 0 20.4 36 340 M M 0 55 360
16 59 6 33 -1 32 0 0.00 0.0 0 4.2 17 10 M M 0 24 360
17 63 18 41 7 24 0 0.00 0.0 0 6.4 20 220 M M 0 27 220
18 60 22 41 7 24 0 0.00 0.0 0 2.8 9 130 M M 0 13 120
19 42 18 30 -4 35 0 0.00 0.0 0 21.7 35 10 M M 0 47 10
20 25 8 17 -17 48 0 0.00 0.0 0 8.4 23 20 M M 0 32 20
21 34 7 21 -13 44 0 0.00 0.0 0 7.6 17 180 M M 0 25 160
22 50 17 34 0 31 0 0.00 0.0 0 3.1 9 180 M M 0 13 190
23 60 19 40 6 25 0 0.00 0.0 0 4.3 17 230 M M 0 25 230
24 61 24 43 8 22 0 0.00 0.0 0 9.0 23 20 M M 0 31 30
25 38 20 29 -6 36 0 0.08 1.7 0 8.7 16 30 M M 0 24 30
26 29 12 21 -14 44 0 0.00 0.0 2 6.1 17 180 M M 0 22 170
27 46 9 28 -7 37 0 0.00 0.0 0 6.2 18 30 M M 0 26 360
28 50 17 34 -1 31 0 0.00 0.0 0 5.2 20 330 M M 0 26 330
29 65 13 39 4 26 0 0.00 0.0 0 5.2 15 310 M M 0 20 320
30 57 21 39 4 26 0 0.00 0.0 0 4.9 12 170 M M 0 17 170
31 69 17 43 8 22 0 0.00 0.0 0 7.2 21 190 M M 0 30 180
================================================================================
SM 1523 496 996 0 0.20 1.7 265.7 M 0
================================================================================
AV 49.1 16.0 8.6 FASTST M M 0 MAX(MPH)
MISC ----> 46 360 65 10
================================================================================
NOTES:
# LAST OF SEVERAL OCCURRENCES
COLUMN 17 PEAK WIND IN M.P.H.
PRELIMINARY LOCAL CLIMATOLOGICAL DATA (WS FORM: F-6) , PAGE 2
STATION: MEDICINE LODGE KS
MONTH: JANUARY
YEAR: 2022
LATITUDE: 37 17 N
LONGITUDE: 98 35 W
[TEMPERATURE DATA] [PRECIPITATION DATA] SYMBOLS USED IN COLUMN 16
AVERAGE MONTHLY: 32.6 TOTAL FOR MONTH: 0.20 1 = FOG OR MIST
DPTR FM NORMAL: -1.5 DPTR FM NORMAL: -0.60 2 = FOG REDUCING VISIBILITY
HIGHEST: 69 ON 31 GRTST 24HR 0.08 ON 1- 1 TO 1/4 MILE OR LESS
LOWEST: 5 ON 2 25-26 3 = THUNDER
SNOW, ICE PELLETS, HAIL 4 = ICE PELLETS
TOTAL MONTH: 1.7 INCHES 5 = HAIL
GRTST 24HR 1.7 ON 25-25 6 = FREEZING RAIN OR DRIZZLE
GRTST DEPTH: 2 ON 26 7 = DUSTSTORM OR SANDSTORM:
VSBY 1/2 MILE OR LESS
8 = SMOKE OR HAZE
[NO. OF DAYS WITH] [WEATHER - DAYS WITH] 9 = BLOWING SNOW
X = TORNADO
MAX 32 OR BELOW: 6 0.01 INCH OR MORE: 4
MAX 90 OR ABOVE: 0 0.10 INCH OR MORE: 0
MIN 32 OR BELOW: 31 0.50 INCH OR MORE: 0
MIN 0 OR BELOW: 0 1.00 INCH OR MORE: 0
[HDD (BASE 65) ]
TOTAL THIS MO. 996
DPTR FM NORMAL 38
TOTAL FM JUL 1 2275
DPTR FM NORMAL -456
[CDD (BASE 65) ]
TOTAL THIS MO. 0
DPTR FM NORMAL 0 [PRESSURE DATA]
TOTAL FM JAN 1 0 HIGHEST SLP 30.77 ON 20
DPTR FM NORMAL 0 LOWEST SLP 29.66 ON 8
[REMARKS]
#FINAL-01-22#