000
CXUS55 KRIW 011110
CF6P60
PRELIMINARY LOCAL CLIMATOLOGICAL DATA (WS FORM: F-6)
STATION: LAKE YELLOWSTONE WY
MONTH: FEBRUARY
YEAR: 2024
LATITUDE: 44 32 N
LONGITUDE: 110 25 W
TEMPERATURE IN F: :PCPN: SNOW: WIND :SUNSHINE: SKY :PK WND
================================================================================
1 2 3 4 5 6A 6B 7 8 9 10 11 12 13 14 15 16 17 18
12Z AVG MX 2MIN
DY MAX MIN AVG DEP HDD CDD WTR SNW DPTH SPD SPD DIR MIN PSBL S-S WX SPD DR
================================================================================
1 40 3 22 10 43 0 0.00 M M 0.3 6 100 M M 0 9 90
2 41 16 29 17 36 0 0.06 M M 0.3 7 310 M M 0 14 310
3 29 23 26 14 39 0 0.36 M M 0.8 6 280 M M 0 11 270
4 25 2 14 2 51 0 0.21 M M 1.2 8 280 M M 0 17 240
5 30 5 18 6 47 0 0.15 M M 0.1 6 310 M M 0 8 140
6 34 20 27 15 38 0 0.14 M M 0.3 5 250 M M 0 17 250
7 34 23 29 17 36 0 0.10 M M 1.5 9 270 M M 0 17 300
8 25 15 20 8 45 0 0.02 M M 1.7 8 260 M M 0 17 270
9 22 4 13 1 52 0 0.04 M M 0.3 6 90 M M 0 11 90
10 21 -4 9 -3 56 0 0.00 M M 1.3 9 290 M M 0 15 310
11 23 -4 10 -3 55 0 0.02 M M 0.9 6 100 M M 0 9 110
12 24 15 20 7 45 0 0.07 M M 1.7 10 260 M M 0 16 280
13 27 4 16 3 49 0 0.01 M M 1.3 9 280 M M 0 15 270
14 24 2 13 0 52 0 0.13 M M 1.6 14 260 M M 0 28 270
15 31 19 25 12 40 0 0.33 M M 2.5 13 280 M M 0 23 250
16 23 -10 7 -6 58 0 0.05 M M 1.1 9 310 M M 0 18 340
17 16 -26 -5 -19 70 0 0.00 M M 0.1 5 310 M M 0 6 120
18 22 -12 5 -9 60 0 0.04 M M 0.5 8 270 M M 0 13 220
19 33 22 28 14 37 0 0.01 M M 1.1 7 270 M M 0 16 250
20 36 23 30 16 35 0 0.02 M M 1.9 14 270 M M 0 25 280
21 30 6 18 4 47 0 0.00 M M 0.3 6 110 M M 0 9 100
22 32 17 25 10 40 0 0.01 M M 2.0 12 290 M M 0 19 280
23 32 -1 16 1 49 0 0.00 M M 2.0 16 280 M M 0 27 300
24 32 21 27 12 38 0 0.00 M M 5.5 14 250 M M 0 30 220
25 32 27 30 14 35 0 0.12 M M 5.9 13 250 M M 0 25 220
26 29 14 22 6 43 0 0.68 M M 6.2 14 290 M M 0 38 230
27 14 -10 2 -14 63 0 0.38 M M 3.0 15 290 M M 0 25 310
28 23 -5 9 -7 56 0 0.12 M M 3.3 12 240 M M 0 24 250
29 32 6 19 2 46 0 0.22 M M 1.3 7 99 M M 0 M M
================================================================================
SM 816 215 1361 0 3.29 M 50.0 M 0
================================================================================
AV 28.1 7.4 1.7 FASTST M M 0 MAX(MPH)
MISC ----> 16 280 38 230
================================================================================
NOTES:
# LAST OF SEVERAL OCCURRENCES
COLUMN 17 PEAK WIND IN M.P.H.
PRELIMINARY LOCAL CLIMATOLOGICAL DATA (WS FORM: F-6) , PAGE 2
STATION: LAKE YELLOWSTONE WY
MONTH: FEBRUARY
YEAR: 2024
LATITUDE: 44 32 N
LONGITUDE: 110 25 W
[TEMPERATURE DATA] [PRECIPITATION DATA] SYMBOLS USED IN COLUMN 16
AVERAGE MONTHLY: 17.8 TOTAL FOR MONTH: 3.29 1 = FOG OR MIST
DPTR FM NORMAL: 4.3 DPTR FM NORMAL: 1.59 2 = FOG REDUCING VISIBILITY
HIGHEST: 41 ON 2 GRTST 24HR 0.88 ON 26-27 TO 1/4 MILE OR LESS
LOWEST: -26 ON 17 3 = THUNDER
SNOW, ICE PELLETS, HAIL 4 = ICE PELLETS
TOTAL MONTH: M 5 = HAIL
GRTST 24HR M ON M 6 = FREEZING RAIN OR DRIZZLE
GRTST DEPTH: M ON M 7 = DUSTSTORM OR SANDSTORM:
VSBY 1/2 MILE OR LESS
8 = SMOKE OR HAZE
[NO. OF DAYS WITH] [WEATHER - DAYS WITH] 9 = BLOWING SNOW
X = TORNADO
MAX 32 OR BELOW: 23 0.01 INCH OR MORE: 23
MAX 90 OR ABOVE: 0 0.10 INCH OR MORE: 12
MIN 32 OR BELOW: 29 0.50 INCH OR MORE: 1
MIN 0 OR BELOW: 8 1.00 INCH OR MORE: 0
[HDD (BASE 65) ]
TOTAL THIS MO. 1361 CLEAR (SCALE 0-3) 29
DPTR FM NORMAL -81 PTCLDY (SCALE 4-7) 0
TOTAL FM JUL 1 7474 CLOUDY (SCALE 8-10) 0
DPTR FM NORMAL -824
[CDD (BASE 65) ]
TOTAL THIS MO. 0
DPTR FM NORMAL 0 [PRESSURE DATA]
TOTAL FM JAN 1 0 HIGHEST SLP 30.79 ON 17
DPTR FM NORMAL 0 LOWEST SLP 29.40 ON 7
[REMARKS]
#FINAL-02-24#