000
CXUS55 KRIW 011010
CF6P60
PRELIMINARY LOCAL CLIMATOLOGICAL DATA (WS FORM: F-6)
STATION: LAKE YELLOWSTONE WY
MONTH: JULY
YEAR: 2021
LATITUDE: 44 32 N
LONGITUDE: 110 25 W
TEMPERATURE IN F: :PCPN: SNOW: WIND :SUNSHINE: SKY :PK WND
================================================================================
1 2 3 4 5 6A 6B 7 8 9 10 11 12 13 14 15 16 17 18
12Z AVG MX 2MIN
DY MAX MIN AVG DEP HDD CDD WTR SNW DPTH SPD SPD DIR MIN PSBL S-S WX SPD DR
================================================================================
1 76 40 58 6 7 0 0.00 M M 2.3 13 270 M M 0 21 300
2 75 42 59 7 6 0 0.00 M M 2.1 9 270 M M 0 18 260
3 79 42 61 8 4 0 0.18 M M 1.4 6 99 M M 0 M M
4 80 45 63 10 2 0 0.44 M M 2.7 16 280 M M 0 31 280
5 64 43 54 1 11 0 0.10 M M 1.5 7 99 M M 0 M M
6 76 40 58 4 7 0 0.00 M M 2.1 16 300 M M 0 31 290
7 81 42 62 8 3 0 0.01 M M 1.8 7 99 M M 0 44 330
8 78 42 60 6 5 0 0.00 M M 3.9 16 270 M M 0 30 270
9 77 38 58 4 7 0 0.00 M M 4.4 18 280 M M 0 33 280
10 76 38 57 2 8 0 0.00 M M 2.8 7 99 M M 0 M M
11 81 38 60 5 5 0 0.00 M M 1.8 6 99 M M 0 17 210
12 83 43 63 8 2 0 0.00 M M 2.9 13 270 M M 0 24 270
13 77 43 60 4 5 0 0.00 M M 2.7 14 320 M M 0 25 330
14 75 40 58 2 7 0 0.00 M M 2.7 8 130 M M 0 14 110
15 77 41 59 3 6 0 0.04 M M 2.7 20 260 M M 0 37 280
16 78 42 60 4 5 0 0.00 M M 2.9 9 220 M M 0 20 240
17 81 39 60 4 5 0 0.00 M M 2.2 10 270 M M 0 20 240
18 80 42 61 5 4 0 0.00 M M 1.6 7 110 M M 0 13 130
19 86 43 65 9 0 0 0.00 M M 1.6 8 110 M M 0 32 160
20 77 49 63 6 2 0 0.20 M M 1.3 13 310 M M 0 22 330
21 78 45 62 5 3 0 0.00 M M 2.4 10 320 M M 0 19 180
22 75 48 62 5 3 0 0.04 M M 1.0 10 240 M M 0 27 220
23 75 41 58 1 7 0 0.00 M M 4.1 13 260 M M 0 25 260
24 81 39 60 3 5 0 0.00 M M 2.1 5 290 M M 0 20 99
25 82 41 62 5 3 0 0.00 M M 2.3 10 280 M M 0 20 280
26 82 40 61 4 4 0 0.00 M M 2.4 9 300 M M 0 18 340
27 84 42 63 6 2 0 0.00 M M 1.3 9 280 M M 0 16 270
28 72 53 63 6 2 0 0.15 M M 1.5 13 290 M M 0 24 260
29 72 49 61 4 4 0 0.13 M M 2.1 12 320 M M 0 22 340
30 77 44 61 4 4 0 0.00 M M 1.3 7 270 M M 0 15 90
31 71 49 60 3 5 0 0.23 M M 0.9 8 280 M M 0 3 13 230
================================================================================
SM 2406 1323 143 0 1.52 M 68.8 M 0
================================================================================
AV 77.6 42.7 2.2 FASTST M M 0 MAX(MPH)
MISC ----> 20 260 44 330
================================================================================
NOTES:
# LAST OF SEVERAL OCCURRENCES
COLUMN 17 PEAK WIND IN M.P.H.
PRELIMINARY LOCAL CLIMATOLOGICAL DATA (WS FORM: F-6) , PAGE 2
STATION: LAKE YELLOWSTONE WY
MONTH: JULY
YEAR: 2021
LATITUDE: 44 32 N
LONGITUDE: 110 25 W
[TEMPERATURE DATA] [PRECIPITATION DATA] SYMBOLS USED IN COLUMN 16
AVERAGE MONTHLY: 60.1 TOTAL FOR MONTH: 1.52 1 = FOG OR MIST
DPTR FM NORMAL: 4.6 DPTR FM NORMAL: 0.01 2 = FOG REDUCING VISIBILITY
HIGHEST: 86 ON 19 GRTST 24HR 0.54 ON 4- 5 TO 1/4 MILE OR LESS
LOWEST: 38 ON 11,10 3 = THUNDER
SNOW, ICE PELLETS, HAIL 4 = ICE PELLETS
TOTAL MONTH: M 5 = HAIL
GRTST 24HR M ON M 6 = FREEZING RAIN OR DRIZZLE
GRTST DEPTH: M ON M 7 = DUSTSTORM OR SANDSTORM:
VSBY 1/2 MILE OR LESS
8 = SMOKE OR HAZE
[NO. OF DAYS WITH] [WEATHER - DAYS WITH] 9 = BLOWING SNOW
X = TORNADO
MAX 32 OR BELOW: 0 0.01 INCH OR MORE: 10
MAX 90 OR ABOVE: 0 0.10 INCH OR MORE: 7
MIN 32 OR BELOW: 0 0.50 INCH OR MORE: 0
MIN 0 OR BELOW: 0 1.00 INCH OR MORE: 0
[HDD (BASE 65) ]
TOTAL THIS MO. 143 CLEAR (SCALE 0-3) 31
DPTR FM NORMAL -153 PTCLDY (SCALE 4-7) 0
TOTAL FM JUL 1 143 CLOUDY (SCALE 8-10) 0
DPTR FM NORMAL -151
[CDD (BASE 65) ]
TOTAL THIS MO. 0
DPTR FM NORMAL 0 [PRESSURE DATA]
TOTAL FM JAN 1 0 HIGHEST SLP 30.40 ON 31
DPTR FM NORMAL 0 LOWEST SLP 29.92 ON 8
[REMARKS]
#FINAL-07-21#