000
CXUS56 KLKN 161833
CF6P68
PRELIMINARY LOCAL CLIMATOLOGICAL DATA (WS FORM: F-6)
STATION: EUREKA AIRPORT NV
MONTH: MAY
YEAR: 2020
LATITUDE: 39 30 N
LONGITUDE: 115 58 W
TEMPERATURE IN F: :PCPN: SNOW: WIND :SUNSHINE: SKY :PK WND
================================================================================
1 2 3 4 5 6A 6B 7 8 9 10 11 12 13 14 15 16 17 18
12Z AVG MX 2MIN
DY MAX MIN AVG DEP HDD CDD WTR SNW DPTH SPD SPD DIR MIN PSBL S-S WX SPD DR
================================================================================
1 70 36 53 6 12 0 0.00 M M 6.4 17 300 M M M 24 300
2 76 36 56 8 9 0 0.00 M M 6.6 21 300 M M M 28 270
3 67 32 50 2 15 0 0.00 M M 8.5 24 280 M M M 32 280
4 68 27 48 0 17 0 0.00 M M 4.6 14 290 M M M 18 290
5 79 29 54 6 11 0 0.00 M M 7.1 26 220 M M M 35 230
6 74 35 55 6 10 0 0.00 M M 9.6 24 300 M M M 34 290
7 69 23 46 -3 19 0 0.00 M M 5.8 14 10 M M M 20 10
8 79 24 52 3 13 0 0.00 M M 5.8 22 40 M M M 26 40
9 81 27 54 4 11 0 0.00 M M 5.6 17 310 M M M 28 330
10 83 38 61 11 4 0 0.00 M M 6.9 28 210 M M M 44 190
11 79 40 60 10 5 0 0.00 M M 8.1 23 200 M M M 30 170
12 71 30 51 0 14 0 0.00 M M 6.6 22 310 M M M 27 310
13 66 35 51 0 14 0 0.00 M M 6.8 21 280 M M M 34 310
14 65 41 53 2 12 0 0.00 M M 6.0 20 320 M M M 27 300
15 68 36 52 0 13 0 0.00 M M 5.2 17 30 M M M 23 40
16 78 30 54 2 11 0 0.00 M M 7.7 23 190 M M M 30 190
17 82 57 70 18 0 5 0.00 M M 19.8 33 180 M M M 45 170
18 74 39 57 4 8 0 0.07 M M 20.1 38 170 M M M 54 160
19 50 37 44 -9 21 0 0.06 M M 8.8 26 250 M M M 33 260
20 57 32 45 -8 20 0 0.00 M M 11.2 23 290 M M M 32 260
21 71 28 50 -4 15 0 0.00 M M 9.4 25 260 M M M 33 270
22 66 30 48 -6 17 0 0.21 M M 9.6 30 350 M M M 37 350
23 57 23 40 -14 25 0 0.00 M M 7.4 18 30 M M M 22 30
24 67 28 48 -7 17 0 0.00 M M 8.0 21 30 M M M 27 350
25 75 33 54 -1 11 0 0.00 M M 7.1 17 10 M M M 21 10
26 86 43 65 10 0 0 0.00 M M 7.9 18 260 M M M 26 260
27 88 47 68 12 0 3 0.00 M M 6.5 20 300 M M M 28 310
28 89 47 68 12 0 3 0.00 M M 5.6 13 140 M M M 16 130
29 93 51 72 16 0 7 0.00 M M 10.0 29 170 M M M 42 150
30 87 46 67 11 0 2 0.00 M M 22.8 51 190 M M M 62 190
31 83 36 60 3 5 0 0.00 M M 7.4 28 180 M M M 36 180
================================================================================
SM 2298 1096 329 20 0.34 M 268.9 M M
================================================================================
AV 74.1 35.4 8.7 FASTST M M M MAX(MPH)
MISC ----> 51 190 62 190
================================================================================
NOTES:
# LAST OF SEVERAL OCCURRENCES
COLUMN 17 PEAK WIND IN M.P.H.
PRELIMINARY LOCAL CLIMATOLOGICAL DATA (WS FORM: F-6) , PAGE 2
STATION: EUREKA AIRPORT NV
MONTH: MAY
YEAR: 2020
LATITUDE: 39 30 N
LONGITUDE: 115 58 W
[TEMPERATURE DATA] [PRECIPITATION DATA] SYMBOLS USED IN COLUMN 16
AVERAGE MONTHLY: 54.7 TOTAL FOR MONTH: 0.34 1 = FOG OR MIST
DPTR FM NORMAL: 2.7 DPTR FM NORMAL: -0.82 2 = FOG REDUCING VISIBILITY
HIGHEST: 93 ON 29 GRTST 24HR 0.21 ON 22-22 TO 1/4 MILE OR LESS
LOWEST: 23 ON 23, 7 3 = THUNDER
SNOW, ICE PELLETS, HAIL 4 = ICE PELLETS
TOTAL MONTH: M 5 = HAIL
GRTST 24HR M ON M 6 = FREEZING RAIN OR DRIZZLE
GRTST DEPTH: M ON M 7 = DUSTSTORM OR SANDSTORM:
VSBY 1/2 MILE OR LESS
8 = SMOKE OR HAZE
[NO. OF DAYS WITH] [WEATHER - DAYS WITH] 9 = BLOWING SNOW
X = TORNADO
MAX 32 OR BELOW: 0 0.01 INCH OR MORE: 3
MAX 90 OR ABOVE: 1 0.10 INCH OR MORE: 1
MIN 32 OR BELOW: 13 0.50 INCH OR MORE: 0
MIN 0 OR BELOW: 0 1.00 INCH OR MORE: 0
[HDD (BASE 65) ]
TOTAL THIS MO. 329 CLEAR (SCALE 0-3) 0
DPTR FM NORMAL -78 PTCLDY (SCALE 4-7) 0
TOTAL FM JUL 1 6907 CLOUDY (SCALE 8-10) 31
DPTR FM NORMAL -108
[CDD (BASE 65) ]
TOTAL THIS MO. 20
DPTR FM NORMAL 16 [PRESSURE DATA]
TOTAL FM JAN 1 20 HIGHEST SLP M ON M
DPTR FM NORMAL 16 LOWEST SLP 29.47 ON 18
[REMARKS]
#FINAL-05-20#