000
CXUS54 KLZK 022257
CLSPBF
CLIMATE REPORT
NATIONAL WEATHER SERVICE LITTLE ROCK AR
457 PM CST WED DEC 02 2020
...................................
...THE PINE BLUFF CLIMATE SUMMARY FOR THE SEASON, FROM
9/1/2020 TO 11/30/2020...
CLIMATE NORMAL PERIOD 1981 TO 2010
CLIMATE RECORD PERIOD 1883 TO 2020
WEATHER OBSERVED NORMAL DEPART LAST YEAR`S
VALUE DATE(S) VALUE FROM VALUE DATE(S)
NORMAL
................................................................
TEMPERATURE (F)
RECORD
HIGH 110 09/06/1925
09/05/1925
LOW 14 11/29/1976
11/19/1903
HIGHEST 92 09/10 75 17 99 09/18
09/09
LOWEST 31 11/30 53 -22 19 11/13
AVG. MAXIMUM 73.7 74.8 -1.1 75.4
AVG. MINIMUM 52.7 52.3 0.4 52.8
MEAN 63.2 63.6 -0.4 64.1
DAYS MAX >= 90 5 9.1 -4.1 29
DAYS MAX <= 32 0 0.0 0.0 1
DAYS MIN <= 32 1 3.6 -2.6 11
DAYS MIN <= 0 0 0.0 0.0 0
PRECIPITATION (INCHES)
RECORD
MAXIMUM 26.25 1984
MINIMUM 2.01 2017
TOTALS 12.69 12.52 0.17 11.76
DAILY AVG. 0.14 0.14 0.00 0.13
DAYS >= .01 19 24.7 -5.7 21
DAYS >= .10 13 16
DAYS >= .50 6 10
DAYS >= 1.00 4 4.0 0.0 4
GREATEST
24 HR. TOTAL 3.59 10/09 TO 10/10
STORM TOTAL MM
(MM/DD(HH))
SNOWFALL (INCHES)
RECORDS
TOTAL 5.0 1929
24 HR TOTAL 5.0 11/22/1929 TO 11/22/1929
SNOW DEPTH 5 11/22/1929
TOTALS 0.0 0.0 0.0 T
LIQUID EQUIV 0.00 T 0.00 T
SINCE 7/1 0.0 0.0 0.0 MM
LIQUID 7/1 0.00 0.00 0.00 MM
SNOWDEPTH AVG. 0 0
DAYS >= TRACE 0 0.0 0.0 1
DAYS >= 1.0 0 0.0 0.0 0
GREATEST
SNOW DEPTH 0 0 MM
24 HR TOTAL 0.0 T 11/11 TO 11/11
DEGREE DAYS
HEATING TOTAL 481 504 -23 658
SINCE 7/1 481 504 -23 658
COOLING TOTAL 335 372 -37 596
SINCE 1/1 1507 2131 -624 2291
FREEZE DATES
RECORD
EARLIEST 10/10/2000
LATEST 04/25/1910
EARLIEST 11/30
LATEST 03/07
................................................................
WIND (MPH)
AVERAGE WIND SPEED 6.2
HIGHEST WIND SPEED/DIRECTION 35/300 DATE 11/15
HIGHEST GUST SPEED/DIRECTION 48/040 DATE 10/10
SKY COVER
POSSIBLE SUNSHINE (PERCENT) MM
AVERAGE SKY COVER 0.30
NUMBER OF DAYS FAIR 57
NUMBER OF DAYS PC 19
NUMBER OF DAYS CLOUDY 15
WEATHER CONDITIONS. NUMBER OF DAYS WITH
THUNDERSTORM 7 MIXED PRECIP 0
HEAVY RAIN 10 RAIN 12
LIGHT RAIN 26 FREEZING RAIN 0
LT FREEZING RAIN 0 HAIL 0
HEAVY SNOW 0 SLEET 0
FOG 56 FOG W/VIS <= 1/4 MILE 4
HAZE 19
- INDICATES NEGATIVE NUMBERS.
R INDICATES RECORD WAS SET OR TIED.
MM INDICATES DATA IS MISSING.
T INDICATES TRACE AMOUNT.
$$
57