000
CXUS51 KBTV 010700
CF6PBG
PRELIMINARY LOCAL CLIMATOLOGICAL DATA (WS FORM: F-6)
STATION: PLATTSBURGH NY
MONTH: APRIL
YEAR: 2023
LATITUDE: 44 39 N
LONGITUDE: 73 28 W
TEMPERATURE IN F: :PCPN: SNOW: WIND :SUNSHINE: SKY :PK WND
================================================================================
1 2 3 4 5 6A 6B 7 8 9 10 11 12 13 14 15 16 17 18
12Z AVG MX 2MIN
DY MAX MIN AVG DEP HDD CDD WTR SNW DPTH SPD SPD DIR MIN PSBL S-S WX SPD DR
================================================================================
1 69 34 52 16 13 0 0.18 M M 11.5 23 330 M M 6 1 33 310
2 38 23 31 -6 34 0 T M M 11.8 23 340 M M 2 32 320
3 52 21 37 0 28 0 T M M 6.5 24 160 M M 5 34 150
4 49 31 40 2 25 0 0.00 M M 6.9 17 350 M M 6 22 10
5 48 32 40 2 25 0 0.53 M M 12.0 24 150 M M 9 13 33 150
6 67 42 55 16 10 0 0.00 M M 6.3 17 160 M M 5 24 270
7 43 30 37 -2 28 0 0.00 M M 10.1 25 320 M M 1 37 270
8 45 25 35 -5 30 0 0.00 M M 7.8 18 340 M M 0 27 350
9 50 21 36 -4 29 0 0.00 M M 3.9 12 110 M M 0 14 100
10 69 23 46 5 19 0 0.00 M M 7.0 23 140 M M 0 28 150
11 72 55 64 23 1 0 0.00 M M 8.8 20 240 M M 2 36 250
12 64 41 53 11 12 0 0.00 M M 6.0 16 350 M M 3 26 350
13 89 38 64 22 1 0 0.00 M M 6.5 18 130 M M 1 25 130
14 72 50 61 18 4 0 0.00 M M 9.2 17 20 M M 0 22 20
15 81 41 61 18 4 0 0.00 M M 5.2 17 140 M M 0 23 150
16 81 45 63 19 2 0 0.00 M M 8.1 17 140 M M 0 23 180
17 62 45 54 10 11 0 1.21 M M 6.0 17 150 M M 9 1 24 150
18 51 40 46 1 19 0 0.01 M M 6.4 14 250 M M 10 23 230
19 48 36 42 -3 23 0 T M M 5.6 14 280 M M 10 1 20 280
20 49 36 43 -3 22 0 0.00 M M 6.6 17 100 M M 6 21 90
21 66 39 53 7 12 0 0.02 M M 5.4 14 140 M M 3 19 150
22 64 50 57 10 8 0 0.01 M M 15.8 28 150 M M 3 36 140
23 52 46 49 2 16 0 0.35 M M 6.4 14 160 M M 10 1 M M
24 M M M M M M 0.00 M M M M M M M M M M
25 51 33 42 -6 23 0 0.16 M M 3.1 17 220 M M 8 1 26 210
26 55 30 43 -6 22 0 0.11 M M 4.7 18 60 M M 5 12 25 300
27 56 34 45 -4 20 0 0.00 M M 3.5 12 10 M M 5 1 16 40
28 65 31 48 -2 17 0 0.00 M M 4.4 13 120 M M 0 18 150
29 56 47 52 2 13 0 0.14 M M 10.5 21 160 M M 5 26 170
30 56 45 51 1 14 0 0.33 M M 5.4 14 150 M M 10 1 19 150
================================================================================
SM 1720 1064 485 0 3.05 M 211.4 M 124
================================================================================
AV 59.3 36.7 7.3 FASTST M M 4 MAX(MPH)
MISC ----> 28 150 37 270
================================================================================
NOTES:
# LAST OF SEVERAL OCCURRENCES
COLUMN 17 PEAK WIND IN M.P.H.
PRELIMINARY LOCAL CLIMATOLOGICAL DATA (WS FORM: F-6) , PAGE 2
STATION: PLATTSBURGH NY
MONTH: APRIL
YEAR: 2023
LATITUDE: 44 39 N
LONGITUDE: 73 28 W
[TEMPERATURE DATA] [PRECIPITATION DATA] SYMBOLS USED IN COLUMN 16
AVERAGE MONTHLY: 48.0 TOTAL FOR MONTH: 3.05 1 = FOG OR MIST
DPTR FM NORMAL: 4.5 DPTR FM NORMAL: 0.50 2 = FOG REDUCING VISIBILITY
HIGHEST: 89 ON 13 GRTST 24HR 1.22 ON 17-18 TO 1/4 MILE OR LESS
LOWEST: 21 ON 9, 3 3 = THUNDER
SNOW, ICE PELLETS, HAIL 4 = ICE PELLETS
TOTAL MONTH: M 5 = HAIL
GRTST 24HR M ON M 6 = FREEZING RAIN OR DRIZZLE
GRTST DEPTH: M ON M 7 = DUSTSTORM OR SANDSTORM:
VSBY 1/2 MILE OR LESS
8 = SMOKE OR HAZE
[NO. OF DAYS WITH] [WEATHER - DAYS WITH] 9 = BLOWING SNOW
X = TORNADO
MAX 32 OR BELOW: 0 0.01 INCH OR MORE: 11
MAX 90 OR ABOVE: 0 0.10 INCH OR MORE: 8
MIN 32 OR BELOW: 10 0.50 INCH OR MORE: 2
MIN 0 OR BELOW: 0 1.00 INCH OR MORE: 1
[HDD (BASE 65) ]
TOTAL THIS MO. 485 CLEAR (SCALE 0-3) 14
DPTR FM NORMAL -161 PTCLDY (SCALE 4-7) 9
TOTAL FM JUL 1 6360 CLOUDY (SCALE 8-10) 7
DPTR FM NORMAL -811
[CDD (BASE 65) ]
TOTAL THIS MO. 0
DPTR FM NORMAL -1 [PRESSURE DATA]
TOTAL FM JAN 1 0 HIGHEST SLP M ON M
DPTR FM NORMAL -1 LOWEST SLP 29.17 ON 1
[REMARKS]
#FINAL-04-23#