000
CXUS51 KBTV 010700
CF6PBG
PRELIMINARY LOCAL CLIMATOLOGICAL DATA (WS FORM: F-6)
STATION: PLATTSBURGH NY
MONTH: MARCH
YEAR: 2020
LATITUDE: 44 39 N
LONGITUDE: 73 28 W
TEMPERATURE IN F: :PCPN: SNOW: WIND :SUNSHINE: SKY :PK WND
================================================================================
1 2 3 4 5 6A 6B 7 8 9 10 11 12 13 14 15 16 17 18
12Z AVG MX 2MIN
DY MAX MIN AVG DEP HDD CDD WTR SNW DPTH SPD SPD DIR MIN PSBL S-S WX SPD DR
================================================================================
1 25 10 18 -8 47 0 0.00 M M 2.8 13 330 M M 5 18 330
2 43 14 29 3 36 0 0.04 M M 4.4 20 160 M M 9 1 25 170
3 48 31 40 14 25 0 0.11 M M 2.0 8 340 M M 8 12 9 30
4 44 33 39 12 26 0 0.01 M M 7.9 18 320 M M 9 1 33 280
5 45 29 37 10 28 0 0.00 M M 6.5 13 40 M M 3 22 310
6 37 26 32 5 33 0 T M M 13.1 28 360 M M 7 35 360
7 32 19 26 -2 39 0 0.00 M M 10.5 26 350 M M 1 34 360
8 44 30 37 9 28 0 0.00 M M 5.9 18 140 M M 6 21 140
9 67 37 52 24 13 0 T M M 6.0 18 130 M M 3 28 80
10 54 36 45 16 20 0 0.06 M M 4.3 15 300 M M 9 1 23 330
11 36 26 31 2 34 0 T M M 5.7 14 30 M M 4 18 350
12 45 27 36 7 29 0 0.00 M M 5.5 17 170 M M 9 22 160
13 54 39 47 17 18 0 0.10 M M 14.2 25 170 M M 7 1 40 250
14 47 33 40 10 25 0 0.00 M M 11.4 21 320 M M 2 35 250
15 33 15 24 -6 41 0 T M M 11.4 22 40 M M 3 27 40
16 39 15 27 -3 38 0 0.00 M M 9.5 18 140 M M 1 24 130
17 46 33 40 9 25 0 T M M 9.6 20 170 M M 9 29 180
18 42 28 35 4 30 0 0.00 M M 5.1 13 10 M M 2 16 140
19 50 31 41 10 24 0 0.00 M M 9.5 23 150 M M 7 29 130
20 68 34 51 19 14 0 0.06 M M 12.4 18 150 M M 7 44 260
21 34 21 28 -4 37 0 0.00 M M 12.1 21 350 M M 1 33 300
22 31 16 24 -8 41 0 0.00 M M 5.6 14 40 M M 0 19 70
23 38 17 28 -5 37 0 0.18 M M 8.8 24 150 M M 7 1 33 150
24 40 24 32 -1 33 0 T M M 2.4 8 160 M M 7 1 9 160
25 45 21 33 0 32 0 0.00 M M 5.8 18 140 M M 5 12 24 130
26 54 28 41 7 24 0 0.04 M M 7.4 22 150 M M 7 26 150
27 54 29 42 8 23 0 0.00 M M 5.5 17 340 M M 2 23 330
28 50 22 36 2 29 0 0.00 M M 3.7 10 140 M M 2 13 130
29 45 39 42 7 23 0 0.71 M M 11.3 25 150 M M 10 13 38 170
30 44 38 41 6 24 0 0.20 M M 10.4 21 140 M M 9 1 26 160
31 48 31 40 4 25 0 0.03 M M 9.9 22 10 M M 5 25 10
================================================================================
SM 1382 832 901 0 1.54 M 240.6 M 166
================================================================================
AV 44.6 26.8 7.8 FASTST M M 5 MAX(MPH)
MISC ----> 28 360 44 260
================================================================================
NOTES:
# LAST OF SEVERAL OCCURRENCES
COLUMN 17 PEAK WIND IN M.P.H.
PRELIMINARY LOCAL CLIMATOLOGICAL DATA (WS FORM: F-6) , PAGE 2
STATION: PLATTSBURGH NY
MONTH: MARCH
YEAR: 2020
LATITUDE: 44 39 N
LONGITUDE: 73 28 W
[TEMPERATURE DATA] [PRECIPITATION DATA] SYMBOLS USED IN COLUMN 16
AVERAGE MONTHLY: 35.7 TOTAL FOR MONTH: 1.54 1 = FOG OR MIST
DPTR FM NORMAL: 5.2 DPTR FM NORMAL: M 2 = FOG REDUCING VISIBILITY
HIGHEST: 68 ON 20 GRTST 24HR 0.71 ON 29-29 TO 1/4 MILE OR LESS
LOWEST: 10 ON 1 3 = THUNDER
SNOW, ICE PELLETS, HAIL 4 = ICE PELLETS
TOTAL MONTH: M 5 = HAIL
GRTST 24HR M ON M 6 = FREEZING RAIN OR DRIZZLE
GRTST DEPTH: M ON M 7 = DUSTSTORM OR SANDSTORM:
VSBY 1/2 MILE OR LESS
8 = SMOKE OR HAZE
[NO. OF DAYS WITH] [WEATHER - DAYS WITH] 9 = BLOWING SNOW
X = TORNADO
MAX 32 OR BELOW: 3 0.01 INCH OR MORE: 11
MAX 90 OR ABOVE: 0 0.10 INCH OR MORE: 5
MIN 32 OR BELOW: 22 0.50 INCH OR MORE: 1
MIN 0 OR BELOW: 0 1.00 INCH OR MORE: 0
[HDD (BASE 65) ]
TOTAL THIS MO. 901 CLEAR (SCALE 0-3) 9
DPTR FM NORMAL -170 PTCLDY (SCALE 4-7) 15
TOTAL FM JUL 1 6257 CLOUDY (SCALE 8-10) 7
DPTR FM NORMAL -425
[CDD (BASE 65) ]
TOTAL THIS MO. 0
DPTR FM NORMAL 0 [PRESSURE DATA]
TOTAL FM JAN 1 0 HIGHEST SLP M ON M
DPTR FM NORMAL 0 LOWEST SLP 29.24 ON 3
[REMARKS]
#FINAL-03-20#