000
CXUS53 KARX 100607
CF6PDC
PRELIMINARY LOCAL CLIMATOLOGICAL DATA (WS FORM: F-6)
STATION: PRAIRIE_DU_CHIEN_MUN
MONTH: AUGUST
YEAR: 2021
LATITUDE: 43 1 N
LONGITUDE: 91 7 W
TEMPERATURE IN F: :PCPN: SNOW: WIND :SUNSHINE: SKY :PK WND
================================================================================
1 2 3 4 5 6A 6B 7 8 9 10 11 12 13 14 15 16 17 18
12Z AVG MX 2MIN
DY MAX MIN AVG DEP HDD CDD WTR SNW DPTH SPD SPD DIR MIN PSBL S-S WX SPD DR
================================================================================
1 76 57 67 M 0 2 0.00 0.0 0 4.9 10 350 M M 2 1 20 350
2 77 54 66 M 0 1 0.00 0.0 0 2.1 10 10 M M 1 M M
3 81 56 69 M 0 4 0.00 0.0 0 1.4 6 250 M M 3 1 M M
4 83 58 71 M 0 6 0.00 0.0 0 1.5 6 140 M M 2 1 M M
5 72 63 68 M 0 3 0.05 0.0 0 3.9 9 220 M M 7 17 200
6 87 66 77 M 0 12 0.00 0.0 0 2.3 7 230 M M 3 1 M M
7 86 65 76 M 0 11 T 0.0 0 5.0 13 180 M M 3 1 17 100
8 83 70 77 M 0 12 0.00 0.0 0 5.3 14 220 M M 3 20 220
9 83 68 76 M 0 11 0.51 0.0 0 2.9 10 320 M M 6 M M
10 90 67 79 M 0 14 T 0.0 0 4.6 21 280 M M 4 37 280
11 90 66 78 M 0 13 0.00 0.0 0 6.9 14 280 M M 5 21 250
12 89 60 75 M 0 10 0.00 0.0 0 4.2 10 340 M M 1 22 310
13 82 57 70 M 0 5 0.00 0.0 0 3.7 10 300 M M 1 18 280
14 82 52 67 M 0 2 0.00 0.0 0 1.7 6 280 M M 1 12 M M
15 81 55 68 M 0 3 0.00 0.0 0 3.4 8 120 M M 0 1 M M
16 81 55 68 M 0 3 0.00 0.0 0 3.6 8 120 M M 2 12 M M
17 84 58 71 M 0 6 0.00 0.0 0 3.0 8 200 M M 0 M M
18 87 61 74 M 0 9 0.00 0.0 0 2.6 6 190 M M 3 12 M M
19 89 61 75 M 0 10 0.00 0.0 0 2.2 6 130 M M 1 1 M M
20 88 63 76 M 0 11 0.00 0.0 0 5.5 12 150 M M 1 21 150
21 82 60 71 M 0 6 0.67 0.0 0 6.1 13 290 M M 4 18 260
22 79 54 67 M 0 2 0.00 0.0 0 3.1 9 90 M M 0 10 40
23 86 62 74 M 0 9 0.41 0.0 0 3.4 8 240 M M 4 M M
24 85 68 77 M 0 12 0.40 0.0 0 5.6 27 260 M M 4 32 260
25 82 67 75 M 0 10 0.00 0.0 0 2.7 13 300 M M 5 2 17 300
26 82 67 75 M 0 10 0.17 0.0 0 3.2 12 100 M M 6 12 M M
27 88 68 78 M 0 13 2.33 0.0 0 5.3 18 50 M M 4 41 50
28 88 67 78 M 0 13 1.17 0.0 0 4.2 10 100 M M 3 17 110
29 83 62 73 M 0 8 0.02 0.0 0 6.3 13 250 M M 2 29 220
30 81 58 70 M 0 5 0.00 0.0 0 1.1 6 40 M M 1 1 M M
31 75 60 68 M 0 3 0.00 0.0 0 2.0 7 70 M M 3 M M
================================================================================
SM 2582 1905 0 239 5.73 0.0 113.7 M 85
================================================================================
AV 83.3 61.5 3.7 FASTST M M 3 MAX(MPH)
MISC ----> 27 260 41 50
================================================================================
NOTES:
# LAST OF SEVERAL OCCURRENCES
COLUMN 17 PEAK WIND IN M.P.H.
PRELIMINARY LOCAL CLIMATOLOGICAL DATA (WS FORM: F-6) , PAGE 2
STATION: PRAIRIE_DU_CHIEN_MUN
MONTH: AUGUST
YEAR: 2021
LATITUDE: 43 1 N
LONGITUDE: 91 7 W
[TEMPERATURE DATA] [PRECIPITATION DATA] SYMBOLS USED IN COLUMN 16
AVERAGE MONTHLY: 72.4 TOTAL FOR MONTH: 5.73 1 = FOG OR MIST
DPTR FM NORMAL: 0.0 DPTR FM NORMAL: M 2 = FOG REDUCING VISIBILITY
HIGHEST: 90 ON 11,10 GRTST 24HR 2.33 ON 27-27 TO 1/4 MILE OR LESS
LOWEST: 52 ON 14 3 = THUNDER
SNOW, ICE PELLETS, HAIL 4 = ICE PELLETS
TOTAL MONTH: 0.0 INCH 5 = HAIL
GRTST 24HR 0.0 6 = FREEZING RAIN OR DRIZZLE
GRTST DEPTH: 0 7 = DUSTSTORM OR SANDSTORM:
VSBY 1/2 MILE OR LESS
8 = SMOKE OR HAZE
[NO. OF DAYS WITH] [WEATHER - DAYS WITH] 9 = BLOWING SNOW
X = TORNADO
MAX 32 OR BELOW: 0 0.01 INCH OR MORE: 9
MAX 90 OR ABOVE: 2 0.10 INCH OR MORE: 7
MIN 32 OR BELOW: 0 0.50 INCH OR MORE: 4
MIN 0 OR BELOW: 0 1.00 INCH OR MORE: 2
[HDD (BASE 65) ]
TOTAL THIS MO. 0 CLEAR (SCALE 0-3) 18
DPTR FM NORMAL M PTCLDY (SCALE 4-7) 13
TOTAL FM JUL 1 0 CLOUDY (SCALE 8-10) 0
DPTR FM NORMAL M
[CDD (BASE 65) ]
TOTAL THIS MO. 239
DPTR FM NORMAL M [PRESSURE DATA]
TOTAL FM JAN 1 854 HIGHEST SLP M ON M
DPTR FM NORMAL M LOWEST SLP M ON M
[REMARKS]
#FINAL-08-21#