000
CXUS53 KARX 010930
CF6PDC
PRELIMINARY LOCAL CLIMATOLOGICAL DATA (WS FORM: F-6)
STATION: PRAIRIE_DU_CHIEN_MUN
MONTH: MAY
YEAR: 2020
LATITUDE: 43 1 N
LONGITUDE: 91 7 W
TEMPERATURE IN F: :PCPN: SNOW: WIND :SUNSHINE: SKY :PK WND
================================================================================
1 2 3 4 5 6A 6B 7 8 9 10 11 12 13 14 15 16 17 18
12Z AVG MX 2MIN
DY MAX MIN AVG DEP HDD CDD WTR SNW DPTH SPD SPD DIR MIN PSBL S-S WX SPD DR
================================================================================
1 74 38 56 M 9 0 0.00 0.0 0 7.1 14 130 M M 1 22 140
2 75 54 65 M 0 0 0.00 0.0 0 8.2 18 290 M M 1 27 270
3 76 42 59 M 6 0 0.00 0.0 0 6.5 16 280 M M 0 23 300
4 59 42 51 M 14 0 0.00 0.0 0 6.2 13 90 M M 1 17 90
5 50 38 44 M 21 0 0.26 0.0 0 5.0 9 30 M M 9 M M
6 64 40 52 M 13 0 0.00 0.0 0 5.2 10 280 M M 3 M M
7 65 39 52 M 13 0 0.00 0.0 0 8.2 20 310 M M 0 28 280
8 50 31 41 M 24 0 0.00 0.0 0 9.2 17 360 M M 0 27 360
9 66 27 47 M 18 0 0.00 0.0 0 7.6 21 270 M M 4 28 270
10 49 38 44 M 21 0 0.06 0.0 0 10.5 22 330 M M 10 28 320
11 54 35 45 M 20 0 0.00 0.0 0 7.3 15 280 M M 5 18 250
12 61 30 46 M 19 0 0.00 0.0 0 1.3 5 300 M M 0 M M
13 65 39 52 M 13 0 0.44 0.0 0 8.3 18 130 M M 5 27 130
14 68 53 61 M 4 0 0.41 0.0 0 2.7 8 140 M M 9 1 M M
15 72 50 61 M 4 0 0.00 0.0 0 3.9 9 330 M M 2 12 M M
16 73 49 61 M 4 0 0.06 0.0 0 8.9 14 90 M M 4 25 100
17 57 52 55 M 10 0 0.21 0.0 0 8.9 15 80 M M 10 1 23 80
18 57 50 54 M 11 0 0.10 0.0 0 8.0 13 30 M M 10 1 21 30
19 60 50 55 M 10 0 0.00 0.0 0 7.0 12 70 M M 10 1 16 40
20 73 54 64 M 1 0 0.00 0.0 0 6.3 13 110 M M 7 18 90
21 64 56 60 M 5 0 0.00 0.0 0 4.2 10 110 M M 10 18 M M
22 70 57 64 M 1 0 0.00 0.0 0 3.9 8 90 M M 10 1 M M
23 71 61 66 M 0 1 0.79 0.0 0 5.9 15 80 M M 10 18 80
24 79 59 69 M 0 4 0.00 0.0 0 2.9 10 140 M M 5 12 M M
25 85 65 75 M 0 10 0.06 0.0 0 4.4 14 170 M M 4 1 18 170
26 86 64 75 M 0 10 0.23 0.0 0 5.9 10 120 M M 3 18 170
27 83 69 76 M 0 11 0.11 0.0 0 4.2 10 200 M M 6 M M
28 70 56 63 M 2 0 0.83 0.0 0 2.4 12 350 M M 7 21 350
29 68 50 59 M 6 0 0.00 0.0 0 8.0 16 290 M M 4 20 310
30 71 48 60 M 5 0 0.00 0.0 0 5.0 15 300 M M 2 20 330
31 73 44 59 M 6 0 0.00 0.0 0 3.7 7 110 M M 1 M M
================================================================================
SM 2088 1480 260 36 3.56 0.0 186.8 M 153
================================================================================
AV 67.4 47.7 6.0 FASTST M M 5 MAX(MPH)
MISC ----> # 22 330 # 28 280
================================================================================
NOTES:
# LAST OF SEVERAL OCCURRENCES
COLUMN 17 PEAK WIND IN M.P.H.
PRELIMINARY LOCAL CLIMATOLOGICAL DATA (WS FORM: F-6) , PAGE 2
STATION: PRAIRIE_DU_CHIEN_MUN
MONTH: MAY
YEAR: 2020
LATITUDE: 43 1 N
LONGITUDE: 91 7 W
[TEMPERATURE DATA] [PRECIPITATION DATA] SYMBOLS USED IN COLUMN 16
AVERAGE MONTHLY: 57.6 TOTAL FOR MONTH: 3.56 1 = FOG OR MIST
DPTR FM NORMAL: M DPTR FM NORMAL: M 2 = FOG REDUCING VISIBILITY
HIGHEST: 86 ON 26 GRTST 24HR 0.83 ON 28-28 TO 1/4 MILE OR LESS
LOWEST: 27 ON 9 3 = THUNDER
SNOW, ICE PELLETS, HAIL 4 = ICE PELLETS
TOTAL MONTH: 0.0 INCH 5 = HAIL
GRTST 24HR 0.0 6 = FREEZING RAIN OR DRIZZLE
GRTST DEPTH: 0 7 = DUSTSTORM OR SANDSTORM:
VSBY 1/2 MILE OR LESS
8 = SMOKE OR HAZE
[NO. OF DAYS WITH] [WEATHER - DAYS WITH] 9 = BLOWING SNOW
X = TORNADO
MAX 32 OR BELOW: 0 0.01 INCH OR MORE: 12
MAX 90 OR ABOVE: 0 0.10 INCH OR MORE: 9
MIN 32 OR BELOW: 3 0.50 INCH OR MORE: 2
MIN 0 OR BELOW: 0 1.00 INCH OR MORE: 0
[HDD (BASE 65) ]
TOTAL THIS MO. 260 CLEAR (SCALE 0-3) 11
DPTR FM NORMAL M PTCLDY (SCALE 4-7) 11
TOTAL FM JUL 1 6702 CLOUDY (SCALE 8-10) 9
DPTR FM NORMAL M
[CDD (BASE 65) ]
TOTAL THIS MO. 36
DPTR FM NORMAL M [PRESSURE DATA]
TOTAL FM JAN 1 36 HIGHEST SLP M ON M
DPTR FM NORMAL M LOWEST SLP M ON M
[REMARKS]
#FINAL-05-20#