000
CXUS53 KARX 011000
CF6PDC
PRELIMINARY LOCAL CLIMATOLOGICAL DATA (WS FORM: F-6)
STATION: PRAIRIE_DU_CHIEN_MUN
MONTH: NOVEMBER
YEAR: 2023
LATITUDE: 43 1 N
LONGITUDE: 91 7 W
TEMPERATURE IN F: :PCPN: SNOW: WIND :SUNSHINE: SKY :PK WND
================================================================================
1 2 3 4 5 6A 6B 7 8 9 10 11 12 13 14 15 16 17 18
12Z AVG MX 2MIN
DY MAX MIN AVG DEP HDD CDD WTR SNW DPTH SPD SPD DIR MIN PSBL S-S WX SPD DR
================================================================================
1 38 21 30 M 35 0 0.00 0.0 M 2.6 9 190 M M 4 20 0
2 54 27 41 M 24 0 0.00 0.0 0 1.2 8 250 M M 0 16 220
3 51 35 43 M 22 0 0.00 0.0 0 0.0 M M M M 5 M M
4 56 33 45 M 20 0 0.00 0.0 0 0.0 M M M M 3 18 M M
5 60 31 46 M 19 0 0.00 0.0 0 3.9 10 170 M M 5 1 20 150
6 66 44 55 M 10 0 0.00 0.0 0 10.4 18 290 M M 1 27 190
7 51 36 44 M 21 0 0.00 0.0 0 5.1 17 100 M M 3 27 100
8 50 43 47 M 18 0 0.15 0.0 0 3.9 13 290 M M 8 1 22 290
9 54 32 43 M 22 0 0.00 0.0 0 7.1 18 280 M M 2 27 310
10 43 28 36 M 29 0 0.00 0.0 0 6.4 14 290 M M 7 21 300
11 46 25 36 M 29 0 0.00 0.0 0 2.5 8 150 M M 7 18 130
12 62 43 53 M 12 0 0.00 0.0 0 6.9 14 210 M M 3 21 180
13 61 30 46 M 19 0 0.00 0.0 0 3.4 10 300 M M 0 M M
14 63 26 45 M 20 0 M 0.0 0 4.9 15 190 M M 0 20 190
15 64 38 51 M 14 0 0.00 0.0 0 0.5 7 210 M M 1 M M
16 66 37 52 M 13 0 0.00 0.0 0 7.7 23 210 M M 3 32 210
17 50 27 39 M 26 0 0.00 0.0 0 5.7 17 320 M M 1 23 320
18 58 26 42 M 23 0 0.00 0.0 0 2.0 10 260 M M 0 8 17 260
19 55 28 42 M 23 0 0.00 0.0 0 0.9 8 100 M M 0 M M
20 48 37 43 M 22 0 M 0.0 0 6.8 14 80 M M 8 20 30
21 49 35 42 M 23 0 0.07 0.0 0 7.3 15 310 M M 7 21 320
22 44 26 35 M 30 0 0.00 0.0 0 3.9 12 310 M M 0 21 310
23 41 26 34 M 31 0 0.00 0.0 0 6.3 13 320 M M 0 18 340
24 30 19 25 M 40 0 0.00 0.0 0 2.7 10 320 M M 0 M M
25 33 20 27 M 38 0 M M 0 0.2 6 200 M M 9 M M
26 30 26 28 M 37 0 M M M 8.0 23 300 M M 8 29 300
27 26 17 22 M 43 0 M M 0 14.2 22 280 M M 6 28 280
28 23 7 15 M 50 0 0.00 0.0 0 4.1 14 310 M M 1 18 310
29 46 16 31 M 34 0 0.00 0.0 M 0.9 7 280 M M 0 M M
30 46 24 35 M 30 0 0.00 0.0 0 1.5 9 310 M M 0 M M
================================================================================
SM 1464 863 777 0 0.22 0.0 131.0 M 92
================================================================================
AV 48.8 28.8 4.4 FASTST M M 3 MAX(MPH)
MISC ----> # 23 210 32 210
================================================================================
NOTES:
# LAST OF SEVERAL OCCURRENCES
COLUMN 17 PEAK WIND IN M.P.H.
PRELIMINARY LOCAL CLIMATOLOGICAL DATA (WS FORM: F-6) , PAGE 2
STATION: PRAIRIE_DU_CHIEN_MUN
MONTH: NOVEMBER
YEAR: 2023
LATITUDE: 43 1 N
LONGITUDE: 91 7 W
[TEMPERATURE DATA] [PRECIPITATION DATA] SYMBOLS USED IN COLUMN 16
AVERAGE MONTHLY: 38.8 TOTAL FOR MONTH: 0.22 1 = FOG OR MIST
DPTR FM NORMAL: 0.0 DPTR FM NORMAL: M 2 = FOG REDUCING VISIBILITY
HIGHEST: 66 ON 16, 6 GRTST 24HR 0.15 ON 8- 8 TO 1/4 MILE OR LESS
LOWEST: 7 ON 28 3 = THUNDER
SNOW, ICE PELLETS, HAIL 4 = ICE PELLETS
TOTAL MONTH: 0.0 INCH 5 = HAIL
GRTST 24HR 0.0 6 = FREEZING RAIN OR DRIZZLE
GRTST DEPTH: 0 7 = DUSTSTORM OR SANDSTORM:
VSBY 1/2 MILE OR LESS
8 = SMOKE OR HAZE
[NO. OF DAYS WITH] [WEATHER - DAYS WITH] 9 = BLOWING SNOW
X = TORNADO
MAX 32 OR BELOW: 4 0.01 INCH OR MORE: 2
MAX 90 OR ABOVE: 0 0.10 INCH OR MORE: 1
MIN 32 OR BELOW: 20 0.50 INCH OR MORE: 0
MIN 0 OR BELOW: 0 1.00 INCH OR MORE: 0
[HDD (BASE 65) ]
TOTAL THIS MO. 777 CLEAR (SCALE 0-3) 17
DPTR FM NORMAL M PTCLDY (SCALE 4-7) 11
TOTAL FM JUL 1 1218 CLOUDY (SCALE 8-10) 2
DPTR FM NORMAL M
[CDD (BASE 65) ]
TOTAL THIS MO. 0
DPTR FM NORMAL M [PRESSURE DATA]
TOTAL FM JAN 1 849 HIGHEST SLP M ON M
DPTR FM NORMAL M LOWEST SLP M ON M
[REMARKS]
#FINAL-11-23#