000
CXUS56 KPQR 011301
CF6PDX
PRELIMINARY LOCAL CLIMATOLOGICAL DATA (WS FORM: F-6)
STATION: PORTLAND OR
MONTH: DECEMBER
YEAR: 2022
LATITUDE: 45 35 N
LONGITUDE: 122 36 W
TEMPERATURE IN F: :PCPN: SNOW: WIND :SUNSHINE: SKY :PK WND
================================================================================
1 2 3 4 5 6A 6B 7 8 9 10 11 12 13 14 15 16 17 18
12Z AVG MX 2MIN
DY MAX MIN AVG DEP HDD CDD WTR SNW DPTH SPD SPD DIR MIN PSBL S-S WX SPD DR
================================================================================
1 43 35 39 -5 26 0 T T 0 8.8 18 200 M M 7 23 210
2 44 36 40 -3 25 0 0.03 0.0 0 12.8 21 110 M M 9 26 120
3 46 38 42 -1 23 0 0.00 0.0 0 17.8 29 80 M M 6 40 100
4 41 34 38 -5 27 0 0.14 0.1 0 13.0 30 90 M M 9 1 40 80
5 44 30 37 -6 28 0 T 0.0 0 3.5 13 110 M M 6 18 17 110
6 43 36 40 -2 25 0 T 0.0 0 2.0 9 110 M M 10 18 10 110
7 42 38 40 -2 25 0 T 0.0 0 6.4 20 110 M M 9 18 25 110
8 42 35 39 -3 26 0 0.36 0.0 0 11.6 20 110 M M 10 1 25 120
9 44 40 42 0 23 0 0.76 0.0 0 12.4 25 110 M M 10 1 31 100
10 47 42 45 3 20 0 0.54 0.0 0 10.5 20 120 M M 10 1 23 120
11 46 39 43 1 22 0 T 0.0 0 1.5 10 110 M M 9 13 110
12 48 34 41 -1 24 0 0.00 0.0 0 3.6 10 320 M M 8 1 13 320
13 41 30 36 -6 29 0 0.00 0.0 0 0.9 6 100 M M 9 128 9 310
14 48 32 40 -1 25 0 0.00 0.0 0 2.8 9 290 M M 5 18 12 290
15 45 27 36 -5 29 0 0.00 0.0 0 2.1 12 110 M M 2 12 14 110
16 43 28 36 -5 29 0 0.00 0.0 0 4.6 15 110 M M 2 17 110
17 41 25 33 -8 32 0 T 0.0 0 3.2 10 120 M M 5 12 15 110
18 45 35 40 -1 25 0 0.02 0.0 0 6.5 17 200 M M 8 8 21 200
19 43 35 39 -2 26 0 T 0.0 0 3.2 13 120 M M 10 15 130
20 49 34 42 1 23 0 0.17 0.0 0 10.6 23 210 M M 10 1 29 210
21 42 25 34 -7 31 0 0.00 0.0 0 9.5 26 100 M M 6 34 100
22 25 20 23 -18 42 0 0.05 T 0 28.5 38 100 M M 8 469 48 100
23 29 20 25 -16 40 0 0.16 0.1 T 12.4 25 110 M M 10 168 34 100
24 35 29 32 -9 33 0 0.72 0.0 T 10.4 25 110 M M 10 168 34 100
25 43 33 38 -3 27 0 0.55 0.0 0 8.2 20 120 M M 9 1 24 120
26 46 39 43 2 22 0 2.12 0.0 0 13.6 25 110 M M 10 1 31 110
27 55 44 50 9 15 0 1.21 0.0 0 16.0 36 220 M M 10 18 48 170
28 49 42 46 5 19 0 T 0.0 0 7.3 13 110 M M 8 17 200
29 45 42 44 3 21 0 0.53 0.0 0 11.6 24 110 M M 10 18 28 120
30 55 42 49 8 16 0 0.30 0.0 0 9.0 17 210 M M 10 1 22 210
31 50 39 45 4 20 0 0.10 0.0 0 3.8 12 180 M M 9 12 16 200
================================================================================
SM 1359 1058 798 0 7.76 0.2 268.1 M 254
================================================================================
AV 43.8 34.1 8.6 FASTST M M 8 MAX(MPH)
MISC ----> 38 100 # 48 100
================================================================================
NOTES:
# LAST OF SEVERAL OCCURRENCES
COLUMN 17 PEAK WIND IN M.P.H.
PRELIMINARY LOCAL CLIMATOLOGICAL DATA (WS FORM: F-6) , PAGE 2
STATION: PORTLAND OR
MONTH: DECEMBER
YEAR: 2022
LATITUDE: 45 35 N
LONGITUDE: 122 36 W
[TEMPERATURE DATA] [PRECIPITATION DATA] SYMBOLS USED IN COLUMN 16
AVERAGE MONTHLY: 39.0 TOTAL FOR MONTH: 7.76 1 = FOG OR MIST
DPTR FM NORMAL: -2.6 DPTR FM NORMAL: 1.99 2 = FOG REDUCING VISIBILITY
HIGHEST: 55 ON 30,27 GRTST 24HR 2.74 ON 26-27 TO 1/4 MILE OR LESS
LOWEST: 20 ON 23,22 3 = THUNDER
SNOW, ICE PELLETS, HAIL 4 = ICE PELLETS
TOTAL MONTH: 0.2 INCH 5 = HAIL
GRTST 24HR 0.1 ON 4- 4 6 = FREEZING RAIN OR DRIZZLE
GRTST DEPTH: T 7 = DUSTSTORM OR SANDSTORM:
VSBY 1/2 MILE OR LESS
8 = SMOKE OR HAZE
[NO. OF DAYS WITH] [WEATHER - DAYS WITH] 9 = BLOWING SNOW
X = TORNADO
MAX 32 OR BELOW: 2 0.01 INCH OR MORE: 16
MAX 90 OR ABOVE: 0 0.10 INCH OR MORE: 13
MIN 32 OR BELOW: 10 0.50 INCH OR MORE: 7
MIN 0 OR BELOW: 0 1.00 INCH OR MORE: 2
[HDD (BASE 65) ]
TOTAL THIS MO. 798 CLEAR (SCALE 0-3) 2
DPTR FM NORMAL 71 PTCLDY (SCALE 4-7) 9
TOTAL FM JUL 1 1582 CLOUDY (SCALE 8-10) 20
DPTR FM NORMAL -56
[CDD (BASE 65) ]
TOTAL THIS MO. 0
DPTR FM NORMAL 0 [PRESSURE DATA]
TOTAL FM JAN 1 865 HIGHEST SLP 30.48 ON 15
DPTR FM NORMAL 357 LOWEST SLP 28.99 ON 27
[REMARKS]
#FINAL-12-22#