000
CXUS54 KEWX 011110
CF6PEZ
PRELIMINARY LOCAL CLIMATOLOGICAL DATA (WS FORM: F-6)
STATION: PLEASANTON MUNICIPAL AIRPORT
MONTH: JANUARY
YEAR: 2022
LATITUDE: 28 57 N
LONGITUDE: 98 31 W
TEMPERATURE IN F: :PCPN: SNOW: WIND :SUNSHINE: SKY :PK WND
================================================================================
1 2 3 4 5 6A 6B 7 8 9 10 11 12 13 14 15 16 17 18
12Z AVG MX 2MIN
DY MAX MIN AVG DEP HDD CDD WTR SNW DPTH SPD SPD DIR MIN PSBL S-S WX SPD DR
================================================================================
1 83 62 73 M 0 8 0.00 M M 4.6 9 160 M M 4 17 40
2 64 28 46 M 19 0 0.00 M M 10.3 20 330 M M 1 30 40
3 60 23 42 M 23 0 0.00 M M 1.0 5 110 M M 0 M M
4 73 32 53 M 12 0 0.00 M M 3.5 13 190 M M 0 21 200
5 82 37 60 M 5 0 0.00 M M 1.3 5 260 M M 0 17 310
6 75 36 56 M 9 0 0.00 M M 6.5 15 40 M M 0 23 30
7 49 37 43 M 22 0 0.01 M M 6.1 12 40 M M 9 1 17 40
8 60 43 52 M 13 0 0.03 M M 2.0 5 310 M M 9 1 M M
9 76 52 64 M 1 0 0.00 M M 4.6 14 30 M M 7 1 22 30
10 65 43 54 M 11 0 0.00 M M 8.2 14 30 M M 1 22 30
11 58 37 48 M 17 0 0.00 M M 4.8 9 30 M M 7 M M
12 69 42 56 M 9 0 0.00 M M 1.7 6 280 M M 3 M M
13 79 36 58 M 7 0 0.00 M M 3.3 12 290 M M 0 18 290
14 83 34 59 M 6 0 0.00 M M 3.6 13 190 M M 0 21 230
15 64 43 54 M 11 0 0.00 M M 13.7 25 330 M M 1 8 37 330
16 42 34 38 M 27 0 0.00 M M 3.2 5 330 M M 0 M M
17 M M M M M M 0.00 M M M M M M M M M M
18 80 M M M M M 0.00 M M 6.5 12 190 M M 0 18 190
19 82 59 71 M 0 6 0.00 M M 3.7 16 30 M M 3 1 29 10
20 59 37 48 M 17 0 0.03 M M 11.2 17 10 M M 7 28 10
21 52 31 42 M 23 0 0.00 M M 3.9 8 30 M M 5 M M
22 56 27 42 M 23 0 0.00 M M 3.6 10 50 M M 8 18 40
23 58 49 54 M 11 0 0.00 M M 0.8 6 40 M M 10 M M
24 55 38 47 M 18 0 0.06 M M 1.2 7 290 M M 9 12 M M
25 61 40 51 M 14 0 0.00 M M 5.7 13 60 M M 9 12 18 80
26 59 50 55 M 10 0 0.00 M M 7.1 15 50 M M 10 20 50
27 62 47 55 M 10 0 0.00 M M 3.2 7 50 M M 10 M M
28 62 32 47 M 18 0 0.01 M M 6.2 13 30 M M 4 21 30
29 69 27 48 M 17 0 0.00 M M 2.7 9 180 M M 0 M M
30 74 29 52 M 13 0 0.00 M M 4.8 12 180 M M 0 17 150
31 71 54 63 M 2 0 0.02 M M 4.7 15 40 M M 7 20 20
================================================================================
SM 1982 1139 368 14 0.16 M 143.6 M 124
================================================================================
AV 66.1 39.3 4.8 FASTST M M 4 MAX(MPH)
MISC ----> 25 330 37 330
================================================================================
NOTES:
# LAST OF SEVERAL OCCURRENCES
COLUMN 17 PEAK WIND IN M.P.H.
PRELIMINARY LOCAL CLIMATOLOGICAL DATA (WS FORM: F-6) , PAGE 2
STATION: PLEASANTON MUNICIPAL AIRPORT
MONTH: JANUARY
YEAR: 2022
LATITUDE: 28 57 N
LONGITUDE: 98 31 W
[TEMPERATURE DATA] [PRECIPITATION DATA] SYMBOLS USED IN COLUMN 16
AVERAGE MONTHLY: 52.7 TOTAL FOR MONTH: 0.16 1 = FOG OR MIST
DPTR FM NORMAL: 0.0 DPTR FM NORMAL: M 2 = FOG REDUCING VISIBILITY
HIGHEST: 83 ON 14, 1 GRTST 24HR 0.12 ON 8- 8 TO 1/4 MILE OR LESS
LOWEST: 23 ON 3 3 = THUNDER
SNOW, ICE PELLETS, HAIL 4 = ICE PELLETS
TOTAL MONTH: M 5 = HAIL
GRTST 24HR M ON M 6 = FREEZING RAIN OR DRIZZLE
GRTST DEPTH: M ON M 7 = DUSTSTORM OR SANDSTORM:
VSBY 1/2 MILE OR LESS
8 = SMOKE OR HAZE
[NO. OF DAYS WITH] [WEATHER - DAYS WITH] 9 = BLOWING SNOW
X = TORNADO
MAX 32 OR BELOW: 0 0.01 INCH OR MORE: 6
MAX 90 OR ABOVE: 0 0.10 INCH OR MORE: 0
MIN 32 OR BELOW: 8 0.50 INCH OR MORE: 0
MIN 0 OR BELOW: 0 1.00 INCH OR MORE: 0
[HDD (BASE 65) ]
TOTAL THIS MO. 368 CLEAR (SCALE 0-3) 15
DPTR FM NORMAL M PTCLDY (SCALE 4-7) 7
TOTAL FM JUL 1 540 CLOUDY (SCALE 8-10) 9
DPTR FM NORMAL M
[CDD (BASE 65) ]
TOTAL THIS MO. 14
DPTR FM NORMAL M [PRESSURE DATA]
TOTAL FM JAN 1 14 HIGHEST SLP M ON M
DPTR FM NORMAL M LOWEST SLP M ON M
[REMARKS]
#FINAL-01-22#