000
CXUS51 KPBZ 010830
CF6PHD
PRELIMINARY LOCAL CLIMATOLOGICAL DATA (WS FORM: F-6)
STATION: NEW PHILADELPHIA OH
MONTH: NOVEMBER
YEAR: 2023
LATITUDE: 40 28 N
LONGITUDE: 81 25 W
TEMPERATURE IN F: :PCPN: SNOW: WIND :SUNSHINE: SKY :PK WND
================================================================================
1 2 3 4 5 6A 6B 7 8 9 10 11 12 13 14 15 16 17 18
12Z AVG MX 2MIN
DY MAX MIN AVG DEP HDD CDD WTR SNW DPTH SPD SPD DIR MIN PSBL S-S WX SPD DR
================================================================================
1 42 25 34 -13 31 0 T M M 6.7 16 330 M M 5 24 330
2 50 24 37 -10 28 0 0.00 M M 5.9 16 180 M M 2 24 210
3 61 34 48 1 17 0 0.00 M M 6.4 17 180 M M 0 28 220
4 63 40 52 6 13 0 0.00 M M 3.2 12 120 M M 4 17 130
5 59 35 47 1 18 0 0.00 M M 1.9 9 320 M M 2 18 13 320
6 66 34 50 4 15 0 0.00 M M 6.5 16 180 M M 1 1 26 200
7 65 41 53 8 12 0 0.00 M M 5.4 14 320 M M 1 22 210
8 69 34 52 7 13 0 0.00 M M 5.2 14 200 M M 1 1 23 210
9 71 39 55 10 10 0 T M M 7.4 21 320 M M 5 29 330
10 59 36 48 4 17 0 0.00 M M 3.1 14 220 M M 1 24 200
11 50 30 40 -4 25 0 0.00 M M 1.9 10 20 M M 5 15 50
12 54 28 41 -3 24 0 0.00 M M 2.0 10 60 M M 0 18 40
13 60 27 44 1 21 0 0.00 M M 4.5 17 310 M M 0 26 310
14 57 28 43 0 22 0 0.00 M M 1.0 8 310 M M 0 8 14 320
15 66 26 46 3 19 0 0.00 M M 2.4 12 260 M M 0 1 21 220
16 68 30 49 7 16 0 0.00 M M 3.3 15 220 M M 0 1 21 220
17 60 43 52 10 13 0 0.76 M M 7.0 18 340 M M 9 1 25 340
18 49 30 40 -2 25 0 0.00 M M 2.7 15 330 M M 2 20 330
19 55 27 41 0 24 0 0.00 M M 3.0 12 300 M M 0 16 250
20 47 28 38 -3 27 0 T M M 4.3 10 120 M M 1 1 17 60
21 50 42 46 5 19 0 0.89 M M 7.2 15 130 M M 10 1 23 130
22 48 33 41 1 24 0 T M M 5.9 14 260 M M 9 1 21 270
23 47 32 40 0 25 0 0.00 M M 3.5 13 240 M M 4 1 22 250
24 42 26 34 -6 31 0 0.00 M M 5.3 15 350 M M 5 12 23 320
25 44 22 33 -7 32 0 0.00 M M 0.6 12 100 M M 0 16 100
26 50 28 39 0 26 0 0.22 M M 5.1 17 260 M M 7 1 27 250
27 42 29 36 -3 29 0 0.01 M M 10.5 21 270 M M 10 32 280
28 29 22 26 -13 39 0 T M M 8.4 18 260 M M 8 29 230
29 37 18 28 -10 37 0 0.00 M M 5.0 16 180 M M 2 24 160
30 54 26 40 2 25 0 0.00 M M 6.8 16 190 M M 2 25 240
================================================================================
SM 1614 917 677 0 1.88 M 142.1 M 96
================================================================================
AV 53.8 30.6 4.7 FASTST M M 3 MAX(MPH)
MISC ----> # 21 320 32 280
================================================================================
NOTES:
# LAST OF SEVERAL OCCURRENCES
COLUMN 17 PEAK WIND IN M.P.H.
PRELIMINARY LOCAL CLIMATOLOGICAL DATA (WS FORM: F-6) , PAGE 2
STATION: NEW PHILADELPHIA OH
MONTH: NOVEMBER
YEAR: 2023
LATITUDE: 40 28 N
LONGITUDE: 81 25 W
[TEMPERATURE DATA] [PRECIPITATION DATA] SYMBOLS USED IN COLUMN 16
AVERAGE MONTHLY: 42.2 TOTAL FOR MONTH: 1.88 1 = FOG OR MIST
DPTR FM NORMAL: -0.3 DPTR FM NORMAL: -0.82 2 = FOG REDUCING VISIBILITY
HIGHEST: 71 ON 9 GRTST 24HR 0.89 ON 21-21 TO 1/4 MILE OR LESS
LOWEST: 18 ON 29 3 = THUNDER
SNOW, ICE PELLETS, HAIL 4 = ICE PELLETS
TOTAL MONTH: M 5 = HAIL
GRTST 24HR M ON M 6 = FREEZING RAIN OR DRIZZLE
GRTST DEPTH: M ON M 7 = DUSTSTORM OR SANDSTORM:
VSBY 1/2 MILE OR LESS
8 = SMOKE OR HAZE
[NO. OF DAYS WITH] [WEATHER - DAYS WITH] 9 = BLOWING SNOW
X = TORNADO
MAX 32 OR BELOW: 1 0.01 INCH OR MORE: 4
MAX 90 OR ABOVE: 0 0.10 INCH OR MORE: 3
MIN 32 OR BELOW: 19 0.50 INCH OR MORE: 2
MIN 0 OR BELOW: 0 1.00 INCH OR MORE: 0
[HDD (BASE 65) ]
TOTAL THIS MO. 677 CLEAR (SCALE 0-3) 18
DPTR FM NORMAL 3 PTCLDY (SCALE 4-7) 8
TOTAL FM JUL 1 1027 CLOUDY (SCALE 8-10) 4
DPTR FM NORMAL -119
[CDD (BASE 65) ]
TOTAL THIS MO. 0
DPTR FM NORMAL 0 [PRESSURE DATA]
TOTAL FM JAN 1 716 HIGHEST SLP M ON M
DPTR FM NORMAL -64 LOWEST SLP 29.69 ON 8
[REMARKS]
#FINAL-11-23#