000
CXUS53 KUNR 010930
CF6PHP
PRELIMINARY LOCAL CLIMATOLOGICAL DATA (WS FORM: F-6)
STATION: PHILIP SD
MONTH: JUNE
YEAR: 2023
LATITUDE: 44 3 N
LONGITUDE: 101 36 W
TEMPERATURE IN F: :PCPN: SNOW: WIND :SUNSHINE: SKY :PK WND
================================================================================
1 2 3 4 5 6A 6B 7 8 9 10 11 12 13 14 15 16 17 18
12Z AVG MX 2MIN
DY MAX MIN AVG DEP HDD CDD WTR SNW DPTH SPD SPD DIR MIN PSBL S-S WX SPD DR
================================================================================
1 88 56 72 9 0 7 0.01 M M 8.5 36 170 M M 1 46 170
2 84 60 72 9 0 7 0.00 M M 10.9 22 140 M M 2 31 110
3 86 60 73 9 0 8 0.00 M M 8.7 20 180 M M 1 26 160
4 87 59 73 9 0 8 T M M 5.6 29 150 M M 2 3 38 140
5 88 54 71 7 0 6 0.00 M M 4.6 18 250 M M 0 13 23 250
6 90 55 73 9 0 8 0.00 M M 5.2 16 170 M M 0 1 23 180
7 92 55 74 9 0 9 0.00 M M 4.1 16 200 M M 0 22 200
8 95 56 76 11 0 11 T M M 4.3 17 350 M M 0 3 20 340
9 86 62 74 9 0 9 0.00 M M 9.2 17 70 M M 0 24 100
10 M M M M M M M M M M M M M M M M M
11 M M M M M M M M M M M M M M M M M
12 77 45 61 -5 4 0 0.00 M M 3.6 14 190 M M 0 17 190
13 81 46 64 -3 1 0 0.00 M M 4.2 10 310 M M 0 15 310
14 82 52 67 0 0 2 0.00 M M 7.9 16 160 M M 0 23 160
15 81 55 68 1 0 3 0.00 M M 10.5 28 340 M M 0 39 340
16 67 49 58 -10 7 0 0.08 M M 10.4 23 340 M M 7 1 32 340
17 78 46 62 -6 3 0 0.00 M M 5.8 12 190 M M 0 1 16 170
18 88 48 68 0 0 3 0.00 M M 8.0 20 170 M M 0 1 29 150
19 96 60 78 10 0 13 0.00 M M 8.1 20 170 M M 0 29 170
20 88 70 79 10 0 14 0.00 M M 7.4 20 170 M M 1 27 170
21 76 63 70 1 0 5 0.50 M M 8.9 25 360 M M 7 13 34 360
22 77 63 70 1 0 5 0.00 M M 9.8 20 330 M M 7 26 320
23 82 57 70 0 0 5 0.33 M M 9.9 43 340 M M 6 13 58 330
24 72 56 64 -6 1 0 0.04 M M 12.8 32 320 M M 5 45 310
25 79 54 67 -3 0 2 0.00 M M 10.8 20 310 M M 0 27 300
26 79 51 65 -6 0 0 0.00 M M 7.0 18 20 M M 2 13 28 10
27 81 60 71 0 0 6 0.01 M M 10.2 22 310 M M 3 3 36 310
28 85 56 71 0 0 6 T M M 8.0 18 250 M M 1 24 260
29 87 57 72 1 0 7 0.00 M M 5.2 12 250 M M 1 16 250
30 80 60 70 -2 0 5 0.02 M M 4.6 17 40 M M 4 3 22 30
================================================================================
SM 2332 1565 16 149 0.99 M 214.2 M 50
================================================================================
AV 83.3 55.9 7.7 FASTST M M 2 MAX(MPH)
MISC ----> 43 340 58 330
================================================================================
NOTES:
# LAST OF SEVERAL OCCURRENCES
COLUMN 17 PEAK WIND IN M.P.H.
PRELIMINARY LOCAL CLIMATOLOGICAL DATA (WS FORM: F-6) , PAGE 2
STATION: PHILIP SD
MONTH: JUNE
YEAR: 2023
LATITUDE: 44 3 N
LONGITUDE: 101 36 W
[TEMPERATURE DATA] [PRECIPITATION DATA] SYMBOLS USED IN COLUMN 16
AVERAGE MONTHLY: 69.6 TOTAL FOR MONTH: 0.99 1 = FOG OR MIST
DPTR FM NORMAL: 2.2 DPTR FM NORMAL: -1.91 2 = FOG REDUCING VISIBILITY
HIGHEST: 96 ON 19 GRTST 24HR 0.50 ON 21-21 TO 1/4 MILE OR LESS
LOWEST: 45 ON 12 3 = THUNDER
SNOW, ICE PELLETS, HAIL 4 = ICE PELLETS
TOTAL MONTH: M 5 = HAIL
GRTST 24HR M ON M 6 = FREEZING RAIN OR DRIZZLE
GRTST DEPTH: M ON M 7 = DUSTSTORM OR SANDSTORM:
VSBY 1/2 MILE OR LESS
8 = SMOKE OR HAZE
[NO. OF DAYS WITH] [WEATHER - DAYS WITH] 9 = BLOWING SNOW
X = TORNADO
MAX 32 OR BELOW: 0 0.01 INCH OR MORE: 7
MAX 90 OR ABOVE: 4 0.10 INCH OR MORE: 2
MIN 32 OR BELOW: 0 0.50 INCH OR MORE: 1
MIN 0 OR BELOW: 0 1.00 INCH OR MORE: 0
[HDD (BASE 65) ]
TOTAL THIS MO. 16 CLEAR (SCALE 0-3) 21
DPTR FM NORMAL -42 PTCLDY (SCALE 4-7) 7
TOTAL FM JUL 1 6975 CLOUDY (SCALE 8-10) 2
DPTR FM NORMAL -155
[CDD (BASE 65) ]
TOTAL THIS MO. 149
DPTR FM NORMAL 20 [PRESSURE DATA]
TOTAL FM JAN 1 194 HIGHEST SLP 30.10 ON 11
DPTR FM NORMAL 39 LOWEST SLP 29.50 ON 19
[REMARKS]
#FINAL-06-23#