000
CXUS53 KUNR 011030
CF6PHP
PRELIMINARY LOCAL CLIMATOLOGICAL DATA (WS FORM: F-6)
STATION: PHILIP SD
MONTH: OCTOBER
YEAR: 2020
LATITUDE: 44 3 N
LONGITUDE: 101 36 W
TEMPERATURE IN F: :PCPN: SNOW: WIND :SUNSHINE: SKY :PK WND
================================================================================
1 2 3 4 5 6A 6B 7 8 9 10 11 12 13 14 15 16 17 18
12Z AVG MX 2MIN
DY MAX MIN AVG DEP HDD CDD WTR SNW DPTH SPD SPD DIR MIN PSBL S-S WX SPD DR
================================================================================
1 60 30 45 -10 20 0 0.00 M M 8.5 21 320 M M 0 29 320
2 63 27 45 -10 20 0 0.14 M M 4.5 25 30 M M 3 1 35 30
3 67 35 51 -3 14 0 0.00 M M 6.5 18 330 M M 2 12 26 330
4 74 32 53 -1 12 0 0.00 M M 4.6 13 170 M M 0 1 23 170
5 76 42 59 6 6 0 0.00 M M 14.4 31 330 M M 0 42 320
6 87 45 66 13 0 1 0.00 M M 11.3 25 310 M M 0 34 290
7 75 41 58 6 7 0 0.00 M M 5.9 15 80 M M 0 21 120
8 88 37 63 11 2 0 0.00 M M 7.8 20 180 M M 0 8 29 170
9 84 40 62 10 3 0 0.00 M M 8.8 22 350 M M 0 28 350
10 83 33 58 7 7 0 0.00 M M 10.8 31 160 M M 0 38 160
11 71 37 54 3 11 0 T M M 15.3 43 320 M M 2 8 54 320
12 73 34 54 4 11 0 T M M 10.7 25 270 M M 1 8 34 260
13 66 34 50 0 15 0 0.00 M M 8.6 16 180 M M 1 8 23 280
14 64 33 49 0 16 0 0.01 M M 19.1 39 320 M M 4 8 52 340
15 53 29 41 -8 24 0 T M M 11.7 36 340 M M 3 49 320
16 56 25 41 -7 24 0 T M M 8.6 17 230 M M 5 24 230
17 51 30 41 -7 24 0 0.06 M M 12.1 32 330 M M 7 1 44 330
18 35 22 29 -19 36 0 0.02 M M 7.1 14 210 M M 7 1 17 350
19 39 31 35 -12 30 0 T M M 7.4 13 90 M M 9 16 120
20 53 31 42 -5 23 0 T M M 10.0 31 310 M M 5 1 40 310
21 33 31 32 -14 33 0 0.41 M M 13.7 23 80 M M 9 16 31 80
22 32 26 29 -17 36 0 0.28 M M 15.3 24 350 M M 10 16 30 350
23 25 13 19 -26 46 0 T M M 7.8 22 350 M M 5 1 29 360
24 25 20 23 -22 42 0 0.33 M M 15.7 23 70 M M 10 1 29 80
25 20 7 14 -30 51 0 0.02 M M 12.3 21 340 M M 8 1 24 340
26 14 -7 4 -40 61 0 0.00 M M 5.7 13 260 M M 0 16 220
27 35 2 19 -25 46 0 0.00 M M 12.8 21 250 M M 0 30 240
28 42 27 35 -8 30 0 0.00 M M 8.9 21 310 M M 2 26 320
29 44 26 35 -8 30 0 0.00 M M 4.7 15 300 M M 5 18 300
30 68 33 51 9 14 0 0.00 M M 9.8 22 200 M M 1 32 190
31 58 26 42 0 23 0 0.00 M M 17.7 40 310 M M 1 53 310
================================================================================
SM 1714 872 717 1 1.27 M 318.1 M 100
================================================================================
AV 55.3 28.1 10.3 FASTST M M 3 MAX(MPH)
MISC ----> 43 320 54 320
================================================================================
NOTES:
# LAST OF SEVERAL OCCURRENCES
COLUMN 17 PEAK WIND IN M.P.H.
PRELIMINARY LOCAL CLIMATOLOGICAL DATA (WS FORM: F-6) , PAGE 2
STATION: PHILIP SD
MONTH: OCTOBER
YEAR: 2020
LATITUDE: 44 3 N
LONGITUDE: 101 36 W
[TEMPERATURE DATA] [PRECIPITATION DATA] SYMBOLS USED IN COLUMN 16
AVERAGE MONTHLY: 41.7 TOTAL FOR MONTH: 1.27 1 = FOG OR MIST
DPTR FM NORMAL: -6.7 DPTR FM NORMAL: -0.16 2 = FOG REDUCING VISIBILITY
HIGHEST: 88 ON 8 GRTST 24HR 0.44 ON 21-22 TO 1/4 MILE OR LESS
LOWEST: -7 ON 26 3 = THUNDER
SNOW, ICE PELLETS, HAIL 4 = ICE PELLETS
TOTAL MONTH: M 5 = HAIL
GRTST 24HR M ON M 6 = FREEZING RAIN OR DRIZZLE
GRTST DEPTH: M ON M 7 = DUSTSTORM OR SANDSTORM:
VSBY 1/2 MILE OR LESS
8 = SMOKE OR HAZE
[NO. OF DAYS WITH] [WEATHER - DAYS WITH] 9 = BLOWING SNOW
X = TORNADO
MAX 32 OR BELOW: 5 0.01 INCH OR MORE: 8
MAX 90 OR ABOVE: 0 0.10 INCH OR MORE: 4
MIN 32 OR BELOW: 19 0.50 INCH OR MORE: 0
MIN 0 OR BELOW: 1 1.00 INCH OR MORE: 0
[HDD (BASE 65) ]
TOTAL THIS MO. 717 CLEAR (SCALE 0-3) 19
DPTR FM NORMAL 200 PTCLDY (SCALE 4-7) 8
TOTAL FM JUL 1 868 CLOUDY (SCALE 8-10) 4
DPTR FM NORMAL 165
[CDD (BASE 65) ]
TOTAL THIS MO. 1
DPTR FM NORMAL -3 [PRESSURE DATA]
TOTAL FM JAN 1 912 HIGHEST SLP 30.64 ON 23
DPTR FM NORMAL 94 LOWEST SLP 29.34 ON 11
[REMARKS]
#FINAL-10-20#