000
CXUS55 KPSR 011005
CF6PHX
PRELIMINARY LOCAL CLIMATOLOGICAL DATA (WS FORM: F-6)
STATION: PHOENIX AZ
MONTH: AUGUST
YEAR: 2021
LATITUDE: 33 25 N
LONGITUDE: 112 1 W
TEMPERATURE IN F: :PCPN: SNOW: WIND :SUNSHINE: SKY :PK WND
================================================================================
1 2 3 4 5 6A 6B 7 8 9 10 11 12 13 14 15 16 17 18
12Z AVG MX 2MIN
DY MAX MIN AVG DEP HDD CDD WTR SNW DPTH SPD SPD DIR MIN PSBL S-S WX SPD DR
================================================================================
1 105 85 95 0 0 30 0.00 0.0 0 5.6 15 80 M M 4 18 220
2 109 89 99 4 0 34 0.00 0.0 0 5.6 14 310 M M 3 19 350
3 112 89 101 6 0 36 0.00 0.0 0 5.8 17 120 M M 2 25 120
4 115 89 102 7 0 37 0.00 0.0 0 6.2 14 300 M M 1 24 320
5 109 89 99 4 0 34 0.00 0.0 0 6.2 17 120 M M 2 22 150
6 109 91 100 5 0 35 0.00 0.0 0 8.0 17 210 M M 3 23 310
7 108 88 98 3 0 33 0.00 0.0 0 6.8 20 260 M M 1 26 260
8 107 89 98 3 0 33 0.00 0.0 0 8.8 20 300 M M 2 25 300
9 96 84 90 -5 0 25 0.00 0.0 0 8.5 21 170 M M 7 26 180
10 94 76 85 -10 0 20 0.11 0.0 0 7.7 16 260 M M 7 13 20 270
11 95 79 87 -8 0 22 0.00 0.0 0 7.6 21 320 M M 7 3 26 300
12 100 77 89 -6 0 24 0.00 0.0 0 5.8 22 80 M M 7 25 70
13 99 74 87 -8 0 22 0.19 0.0 0 6.6 33 330 M M 6 13 38 320
14 94 73 84 -10 0 19 0.64 0.0 0 6.4 17 60 M M 8 13 21 70
15 99 80 90 -4 0 25 0.02 0.0 0 4.4 23 100 M M 7 3 29 100
16 101 71 86 -8 0 21 0.42 0.0 0 7.5 55 70 M M 6 1378 69 80
17 94 73 84 -10 0 19 0.01 0.0 0 6.2 18 160 M M 7 3 25 150
18 95 76 86 -8 0 21 0.08 0.0 0 10.8 29 60 M M 7 3 34 210
19 97 75 86 -8 0 21 0.00 0.0 0 7.4 16 270 M M 3 20 170
20 98 81 90 -4 0 25 0.00 0.0 0 5.5 16 170 M M 4 21 190
21 101 79 90 -4 0 25 0.00 0.0 0 6.2 14 160 M M 1 24 160
22 104 80 92 -2 0 27 0.00 0.0 0 5.0 14 70 M M 1 17 170
23 106 79 93 -1 0 28 0.00 0.0 0 5.9 13 270 M M 1 18 190
24 105 80 93 -1 0 28 0.00 0.0 0 6.2 13 300 M M 1 18 320
25 109 84 97 3 0 32 0.00 0.0 0 5.1 13 90 M M 1 17 280
26 112 86 99 5 0 34 0.00 0.0 0 5.6 13 310 M M 1 17 310
27 112 87 100 6 0 35 0.00 0.0 0 7.0 20 140 M M 2 27 150
28 105 88 97 3 0 32 0.00 0.0 0 6.3 22 170 M M 5 8 27 160
29 108 87 98 4 0 33 0.00 0.0 M 6.4 21 110 M M 6 3 26 100
30 105 87 96 3 0 31 0.00 0.0 M 6.8 23 140 M M 7 30 170
31 97 74 86 -7 0 21 0.07 0.0 M 7.6 25 260 M M 8 1 30 270
================================================================================
SM 3200 2539 0 862 1.54 0.0 205.5 M 128
================================================================================
AV103.2 81.9 6.6 FASTST M M 4 MAX(MPH)
MISC ----> 55 70 69 80
================================================================================
NOTES:
# LAST OF SEVERAL OCCURRENCES
COLUMN 17 PEAK WIND IN M.P.H.
PRELIMINARY LOCAL CLIMATOLOGICAL DATA (WS FORM: F-6) , PAGE 2
STATION: PHOENIX AZ
MONTH: AUGUST
YEAR: 2021
LATITUDE: 33 25 N
LONGITUDE: 112 1 W
[TEMPERATURE DATA] [PRECIPITATION DATA] SYMBOLS USED IN COLUMN 16
AVERAGE MONTHLY: 92.6 TOTAL FOR MONTH: 1.54 1 = FOG OR MIST
DPTR FM NORMAL: -1.8 DPTR FM NORMAL: 0.61 2 = FOG REDUCING VISIBILITY
HIGHEST: 115 ON 4 GRTST 24HR 0.82 ON 13-14 TO 1/4 MILE OR LESS
LOWEST: 71 ON 16 3 = THUNDER
SNOW, ICE PELLETS, HAIL 4 = ICE PELLETS
TOTAL MONTH: 0.0 INCH 5 = HAIL
GRTST 24HR 0.0 6 = FREEZING RAIN OR DRIZZLE
GRTST DEPTH: 0 7 = DUSTSTORM OR SANDSTORM:
VSBY 1/2 MILE OR LESS
8 = SMOKE OR HAZE
[NO. OF DAYS WITH] [WEATHER - DAYS WITH] 9 = BLOWING SNOW
X = TORNADO
MAX 32 OR BELOW: 0 0.01 INCH OR MORE: 8
MAX 90 OR ABOVE: 31 0.10 INCH OR MORE: 4
MIN 32 OR BELOW: 0 0.50 INCH OR MORE: 1
MIN 0 OR BELOW: 0 1.00 INCH OR MORE: 0
[HDD (BASE 65) ]
TOTAL THIS MO. 0 CLEAR (SCALE 0-3) 15
DPTR FM NORMAL 0 PTCLDY (SCALE 4-7) 15
TOTAL FM JUL 1 0 CLOUDY (SCALE 8-10) 1
DPTR FM NORMAL 0
[CDD (BASE 65) ]
TOTAL THIS MO. 862
DPTR FM NORMAL -48 [PRESSURE DATA]
TOTAL FM JAN 1 3707 HIGHEST SLP 30.03 ON 13
DPTR FM NORMAL 150 LOWEST SLP 29.52 ON 27
[REMARKS]
#FINAL-08-21#