000
CXUS55 KABR 011200
CF6PIR
PRELIMINARY LOCAL CLIMATOLOGICAL DATA (WS FORM: F-6)
STATION: PIERRE SD
MONTH: NOVEMBER
YEAR: 2020
LATITUDE: 44 22 N
LONGITUDE: 100 17 W
TEMPERATURE IN F: :PCPN: SNOW: WIND :SUNSHINE: SKY :PK WND
================================================================================
1 2 3 4 5 6A 6B 7 8 9 10 11 12 13 14 15 16 17 18
12Z AVG MX 2MIN
DY MAX MIN AVG DEP HDD CDD WTR SNW DPTH SPD SPD DIR MIN PSBL S-S WX SPD DR
================================================================================
1 51 28 40 -1 25 0 0.00 0.0 0 7.4 17 150 M M 1 20 150
2 73 33 53 12 12 0 0.00 0.0 0 5.5 14 250 M M 0 8 17 250
3 76 38 57 17 8 0 0.00 0.0 0 7.5 15 280 M M 0 19 280
4 76 33 55 15 10 0 0.00 0.0 0 6.9 17 310 M M 0 21 300
5 81 40 61 22 4 0 0.00 0.0 0 7.4 21 200 M M 0 26 220
6 82 36 59 20 6 0 0.00 0.0 0 3.2 13 190 M M 0 17 180
7 68 36 52 14 13 0 0.00 0.0 0 6.8 20 160 M M 0 30 180
8 68 32 50 12 15 0 T 0.0 0 18.7 32 240 M M 2 49 240
9 34 21 28 -9 37 0 T T T 15.0 28 330 M M 6 36 320
10 40 17 29 -8 36 0 0.00 0.0 0 5.4 13 170 M M 2 16 180
11 51 24 38 2 27 0 0.00 0.0 0 12.0 24 290 M M 3 30 340
12 34 18 26 -10 39 0 0.07 1.0 1 9.8 20 320 M M 4 1 26 330
13 50 15 33 -2 32 0 0.00 0.0 0 5.5 14 140 M M 0 20 170
14 55 35 45 11 20 0 0.00 0.0 0 17.3 38 300 M M 3 49 300
15 45 24 35 1 30 0 0.00 0.0 0 15.0 31 300 M M 1 45 290
16 55 25 40 7 25 0 0.00 0.0 0 15.0 31 300 M M 1 42 300
17 56 29 43 10 22 0 0.00 0.0 0 11.8 18 140 M M 3 24 120
18 64 36 50 18 15 0 0.00 0.0 0 4.5 14 150 M M 0 18 140
19 61 33 47 15 18 0 T 0.0 0 7.9 28 320 M M 1 35 320
20 41 20 31 0 34 0 0.00 0.0 0 5.8 15 250 M M 1 19 250
21 47 17 32 1 33 0 T 0.0 0 5.8 18 170 M M 3 128 23 150
22 45 20 33 3 32 0 0.00 0.0 0 10.1 23 310 M M 0 29 320
23 53 25 39 9 26 0 0.00 0.0 0 19.9 35 160 M M 0 45 150
24 39 19 29 0 36 0 0.00 0.0 0 10.7 20 320 M M 0 25 310
25 49 14 32 3 33 0 T T 0 5.6 17 130 M M 1 12 22 130
26 45 20 33 5 32 0 0.00 0.0 0 10.8 16 320 M M 3 M M
27 54 21 38 10 27 0 0.00 0.0 0 9.7 22 250 M M 0 27 250
28 62 29 46 19 19 0 0.00 0.0 0 10.4 23 330 M M 0 33 340
29 41 18 30 3 35 0 0.00 0.0 0 15.4 26 340 M M 1 37 340
30 41 7 24 -2 41 0 0.00 0.0 0 5.8 12 120 M M 0 14 120
================================================================================
SM 1637 763 742 0 0.07 1.0 292.6 M 36
================================================================================
AV 54.6 25.4 9.8 FASTST M M 1 MAX(MPH)
MISC ----> 38 300 # 49 240
================================================================================
NOTES:
# LAST OF SEVERAL OCCURRENCES
COLUMN 17 PEAK WIND IN M.P.H.
PRELIMINARY LOCAL CLIMATOLOGICAL DATA (WS FORM: F-6) , PAGE 2
STATION: PIERRE SD
MONTH: NOVEMBER
YEAR: 2020
LATITUDE: 44 22 N
LONGITUDE: 100 17 W
[TEMPERATURE DATA] [PRECIPITATION DATA] SYMBOLS USED IN COLUMN 16
AVERAGE MONTHLY: 40.0 TOTAL FOR MONTH: 0.07 1 = FOG OR MIST
DPTR FM NORMAL: 6.3 DPTR FM NORMAL: -0.69 2 = FOG REDUCING VISIBILITY
HIGHEST: 82 ON 6 GRTST 24HR 0.07 ON 12-12 TO 1/4 MILE OR LESS
LOWEST: 7 ON 30 3 = THUNDER
SNOW, ICE PELLETS, HAIL 4 = ICE PELLETS
TOTAL MONTH: 1.0 INCH 5 = HAIL
GRTST 24HR 1.0 ON 12-12 6 = FREEZING RAIN OR DRIZZLE
GRTST DEPTH: 1 ON 12 7 = DUSTSTORM OR SANDSTORM:
VSBY 1/2 MILE OR LESS
8 = SMOKE OR HAZE
[NO. OF DAYS WITH] [WEATHER - DAYS WITH] 9 = BLOWING SNOW
X = TORNADO
MAX 32 OR BELOW: 0 0.01 INCH OR MORE: 1
MAX 90 OR ABOVE: 0 0.10 INCH OR MORE: 0
MIN 32 OR BELOW: 21 0.50 INCH OR MORE: 0
MIN 0 OR BELOW: 0 1.00 INCH OR MORE: 0
[HDD (BASE 65) ]
TOTAL THIS MO. 742 CLEAR (SCALE 0-3) 28
DPTR FM NORMAL -197 PTCLDY (SCALE 4-7) 2
TOTAL FM JUL 1 1562 CLOUDY (SCALE 8-10) 0
DPTR FM NORMAL -58
[CDD (BASE 65) ]
TOTAL THIS MO. 0
DPTR FM NORMAL 0 [PRESSURE DATA]
TOTAL FM JAN 1 955 HIGHEST SLP 30.57 ON 20
DPTR FM NORMAL 87 LOWEST SLP 29.33 ON 8
[REMARKS]
#FINAL-11-20#