000
CXUS51 KRLX 011149
CF6PKB
PRELIMINARY LOCAL CLIMATOLOGICAL DATA (WS FORM: F-6)
STATION: PARKERSBURG WV
MONTH: JUNE
YEAR: 2023
LATITUDE: 39 20 N
LONGITUDE: 81 26 W
TEMPERATURE IN F: :PCPN: SNOW: WIND :SUNSHINE: SKY :PK WND
================================================================================
1 2 3 4 5 6A 6B 7 8 9 10 11 12 13 14 15 16 17 18
12Z AVG MX 2MIN
DY MAX MIN AVG DEP HDD CDD WTR SNW DPTH SPD SPD DIR MIN PSBL S-S WX SPD DR
================================================================================
1 88 54 71 4 0 6 0.00 M M 2.7 10 60 M M 0 1 13 70
2 91 52 72 4 0 7 0.00 M M 1.7 9 40 M M 1 13 50
3 92 57 75 7 0 10 0.33 M M 3.6 26 40 M M 2 138 38 30
4 84 57 71 3 0 6 0.00 M M 3.6 14 40 M M 3 12 21 40
5 75 49 62 -6 3 0 0.00 M M 1.7 10 250 M M 0 1 28 220
6 77 47 62 -7 3 0 0.00 M M 2.3 10 260 M M 2 8 17 270
7 75 47 61 -8 4 0 0.00 M M 3.5 12 320 M M 1 8 17 300
8 75 41 58 -11 7 0 0.00 M M 3.0 12 330 M M 2 8 17 300
9 79 50 65 -4 0 0 0.00 M M 2.0 14 310 M M 4 19 300
10 84 47 66 -4 0 1 0.00 M M 2.5 12 190 M M 1 1 17 250
11 76 53 65 -5 0 0 0.25 M M 3.9 12 190 M M 4 1 17 190
12 71 56 64 -6 1 0 0.43 M M 5.9 15 290 M M 9 1 24 310
13 74 48 61 -9 4 0 0.70 M M 7.4 21 200 M M 5 1 32 210
14 76 53 65 -6 0 0 0.21 M M 7.0 17 220 M M 6 1 26 220
15 78 50 64 -7 1 0 0.00 M M 1.7 8 180 M M 4 12 13 290
16 73 56 65 -6 0 0 0.73 M M 4.7 14 310 M M 7 138 23 310
17 79 51 65 -7 0 0 0.00 M M 2.4 12 320 M M 4 18 16 330
18 82 51 67 -5 0 2 0.00 M M 1.8 8 120 M M 1 128 11 120
19 80 58 69 -3 0 4 0.27 M M 2.9 17 160 M M 4 138 26 160
20 74 66 70 -2 0 5 0.31 M M 5.2 14 70 M M 9 1 19 90
21 79 58 69 -3 0 4 0.03 M M 9.7 20 50 M M 4 26 80
22 71 58 65 -8 0 0 0.59 M M 6.7 14 90 M M 10 1 19 80
23 79 59 69 -4 0 4 T M M 1.4 8 290 M M 8 12 11 290
24 83 65 74 1 0 9 T M M 4.1 12 310 M M 7 1 16 250
25 85 63 74 1 0 9 0.00 M M 5.0 15 200 M M 2 12 21 230
26 84 66 75 1 0 10 T M M 7.6 18 260 M M 4 3 32 260
27 75 64 70 -4 0 5 T M M 6.0 15 270 M M 9 18 26 270
28 80 63 72 -2 0 7 0.00 M M 3.0 10 280 M M 8 18 16 310
29 84 60 72 -2 0 7 0.00 M M 3.0 8 90 M M 5 128 11 120
30 86 67 77 3 0 12 0.04 M M 4.1 17 260 M M 7 18 27 240
================================================================================
SM 2389 1666 23 108 3.89 M 120.1 M 133
================================================================================
AV 79.6 55.5 4.0 FASTST M M 4 MAX(MPH)
MISC ----> 26 40 38 30
================================================================================
NOTES:
# LAST OF SEVERAL OCCURRENCES
COLUMN 17 PEAK WIND IN M.P.H.
PRELIMINARY LOCAL CLIMATOLOGICAL DATA (WS FORM: F-6) , PAGE 2
STATION: PARKERSBURG WV
MONTH: JUNE
YEAR: 2023
LATITUDE: 39 20 N
LONGITUDE: 81 26 W
[TEMPERATURE DATA] [PRECIPITATION DATA] SYMBOLS USED IN COLUMN 16
AVERAGE MONTHLY: 67.6 TOTAL FOR MONTH: 3.89 1 = FOG OR MIST
DPTR FM NORMAL: -3.4 DPTR FM NORMAL: -0.55 2 = FOG REDUCING VISIBILITY
HIGHEST: 92 ON 3 GRTST 24HR 0.91 ON 13-14 TO 1/4 MILE OR LESS
LOWEST: 41 ON 8 3 = THUNDER
SNOW, ICE PELLETS, HAIL 4 = ICE PELLETS
TOTAL MONTH: M 5 = HAIL
GRTST 24HR M ON M 6 = FREEZING RAIN OR DRIZZLE
GRTST DEPTH: M ON M 7 = DUSTSTORM OR SANDSTORM:
VSBY 1/2 MILE OR LESS
8 = SMOKE OR HAZE
[NO. OF DAYS WITH] [WEATHER - DAYS WITH] 9 = BLOWING SNOW
X = TORNADO
MAX 32 OR BELOW: 0 0.01 INCH OR MORE: 11
MAX 90 OR ABOVE: 2 0.10 INCH OR MORE: 9
MIN 32 OR BELOW: 0 0.50 INCH OR MORE: 3
MIN 0 OR BELOW: 0 1.00 INCH OR MORE: 0
[HDD (BASE 65) ]
TOTAL THIS MO. 23 CLEAR (SCALE 0-3) 11
DPTR FM NORMAL 6 PTCLDY (SCALE 4-7) 14
TOTAL FM JUL 1 4389 CLOUDY (SCALE 8-10) 5
DPTR FM NORMAL -495
[CDD (BASE 65) ]
TOTAL THIS MO. 108
DPTR FM NORMAL -88 [PRESSURE DATA]
TOTAL FM JAN 1 152 HIGHEST SLP 30.12 ON 1
DPTR FM NORMAL -141 LOWEST SLP 29.53 ON 14
[REMARKS]
#FINAL-06-23#