000
CXUS51 KRLX 011117
CF6PKB
PRELIMINARY LOCAL CLIMATOLOGICAL DATA (WS FORM: F-6)
STATION: PARKERSBURG WV
MONTH: MARCH
YEAR: 2020
LATITUDE: 39 20 N
LONGITUDE: 81 26 W
TEMPERATURE IN F: :PCPN: SNOW: WIND :SUNSHINE: SKY :PK WND
================================================================================
1 2 3 4 5 6A 6B 7 8 9 10 11 12 13 14 15 16 17 18
12Z AVG MX 2MIN
DY MAX MIN AVG DEP HDD CDD WTR SNW DPTH SPD SPD DIR MIN PSBL S-S WX SPD DR
================================================================================
1 53 17 35 -3 30 0 0.00 M M 5.5 14 180 M M 0 1 18 210
2 54 48 51 12 14 0 0.54 M M 8.2 20 190 M M 8 1 25 190
3 61 46 54 15 11 0 0.28 M M 8.8 23 280 M M 7 138 32 270
4 60 36 48 9 17 0 0.00 M M 9.9 23 270 M M 2 8 33 240
5 58 27 43 3 22 0 0.00 M M 2.5 10 150 M M 0 8 15 150
6 42 31 37 -3 28 0 0.05 M M 11.6 23 300 M M 9 1 37 300
7 47 29 38 -2 27 0 0.00 M M 5.8 16 300 M M 5 24 310
8 64 25 45 4 20 0 0.00 M M 4.6 14 210 M M 0 8 19 200
9 69 43 56 15 9 0 0.00 M M 8.6 20 210 M M 0 26 210
10 63 46 55 14 10 0 0.28 M M 10.1 22 200 M M 10 1 32 200
11 57 45 51 9 14 0 0.00 M M 2.6 10 200 M M 9 18 15 250
12 70 42 56 14 9 0 0.41 M M 4.0 17 140 M M 5 1 23 150
13 62 38 50 8 15 0 0.06 M M 10.9 21 280 M M 4 1 31 320
14 47 30 39 -4 26 0 0.17 M M 5.2 13 40 M M 7 1 16 50
15 50 34 42 -1 23 0 T M M 6.0 14 40 M M 10 1 19 10
16 50 35 43 0 22 0 0.08 M M 4.1 10 180 M M 10 1 13 190
17 49 43 46 2 19 0 0.06 M M 5.1 13 300 M M 9 1 17 330
18 59 39 49 5 16 0 0.95 M M 5.8 18 180 M M 8 1 24 190
19 69 56 63 19 2 0 0.27 M M 7.0 15 290 M M 9 1 22 290
20 77 46 62 17 3 0 0.07 M M 12.4 26 210 M M 6 38 210
21 46 35 41 -4 24 0 0.00 M M 6.3 14 360 M M 10 19 30
22 52 30 41 -5 24 0 T M M 6.3 13 60 M M 6 16 40
23 51 45 48 2 17 0 0.04 M M 7.3 14 170 M M 10 1 19 160
24 57 39 48 2 17 0 0.02 M M 5.1 12 50 M M 7 15 20
25 60 43 52 5 13 0 0.12 M M 5.3 9 30 M M 7 1 12 340
26 71 35 53 6 12 0 0.04 M M 5.1 17 270 M M 2 13 22 280
27 58 51 55 8 10 0 0.15 M M 4.3 12 330 M M 9 1 14 330
28 86 54 70 22 0 5 0.05 M M 6.5 20 270 M M 4 13 29 270
29 79 60 70 22 0 5 0.15 M M 12.8 30 230 M M 5 13 43 240
30 62 46 54 6 11 0 0.00 M M 12.0 25 270 M M 3 36 300
31 50 41 46 -3 19 0 0.09 M M 3.6 13 70 M M 9 1 16 70
================================================================================
SM 1833 1235 484 10 3.88 M 213.3 M 190
================================================================================
AV 59.1 39.8 6.9 FASTST M M 6 MAX(MPH)
MISC ----> # 30 230 # 43 240
================================================================================
NOTES:
# LAST OF SEVERAL OCCURRENCES
COLUMN 17 PEAK WIND IN M.P.H.
PRELIMINARY LOCAL CLIMATOLOGICAL DATA (WS FORM: F-6) , PAGE 2
STATION: PARKERSBURG WV
MONTH: MARCH
YEAR: 2020
LATITUDE: 39 20 N
LONGITUDE: 81 26 W
[TEMPERATURE DATA] [PRECIPITATION DATA] SYMBOLS USED IN COLUMN 16
AVERAGE MONTHLY: 49.5 TOTAL FOR MONTH: 3.88 1 = FOG OR MIST
DPTR FM NORMAL: 6.0 DPTR FM NORMAL: 0.15 2 = FOG REDUCING VISIBILITY
HIGHEST: 86 ON 28 GRTST 24HR 0.95 ON 18-18 TO 1/4 MILE OR LESS
LOWEST: 17 ON 1 3 = THUNDER
SNOW, ICE PELLETS, HAIL 4 = ICE PELLETS
TOTAL MONTH: M 5 = HAIL
GRTST 24HR M ON M 6 = FREEZING RAIN OR DRIZZLE
GRTST DEPTH: M ON M 7 = DUSTSTORM OR SANDSTORM:
VSBY 1/2 MILE OR LESS
8 = SMOKE OR HAZE
[NO. OF DAYS WITH] [WEATHER - DAYS WITH] 9 = BLOWING SNOW
X = TORNADO
MAX 32 OR BELOW: 0 0.01 INCH OR MORE: 20
MAX 90 OR ABOVE: 0 0.10 INCH OR MORE: 10
MIN 32 OR BELOW: 7 0.50 INCH OR MORE: 2
MIN 0 OR BELOW: 0 1.00 INCH OR MORE: 0
[HDD (BASE 65) ]
TOTAL THIS MO. 484 CLEAR (SCALE 0-3) 7
DPTR FM NORMAL -187 PTCLDY (SCALE 4-7) 13
TOTAL FM JUL 1 3885 CLOUDY (SCALE 8-10) 11
DPTR FM NORMAL -576
[CDD (BASE 65) ]
TOTAL THIS MO. 10
DPTR FM NORMAL 7 [PRESSURE DATA]
TOTAL FM JAN 1 14 HIGHEST SLP 30.59 ON 7
DPTR FM NORMAL 11 LOWEST SLP 29.49 ON 3
[REMARKS]
#FINAL-03-20#