000
CXUS53 KAPX 010730
CF6PLN
PRELIMINARY LOCAL CLIMATOLOGICAL DATA (WS FORM: F-6)
STATION: PELLSTON
MONTH: AUGUST
YEAR: 2021
LATITUDE: 45 34 N
LONGITUDE: 84 48 W
TEMPERATURE IN F: :PCPN: SNOW: WIND :SUNSHINE: SKY :PK WND
================================================================================
1 2 3 4 5 6A 6B 7 8 9 10 11 12 13 14 15 16 17 18
12Z AVG MX 2MIN
DY MAX MIN AVG DEP HDD CDD WTR SNW DPTH SPD SPD DIR MIN PSBL S-S WX SPD DR
================================================================================
1 74 52 63 -3 2 0 0.00 M M 8.0 16 330 M M 6 23 40
2 74 48 61 -5 4 0 0.00 M M 4.7 15 280 M M 1 1 21 310
3 80 56 68 2 0 3 0.00 M M 4.1 13 260 M M 1 8 18 240
4 81 56 69 3 0 4 0.00 M M 2.4 12 250 M M 4 18 16 230
5 84 57 71 5 0 6 0.00 M M 4.0 15 270 M M 2 18 23 290
6 76 64 70 4 0 5 0.03 M M 5.5 13 230 M M 8 1 21 190
7 79 66 73 7 0 8 0.24 M M 5.0 10 130 M M 7 1 15 320
8 79 67 73 7 0 8 1.02 M M 5.6 14 150 M M 8 1 18 140
9 83 69 76 10 0 11 0.57 M M 3.5 18 220 M M 5 123 26 220
10 83 68 76 10 0 11 0.20 M M 4.6 20 220 M M 7 13 30 210
11 85 68 77 11 0 12 0.68 M M 6.7 23 220 M M 5 13 45 230
12 84 60 72 6 0 7 0.00 M M 6.6 21 270 M M 4 12 34 250
13 76 50 63 -2 2 0 0.00 M M 5.7 17 320 M M 1 1 24 240
14 75 46 61 -4 4 0 0.00 M M 3.4 14 320 M M 0 1 20 290
15 82 50 66 1 0 1 0.00 M M 5.1 13 230 M M 0 20 250
16 83 51 67 2 0 2 0.00 M M 1.6 13 80 M M 0 1 17 80
17 82 52 67 2 0 2 0.00 M M 2.1 10 20 M M 1 1 14 330
18 85 49 67 2 0 2 0.00 M M 1.4 9 270 M M 1 1 13 180
19 88 54 71 6 0 6 0.00 M M 2.3 13 330 M M 1 12 18 340
20 87 56 72 8 0 7 0.00 M M 2.0 10 330 M M 0 1 15 330
21 91 61 76 12 0 11 0.03 M M 5.7 21 340 M M 2 1 34 330
22 79 55 67 3 0 2 T M M 5.2 14 20 M M 3 19 350
23 80 52 66 2 0 1 0.00 M M 3.2 13 220 M M 1 1 19 220
24 88 62 75 11 0 10 0.00 M M 2.9 14 270 M M 2 1 22 260
25 87 61 74 10 0 9 0.00 M M 3.2 13 210 M M 3 1 18 210
26 84 61 73 10 0 8 0.00 M M 3.8 13 10 M M 2 1 17 360
27 69 61 65 2 0 0 0.47 M M 10.2 20 70 M M 9 1 26 90
28 85 63 74 11 0 9 0.05 M M 3.5 9 90 M M 5 13 13 140
29 88 60 74 11 0 9 1.00 M M 8.7 31 220 M M 1 138 50 250
30 77 56 67 5 0 2 0.00 M M 6.8 18 300 M M 2 24 300
31 76 49 63 1 2 0 0.00 M M 3.8 14 10 M M 1 18 350
================================================================================
SM 2524 1780 14 156 4.29 M 141.3 M 93
================================================================================
AV 81.4 57.4 4.6 FASTST M M 3 MAX(MPH)
MISC ----> 31 220 50 250
================================================================================
NOTES:
# LAST OF SEVERAL OCCURRENCES
COLUMN 17 PEAK WIND IN M.P.H.
PRELIMINARY LOCAL CLIMATOLOGICAL DATA (WS FORM: F-6) , PAGE 2
STATION: PELLSTON
MONTH: AUGUST
YEAR: 2021
LATITUDE: 45 34 N
LONGITUDE: 84 48 W
[TEMPERATURE DATA] [PRECIPITATION DATA] SYMBOLS USED IN COLUMN 16
AVERAGE MONTHLY: 69.4 TOTAL FOR MONTH: 4.29 1 = FOG OR MIST
DPTR FM NORMAL: 4.7 DPTR FM NORMAL: 1.44 2 = FOG REDUCING VISIBILITY
HIGHEST: 91 ON 21 GRTST 24HR 1.26 ON 7- 8 TO 1/4 MILE OR LESS
LOWEST: 46 ON 14 3 = THUNDER
SNOW, ICE PELLETS, HAIL 4 = ICE PELLETS
TOTAL MONTH: M 5 = HAIL
GRTST 24HR M ON M 6 = FREEZING RAIN OR DRIZZLE
GRTST DEPTH: M ON M 7 = DUSTSTORM OR SANDSTORM:
VSBY 1/2 MILE OR LESS
8 = SMOKE OR HAZE
[NO. OF DAYS WITH] [WEATHER - DAYS WITH] 9 = BLOWING SNOW
X = TORNADO
MAX 32 OR BELOW: 0 0.01 INCH OR MORE: 10
MAX 90 OR ABOVE: 1 0.10 INCH OR MORE: 7
MIN 32 OR BELOW: 0 0.50 INCH OR MORE: 4
MIN 0 OR BELOW: 0 1.00 INCH OR MORE: 2
[HDD (BASE 65) ]
TOTAL THIS MO. 14 CLEAR (SCALE 0-3) 18
DPTR FM NORMAL -65 PTCLDY (SCALE 4-7) 12
TOTAL FM JUL 1 61 CLOUDY (SCALE 8-10) 1
DPTR FM NORMAL -80
[CDD (BASE 65) ]
TOTAL THIS MO. 156
DPTR FM NORMAL 84 [PRESSURE DATA]
TOTAL FM JAN 1 392 HIGHEST SLP 30.28 ON 14
DPTR FM NORMAL 164 LOWEST SLP 29.62 ON 11
[REMARKS]
#FINAL-08-21#