000
CXUS56 KLOX 011155
CF6PMD
PRELIMINARY LOCAL CLIMATOLOGICAL DATA (WS FORM: F-6)
STATION: PALMDALE AIRPORT CA
MONTH: APRIL
YEAR: 2022
LATITUDE: 34 37 N
LONGITUDE: 118 5 W
TEMPERATURE IN F: :PCPN: SNOW: WIND :SUNSHINE: SKY :PK WND
================================================================================
1 2 3 4 5 6A 6B 7 8 9 10 11 12 13 14 15 16 17 18
12Z AVG MX 2MIN
DY MAX MIN AVG DEP HDD CDD WTR SNW DPTH SPD SPD DIR MIN PSBL S-S WX SPD DR
================================================================================
1 79 42 61 5 4 0 0.00 M M 6.1 17 220 M M 0 18 20 220
2 79 49 64 8 1 0 0.00 M M 10.4 23 200 M M 0 28 160
3 78 50 64 8 1 0 0.00 M M 13.8 32 270 M M 0 37 270
4 79 49 64 7 1 0 0.00 M M 19.1 38 270 M M 0 44 270
5 78 53 66 9 0 1 0.00 M M 18.7 31 280 M M 0 39 280
6 86 45 66 9 0 1 0.00 M M 6.6 18 40 M M 0 23 50
7 87 45 66 9 0 1 0.00 M M 8.8 25 50 M M 0 32 60
8 91 46 69 12 0 4 0.00 M M 6.0 21 270 M M 0 24 270
9 84 59 72 14 0 7 0.00 M M 19.8 39 280 M M 0 45 280
10 78 51 65 7 0 0 0.00 M M 18.4 33 290 M M 0 39 280
11 66 43 55 -3 10 0 0.00 M M 22.6 45 280 M M 2 54 280
12 57 37 47 -11 18 0 0.00 M M 17.6 37 270 M M 0 44 270
13 70 38 54 -4 11 0 0.00 M M 16.5 30 280 M M 0 36 290
14 71 43 57 -2 8 0 0.00 M M 13.7 28 260 M M 0 33 260
15 74 45 60 1 5 0 0.00 M M 13.5 24 290 M M 0 33 240
16 67 47 57 -2 8 0 0.00 M M 16.2 31 220 M M 0 38 220
17 83 43 63 3 2 0 0.00 M M 7.0 18 240 M M 0 21 260
18 84 46 65 5 0 0 0.00 M M 9.4 18 210 M M 0 23 220
19 76 54 65 5 0 0 0.00 M M 17.6 31 280 M M 0 42 280
20 72 50 61 1 4 0 0.00 M M 16.5 29 230 M M 0 33 230
21 68 48 58 -2 7 0 0.01 M M 18.4 32 220 M M 2 38 210
22 61 44 53 -8 12 0 0.02 M M 19.0 39 280 M M 2 46 270
23 72 40 56 -5 9 0 0.00 M M 8.1 24 290 M M 0 28 290
24 76 41 59 -2 6 0 0.00 M M 6.2 22 60 M M 0 27 70
25 82 44 63 1 2 0 0.00 M M 6.9 18 220 M M 0 25 90
26 82 50 66 4 0 1 0.00 M M 10.6 23 240 M M 0 27 240
27 77 52 65 3 0 0 0.00 M M 13.7 25 250 M M 0 32 260
28 71 51 61 -1 4 0 0.00 M M 16.9 33 270 M M 0 42 220
29 81 43 62 -1 3 0 0.00 M M 8.4 20 280 M M 0 24 230
30 88 44 66 3 0 1 0.00 M M 12.7 36 290 M M 0 40 280
================================================================================
SM 2297 1392 116 16 0.03 M 399.2 M 6
================================================================================
AV 76.6 46.4 13.3 FASTST M M 0 MAX(MPH)
MISC ----> 45 280 54 280
================================================================================
NOTES:
# LAST OF SEVERAL OCCURRENCES
COLUMN 17 PEAK WIND IN M.P.H.
PRELIMINARY LOCAL CLIMATOLOGICAL DATA (WS FORM: F-6) , PAGE 2
STATION: PALMDALE AIRPORT CA
MONTH: APRIL
YEAR: 2022
LATITUDE: 34 37 N
LONGITUDE: 118 5 W
[TEMPERATURE DATA] [PRECIPITATION DATA] SYMBOLS USED IN COLUMN 16
AVERAGE MONTHLY: 61.5 TOTAL FOR MONTH: 0.03 1 = FOG OR MIST
DPTR FM NORMAL: 2.2 DPTR FM NORMAL: -0.23 2 = FOG REDUCING VISIBILITY
HIGHEST: 91 ON 8 GRTST 24HR 0.03 ON 21-22 TO 1/4 MILE OR LESS
LOWEST: 37 ON 12 3 = THUNDER
SNOW, ICE PELLETS, HAIL 4 = ICE PELLETS
TOTAL MONTH: M 5 = HAIL
GRTST 24HR M ON M 6 = FREEZING RAIN OR DRIZZLE
GRTST DEPTH: M ON M 7 = DUSTSTORM OR SANDSTORM:
VSBY 1/2 MILE OR LESS
8 = SMOKE OR HAZE
[NO. OF DAYS WITH] [WEATHER - DAYS WITH] 9 = BLOWING SNOW
X = TORNADO
MAX 32 OR BELOW: 0 0.01 INCH OR MORE: 2
MAX 90 OR ABOVE: 1 0.10 INCH OR MORE: 0
MIN 32 OR BELOW: 0 0.50 INCH OR MORE: 0
MIN 0 OR BELOW: 0 1.00 INCH OR MORE: 0
[HDD (BASE 65) ]
TOTAL THIS MO. 116 CLEAR (SCALE 0-3) 30
DPTR FM NORMAL -82 PTCLDY (SCALE 4-7) 0
TOTAL FM JUL 1 2440 CLOUDY (SCALE 8-10) 0
DPTR FM NORMAL -263
[CDD (BASE 65) ]
TOTAL THIS MO. 16
DPTR FM NORMAL -11 [PRESSURE DATA]
TOTAL FM JAN 1 24 HIGHEST SLP 30.27 ON 7
DPTR FM NORMAL -5 LOWEST SLP 29.72 ON 10
[REMARKS]
#FINAL-04-22#