000
CXUS54 KOUN 010810
CF6PNC
PRELIMINARY LOCAL CLIMATOLOGICAL DATA (WS FORM: F-6)
STATION: PONCA CITY
MONTH: JUNE
YEAR: 2022
LATITUDE: 36 44 N
LONGITUDE: 97 6 W
TEMPERATURE IN F: :PCPN: SNOW: WIND :SUNSHINE: SKY :PK WND
================================================================================
1 2 3 4 5 6A 6B 7 8 9 10 11 12 13 14 15 16 17 18
12Z AVG MX 2MIN
DY MAX MIN AVG DEP HDD CDD WTR SNW DPTH SPD SPD DIR MIN PSBL S-S WX SPD DR
================================================================================
1 76 60 68 -6 0 3 0.37 M M 9.8 24 10 M M 6 13 28 360
2 79 58 69 -5 0 4 0.00 M M 7.8 15 30 M M 4 20 30
3 80 60 70 -4 0 5 T M M 6.4 15 130 M M 3 17 100
4 85 60 73 -2 0 8 T M M 7.4 21 120 M M 3 28 120
5 84 64 74 -1 0 9 1.05 M M 10.6 24 330 M M 5 13 40 320
6 89 64 77 2 0 12 0.21 M M 5.4 14 150 M M 2 13 17 150
7 87 69 78 2 0 13 0.02 M M 7.2 25 340 M M 2 36 350
8 81 63 72 -4 0 7 0.01 M M 8.3 23 360 M M 3 3 29 360
9 84 59 72 -4 0 7 0.00 M M 7.0 18 150 M M 1 23 140
10 74 63 69 -7 0 4 0.71 M M 8.1 54 10 M M 2 138 63 10
11 M M M M M M 0.00 M M M M M M M 0 M M
12 M M M M M M M M M M M M M M M M M
13 M M M M M M 0.00 M M M M M M M 0 M M
14 M M M M M M M M M M M M M M 0 M M
15 M M M M M M 0.00 M M 14.3 23 150 M M 1 30 170
16 97 77 87 9 0 22 0.00 M M 10.2 18 150 M M 0 22 150
17 97 73 85 7 0 20 0.00 M M 9.4 17 140 M M 0 22 130
18 96 71 84 6 0 19 0.00 M M 8.1 22 150 M M 0 32 140
19 94 73 84 5 0 19 0.00 M M 12.7 21 140 M M 1 26 160
20 96 75 86 7 0 21 0.00 0.0 M 13.9 22 150 M M 0 8 27 160
21 101 78 90 11 0 25 0.00 0.0 M 10.9 22 150 M M 0 28 150
22 98 75 87 8 0 22 0.00 0.0 M 9.5 23 10 M M 1 3 32 10
23 99 76 88 8 0 23 0.00 M M 11.4 22 140 M M 0 29 140
24 103 81 92 12 0 27 0.00 M M 15.0 25 160 M M 0 32 160
25 105 79 92 12 0 27 0.13 M M 11.5 22 20 M M 0 3 36 360
26 83 63 73 -7 0 8 0.16 M M 14.4 30 30 M M 2 3 37 30
27 80 59 70 -10 0 5 0.00 M M 6.9 15 20 M M 2 18 360
28 89 64 77 -4 0 12 0.00 M M 4.7 14 20 M M 3 19 20
29 93 61 77 -4 0 12 0.00 M M 7.9 18 150 M M 0 25 150
30 97 68 83 2 0 18 0.00 0.0 0 11.2 20 150 M M 0 24 160
================================================================================
SM 2247 1693 0 352 2.66 0.0 250.0 M 41
================================================================================
AV 89.9 67.7 9.6 FASTST M M 1 MAX(MPH)
MISC ----> 54 10 63 10
================================================================================
NOTES:
# LAST OF SEVERAL OCCURRENCES
COLUMN 17 PEAK WIND IN M.P.H.
PRELIMINARY LOCAL CLIMATOLOGICAL DATA (WS FORM: F-6) , PAGE 2
STATION: PONCA CITY
MONTH: JUNE
YEAR: 2022
LATITUDE: 36 44 N
LONGITUDE: 97 6 W
[TEMPERATURE DATA] [PRECIPITATION DATA] SYMBOLS USED IN COLUMN 16
AVERAGE MONTHLY: 78.8 TOTAL FOR MONTH: 2.66 1 = FOG OR MIST
DPTR FM NORMAL: 1.2 DPTR FM NORMAL: -2.04 2 = FOG REDUCING VISIBILITY
HIGHEST: 105 ON 25 GRTST 24HR 1.26 ON 5- 6 TO 1/4 MILE OR LESS
LOWEST: 58 ON 2 3 = THUNDER
SNOW, ICE PELLETS, HAIL 4 = ICE PELLETS
TOTAL MONTH: 0.0 INCH 5 = HAIL
GRTST 24HR 0.0 6 = FREEZING RAIN OR DRIZZLE
GRTST DEPTH: 0 7 = DUSTSTORM OR SANDSTORM:
VSBY 1/2 MILE OR LESS
8 = SMOKE OR HAZE
[NO. OF DAYS WITH] [WEATHER - DAYS WITH] 9 = BLOWING SNOW
X = TORNADO
MAX 32 OR BELOW: 0 0.01 INCH OR MORE: 8
MAX 90 OR ABOVE: 12 0.10 INCH OR MORE: 6
MIN 32 OR BELOW: 0 0.50 INCH OR MORE: 2
MIN 0 OR BELOW: 0 1.00 INCH OR MORE: 1
[HDD (BASE 65) ]
TOTAL THIS MO. 0 CLEAR (SCALE 0-3) 25
DPTR FM NORMAL -2 PTCLDY (SCALE 4-7) 4
TOTAL FM JUL 1 3522 CLOUDY (SCALE 8-10) 1
DPTR FM NORMAL -433
[CDD (BASE 65) ]
TOTAL THIS MO. 352
DPTR FM NORMAL -29 [PRESSURE DATA]
TOTAL FM JAN 1 654 HIGHEST SLP M ON M
DPTR FM NORMAL 66 LOWEST SLP 29.53 ON 5
[REMARKS]
#FINAL-06-22#