000
CXUS54 KMOB 011525
CF6PNS
PRELIMINARY LOCAL CLIMATOLOGICAL DATA (WS FORM: F-6)
STATION: PENSACOLA
MONTH: SEPTEMBER
YEAR: 2023
LATITUDE: 30 28 N
LONGITUDE: 87 12 W
TEMPERATURE IN F: :PCPN: SNOW: WIND :SUNSHINE: SKY :PK WND
================================================================================
1 2 3 4 5 6A 6B 7 8 9 10 11 12 13 14 15 16 17 18
12Z AVG MX 2MIN
DY MAX MIN AVG DEP HDD CDD WTR SNW DPTH SPD SPD DIR MIN PSBL S-S WX SPD DR
================================================================================
1 85 75 80 -2 0 15 0.88 0.0 0 6.3 16 100 M M 6 13 23 100
2 85 77 81 -1 0 16 0.13 0.0 0 7.2 15 90 M M 7 21 80
3 85 77 81 -1 0 16 0.12 0.0 0 7.5 21 110 M M 7 1 28 110
4 91 77 84 2 0 19 0.00 0.0 0 8.4 15 140 M M 0 21 130
5 90 77 84 2 0 19 0.00 0.0 0 7.7 15 120 M M 1 21 120
6 92 78 85 3 0 20 0.00 0.0 0 5.8 15 200 M M 0 23 180
7 95 77 86 4 0 21 0.05 0.0 0 6.5 17 170 M M 2 3 22 210
8 96 74 85 4 0 20 0.00 0.0 0 5.8 16 340 M M 2 22 330
9 95 66 81 0 0 16 0.00 0.0 0 7.8 17 180 M M 0 21 180
10 92 73 83 2 0 18 0.00 0.0 0 6.6 13 190 M M 0 19 190
11 91 74 83 2 0 18 0.00 0.0 0 5.0 15 190 M M 1 20 160
12 89 77 83 2 0 18 0.12 0.0 0 3.5 15 300 M M 2 13 20 310
13 93 74 84 3 0 19 0.80 0.0 0 4.5 29 150 M M 2 13 35 160
14 92 74 83 3 0 18 0.69 0.0 0 3.5 14 280 M M 4 1238 20 270
15 89 75 82 2 0 17 0.66 0.0 0 5.2 21 350 M M 4 138 28 340
16 87 76 82 2 0 17 0.05 0.0 0 5.8 20 350 M M 2 3 25 340
17 92 74 83 3 0 18 0.01 0.0 0 6.0 16 350 M M 3 3 21 340
18 90 69 80 0 0 15 0.00 0.0 0 6.7 15 350 M M 0 23 340
19 88 67 78 -2 0 13 0.00 0.0 0 6.8 13 150 M M 0 18 160
20 84 72 78 -1 0 13 0.02 0.0 0 8.2 22 110 M M 4 3 30 110
21 89 72 81 2 0 16 T 0.0 0 6.3 16 150 M M 4 21 130
22 86 71 79 0 0 14 0.00 0.0 0 5.6 12 150 M M 1 17 160
23 89 68 79 0 0 14 0.00 0.0 0 4.4 10 190 M M 1 14 350
24 90 68 79 1 0 14 0.00 0.0 0 4.7 13 220 M M 1 17 200
25 90 69 80 2 0 15 0.00 0.0 0 4.7 16 150 M M 0 21 150
26 90 73 82 4 0 17 T 0.0 0 8.1 16 110 M M 2 21 110
27 85 75 80 2 0 15 0.00 0.0 0 9.2 16 80 M M 8 24 90
28 80 72 76 -1 0 11 0.00 0.0 0 7.1 14 70 M M 6 8 21 70
29 89 68 79 2 0 14 0.00 0.0 0 6.2 13 70 M M 0 8 18 70
30 92 71 82 5 0 17 0.00 0.0 0 6.5 15 110 M M 0 20 110
================================================================================
SM 2681 2190 0 493 3.53 0.0 187.6 M 70
================================================================================
AV 89.4 73.0 6.3 FASTST M M 2 MAX(MPH)
MISC ----> 29 150 35 160
================================================================================
NOTES:
# LAST OF SEVERAL OCCURRENCES
COLUMN 17 PEAK WIND IN M.P.H.
PRELIMINARY LOCAL CLIMATOLOGICAL DATA (WS FORM: F-6) , PAGE 2
STATION: PENSACOLA
MONTH: SEPTEMBER
YEAR: 2023
LATITUDE: 30 28 N
LONGITUDE: 87 12 W
[TEMPERATURE DATA] [PRECIPITATION DATA] SYMBOLS USED IN COLUMN 16
AVERAGE MONTHLY: 81.2 TOTAL FOR MONTH: 3.53 1 = FOG OR MIST
DPTR FM NORMAL: 1.2 DPTR FM NORMAL: -3.08 2 = FOG REDUCING VISIBILITY
HIGHEST: 96 ON 8 GRTST 24HR 1.17 ON 31- 1 TO 1/4 MILE OR LESS
LOWEST: 66 ON 9 3 = THUNDER
SNOW, ICE PELLETS, HAIL 4 = ICE PELLETS
TOTAL MONTH: 0.0 INCH 5 = HAIL
GRTST 24HR 0.0 6 = FREEZING RAIN OR DRIZZLE
GRTST DEPTH: 0 7 = DUSTSTORM OR SANDSTORM:
VSBY 1/2 MILE OR LESS
8 = SMOKE OR HAZE
[NO. OF DAYS WITH] [WEATHER - DAYS WITH] 9 = BLOWING SNOW
X = TORNADO
MAX 32 OR BELOW: 0 0.01 INCH OR MORE: 11
MAX 90 OR ABOVE: 16 0.10 INCH OR MORE: 7
MIN 32 OR BELOW: 0 0.50 INCH OR MORE: 4
MIN 0 OR BELOW: 0 1.00 INCH OR MORE: 0
[HDD (BASE 65) ]
TOTAL THIS MO. 0 CLEAR (SCALE 0-3) 20
DPTR FM NORMAL 0 PTCLDY (SCALE 4-7) 10
TOTAL FM JUL 1 0 CLOUDY (SCALE 8-10) 0
DPTR FM NORMAL 0
[CDD (BASE 65) ]
TOTAL THIS MO. 493
DPTR FM NORMAL 43 [PRESSURE DATA]
TOTAL FM JAN 1 3232 HIGHEST SLP 30.12 ON 2
DPTR FM NORMAL 588 LOWEST SLP 29.83 ON 8
[REMARKS]
#FINAL-09-23#