000
CXUS53 KPAH 010730
CF6POF
PRELIMINARY LOCAL CLIMATOLOGICAL DATA (WS FORM: F-6)
STATION: POPLAR BLUFF MO
MONTH: SEPTEMBER
YEAR: 2023
LATITUDE: 36 46 N
LONGITUDE: 90 19 W
TEMPERATURE IN F: :PCPN: SNOW: WIND :SUNSHINE: SKY :PK WND
================================================================================
1 2 3 4 5 6A 6B 7 8 9 10 11 12 13 14 15 16 17 18
12Z AVG MX 2MIN
DY MAX MIN AVG DEP HDD CDD WTR SNW DPTH SPD SPD DIR MIN PSBL S-S WX SPD DR
================================================================================
1 83 55 69 -6 0 4 0.00 M M 3.1 12 30 M M 0 16 10
2 88 61 75 0 0 10 0.00 M M 2.3 7 150 M M 4 11 210
3 86 71 79 5 0 14 0.00 M M 3.0 8 220 M M 6 1 12 180
4 93 70 82 8 0 17 0.36 M M 5.1 29 160 M M 3 13 39 160
5 84 70 77 3 0 12 0.02 M M 6.3 15 200 M M 4 22 210
6 90 66 78 4 0 13 0.13 M M 7.4 16 290 M M 2 13 29 300
7 84 58 71 -2 0 6 0.00 M M 4.3 13 350 M M 0 18 10
8 81 57 69 -4 0 4 0.00 M M 4.5 12 70 M M 1 1 16 60
9 79 58 69 -4 0 4 0.00 M M 6.1 14 20 M M 2 22 20
10 83 59 71 -1 0 6 0.00 M M 4.1 13 20 M M 0 18 50
11 85 57 71 -1 0 6 0.00 M M 2.5 9 250 M M 0 1 15 240
12 77 60 69 -3 0 4 0.06 M M 5.6 13 40 M M 7 17 30
13 79 53 66 -6 0 1 0.00 M M 4.1 13 10 M M 0 19 10
14 82 53 68 -3 0 3 0.00 M M 4.9 13 40 M M 0 17 40
15 82 50 66 -5 0 1 0.00 M M 3.6 12 40 M M 0 8 17 40
16 83 55 69 -2 0 4 0.00 M M 3.0 13 360 M M 2 17 350
17 82 55 69 -1 0 4 0.11 M M 5.8 21 300 M M 3 13 34 290
18 81 52 67 -3 0 2 0.00 M M 2.4 8 20 M M 1 1 14 30
19 85 50 68 -2 0 3 0.00 M M 3.3 14 210 M M 0 18 23 200
20 74 55 65 -4 0 0 T M M 2.3 10 140 M M 5 18 14 120
21 87 60 74 5 0 9 0.00 M M 4.6 13 210 M M 3 18 18 180
22 87 63 75 6 0 10 T M M 2.5 13 200 M M 2 18 19 220
23 88 60 74 6 0 9 0.00 M M 2.1 9 190 M M 1 18 14 150
24 83 64 74 6 0 9 0.06 M M 3.6 12 60 M M 4 1 18 60
25 88 62 75 7 0 10 0.00 M M 1.7 9 350 M M 4 1 14 360
26 92 61 77 10 0 12 0.00 M M 1.3 9 50 M M 1 1 15 280
27 93 62 78 11 0 13 T M M 4.2 15 240 M M 2 22 250
28 93 64 79 13 0 14 T M M 3.0 12 230 M M 1 17 240
29 94 62 78 12 0 13 0.00 M M 1.9 8 250 M M 2 12 12 230
30 93 62 78 12 0 13 0.00 M M 2.9 16 50 M M 0 1 22 60
================================================================================
SM 2559 1785 0 230 0.74 M 111.5 M 60
================================================================================
AV 85.3 59.5 3.7 FASTST M M 2 MAX(MPH)
MISC ----> 29 160 39 160
================================================================================
NOTES:
# LAST OF SEVERAL OCCURRENCES
COLUMN 17 PEAK WIND IN M.P.H.
PRELIMINARY LOCAL CLIMATOLOGICAL DATA (WS FORM: F-6) , PAGE 2
STATION: POPLAR BLUFF MO
MONTH: SEPTEMBER
YEAR: 2023
LATITUDE: 36 46 N
LONGITUDE: 90 19 W
[TEMPERATURE DATA] [PRECIPITATION DATA] SYMBOLS USED IN COLUMN 16
AVERAGE MONTHLY: 72.4 TOTAL FOR MONTH: 0.74 1 = FOG OR MIST
DPTR FM NORMAL: 1.8 DPTR FM NORMAL: -3.24 2 = FOG REDUCING VISIBILITY
HIGHEST: 94 ON 29 GRTST 24HR 0.38 ON 4- 5 TO 1/4 MILE OR LESS
LOWEST: 50 ON 19,15 3 = THUNDER
SNOW, ICE PELLETS, HAIL 4 = ICE PELLETS
TOTAL MONTH: M 5 = HAIL
GRTST 24HR M ON M 6 = FREEZING RAIN OR DRIZZLE
GRTST DEPTH: M ON M 7 = DUSTSTORM OR SANDSTORM:
VSBY 1/2 MILE OR LESS
8 = SMOKE OR HAZE
[NO. OF DAYS WITH] [WEATHER - DAYS WITH] 9 = BLOWING SNOW
X = TORNADO
MAX 32 OR BELOW: 0 0.01 INCH OR MORE: 6
MAX 90 OR ABOVE: 7 0.10 INCH OR MORE: 3
MIN 32 OR BELOW: 0 0.50 INCH OR MORE: 0
MIN 0 OR BELOW: 0 1.00 INCH OR MORE: 0
[HDD (BASE 65) ]
TOTAL THIS MO. 0 CLEAR (SCALE 0-3) 23
DPTR FM NORMAL -25 PTCLDY (SCALE 4-7) 7
TOTAL FM JUL 1 0 CLOUDY (SCALE 8-10) 0
DPTR FM NORMAL -23
[CDD (BASE 65) ]
TOTAL THIS MO. 230
DPTR FM NORMAL 37 [PRESSURE DATA]
TOTAL FM JAN 1 1621 HIGHEST SLP M ON M
DPTR FM NORMAL 37 LOWEST SLP 29.83 ON 6
[REMARKS]
#FINAL-09-23#