290
CXUS55 KALY 010810
CF6POU
PRELIMINARY LOCAL CLIMATOLOGICAL DATA (WS FORM: F-6)
STATION: POUGHKEEPSIE NY
MONTH: OCTOBER
YEAR: 2020
LATITUDE: 41 37 N
LONGITUDE: 73 53 W
TEMPERATURE IN F: :PCPN: SNOW: WIND :SUNSHINE: SKY :PK WND
================================================================================
1 2 3 4 5 6A 6B 7 8 9 10 11 12 13 14 15 16 17 18
12Z AVG MX 2MIN
DY MAX MIN AVG DEP HDD CDD WTR SNW DPTH SPD SPD DIR MIN PSBL S-S WX SPD DR
================================================================================
1 73 50 62 5 3 0 0.00 M M 3.3 14 230 M M 2 19 230
2 66 45 56 0 9 0 0.11 M M 2.2 13 250 M M 5 1 15 250
3 67 41 54 -2 11 0 0.00 M M 2.4 13 360 M M 1 16 360
4 66 37 52 -4 13 0 0.00 M M 1.8 8 110 M M 3 11 90
5 70 43 57 2 8 0 0.00 M M 1.3 8 350 M M 5 12 250
6 69 45 57 2 8 0 0.00 M M 2.3 14 230 M M 3 12 20 240
7 71 51 61 7 4 0 0.08 M M 6.7 31 280 M M 3 41 290
8 64 40 52 -2 13 0 0.00 M M 8.1 21 290 M M 2 28 290
9 67 36 52 -1 13 0 0.00 M M 1.6 10 250 M M 0 15 250
10 77 45 61 8 4 0 0.00 M M 4.7 15 180 M M 0 26 160
11 66 51 59 6 6 0 0.00 M M 6.9 17 40 M M 3 1 22 20
12 55 48 52 0 13 0 0.31 M M 5.9 13 50 M M 10 1 17 60
13 56 46 51 -1 14 0 0.33 M M 5.8 12 350 M M 10 1 16 350
14 70 37 54 2 11 0 0.00 M M 2.6 15 260 M M 1 12 19 230
15 74 42 58 7 7 0 0.00 M M 5.4 17 160 M M 0 26 160
16 64 47 56 5 9 0 0.60 M M 4.6 13 340 M M 9 1 19 350
17 61 34 48 -2 17 0 T M M 2.6 14 300 M M 3 12 19 310
18 63 30 47 -3 18 0 0.00 M M 3.7 14 140 M M 1 20 140
19 64 42 53 3 12 0 0.00 M M 2.5 8 170 M M 8 14 140
20 70 52 61 11 4 0 0.00 M M 1.5 8 160 M M 5 1 11 150
21 71 56 64 15 1 0 0.00 M M 3.3 12 170 M M 8 1 17 160
22 76 57 67 18 0 2 0.00 M M 2.0 9 160 M M 6 1 12 160
23 72 59 66 18 0 1 0.00 M M 4.0 13 130 M M 8 1 18 150
24 67 42 55 7 10 0 0.00 M M 5.4 20 20 M M 7 25 20
25 52 40 46 -2 19 0 0.01 M M 4.4 14 10 M M 3 18 360
26 52 44 48 0 17 0 0.06 M M 2.7 8 340 M M 10 1 10 350
27 57 50 54 7 11 0 0.00 M M 3.8 13 350 M M 8 1 15 350
28 55 44 50 3 15 0 0.26 M M 1.7 7 230 M M 8 1 9 210
29 48 44 46 -1 19 0 1.28 M M 4.9 15 10 M M 9 1 19 350
30 44 28 36 -10 29 0 0.34 M M 7.0 16 360 M M 9 1 24 350
31 46 23 35 -11 30 0 0.00 M M 1.3 8 130 M M 1 11 250
================================================================================
SM 1973 1349 348 3 3.38 M 116.4 M 151
================================================================================
AV 63.6 43.5 3.8 FASTST M M 5 MAX(MPH)
MISC ----> 31 280 41 290
================================================================================
NOTES:
# LAST OF SEVERAL OCCURRENCES
COLUMN 17 PEAK WIND IN M.P.H.
PRELIMINARY LOCAL CLIMATOLOGICAL DATA (WS FORM: F-6) , PAGE 2
STATION: POUGHKEEPSIE NY
MONTH: OCTOBER
YEAR: 2020
LATITUDE: 41 37 N
LONGITUDE: 73 53 W
[TEMPERATURE DATA] [PRECIPITATION DATA] SYMBOLS USED IN COLUMN 16
AVERAGE MONTHLY: 53.6 TOTAL FOR MONTH: 3.38 1 = FOG OR MIST
DPTR FM NORMAL: 2.6 DPTR FM NORMAL: -1.09 2 = FOG REDUCING VISIBILITY
HIGHEST: 77 ON 10 GRTST 24HR 1.51 ON 29-30 TO 1/4 MILE OR LESS
LOWEST: 23 ON 31 3 = THUNDER
SNOW, ICE PELLETS, HAIL 4 = ICE PELLETS
TOTAL MONTH: M 5 = HAIL
GRTST 24HR M ON M 6 = FREEZING RAIN OR DRIZZLE
GRTST DEPTH: M ON M 7 = DUSTSTORM OR SANDSTORM:
VSBY 1/2 MILE OR LESS
8 = SMOKE OR HAZE
[NO. OF DAYS WITH] [WEATHER - DAYS WITH] 9 = BLOWING SNOW
X = TORNADO
MAX 32 OR BELOW: 0 0.01 INCH OR MORE: 10
MAX 90 OR ABOVE: 0 0.10 INCH OR MORE: 7
MIN 32 OR BELOW: 3 0.50 INCH OR MORE: 2
MIN 0 OR BELOW: 0 1.00 INCH OR MORE: 1
[HDD (BASE 65) ]
TOTAL THIS MO. 348 CLEAR (SCALE 0-3) 14
DPTR FM NORMAL -88 PTCLDY (SCALE 4-7) 9
TOTAL FM JUL 1 445 CLOUDY (SCALE 8-10) 8
DPTR FM NORMAL -133
[CDD (BASE 65) ]
TOTAL THIS MO. 3
DPTR FM NORMAL -1 [PRESSURE DATA]
TOTAL FM JAN 1 1020 HIGHEST SLP 30.54 ON 31
DPTR FM NORMAL 348 LOWEST SLP 29.54 ON 7
[REMARKS]
#FINAL-10-20#