000
CXUS55 KALY 010710
CF6POU
PRELIMINARY LOCAL CLIMATOLOGICAL DATA (WS FORM: F-6)
STATION: POUGHKEEPSIE NY
MONTH: MAY
YEAR: 2020
LATITUDE: 41 37 N
LONGITUDE: 73 53 W
TEMPERATURE IN F: :PCPN: SNOW: WIND :SUNSHINE: SKY :PK WND
================================================================================
1 2 3 4 5 6A 6B 7 8 9 10 11 12 13 14 15 16 17 18
12Z AVG MX 2MIN
DY MAX MIN AVG DEP HDD CDD WTR SNW DPTH SPD SPD DIR MIN PSBL S-S WX SPD DR
================================================================================
1 62 52 57 3 8 0 0.49 M M 3.0 14 320 M M 9 18 18 320
2 73 41 57 2 8 0 0.00 M M 5.9 18 360 M M 2 25 330
3 81 54 68 13 0 3 0.04 M M 4.7 21 260 M M 3 25 260
4 67 47 57 2 8 0 0.01 M M 8.7 24 330 M M 5 34 330
5 62 37 50 -6 15 0 0.00 M M 6.2 18 310 M M 0 27 330
6 58 33 46 -10 19 0 0.01 M M 3.4 14 60 M M 7 19 60
7 66 37 52 -4 13 0 0.00 M M 6.6 20 300 M M 5 27 280
8 53 33 43 -13 22 0 0.52 M M 5.7 20 20 M M 7 1 24 30
9 47 33 40 -17 25 0 0.01 M M 13.1 26 310 M M 6 1 40 260
10 64 34 49 -8 16 0 0.00 M M 8.7 21 240 M M 3 33 270
11 59 36 48 -9 17 0 0.13 M M 5.6 25 270 M M 7 18 35 260
12 57 40 49 -9 16 0 0.00 M M 11.1 26 270 M M 5 33 270
13 62 29 46 -12 19 0 0.00 M M 4.7 16 260 M M 0 22 260
14 70 31 51 -7 14 0 0.00 M M 3.5 15 160 M M 2 19 160
15 85 55 70 12 0 5 0.53 M M 4.9 22 230 M M 6 1 29 240
16 76 56 66 7 0 1 0.04 M M 5.0 13 20 M M 3 1 18 10
17 72 53 63 4 2 0 0.00 M M 5.5 13 240 M M 7 18 140
18 68 54 61 2 4 0 T M M 4.4 14 10 M M 9 18 20
19 70 47 59 -1 6 0 0.00 M M 6.8 21 90 M M 0 30 90
20 70 42 56 -4 9 0 0.00 M M 4.5 14 120 M M 0 19 110
21 75 36 56 -4 9 0 0.00 M M 3.1 12 250 M M 0 15 210
22 80 47 64 3 1 0 0.01 M M 4.7 14 240 M M 3 18 180
23 69 50 60 -1 5 0 1.34 M M 2.8 14 90 M M 8 1 20 110
24 75 43 59 -2 6 0 0.00 M M 3.7 14 240 M M 0 16 40
25 76 52 64 3 1 0 0.00 M M 3.5 12 140 M M 5 18 17 210
26 85 56 71 9 0 6 0.00 M M 4.1 10 150 M M 1 1 15 170
27 83 59 71 9 0 6 0.00 M M 4.8 12 140 M M 0 17 180
28 77 63 70 8 0 5 0.03 M M 6.0 15 140 M M 8 1 21 180
29 85 68 77 14 0 12 0.16 M M 7.6 20 240 M M 7 138 27 250
30 80 63 72 9 0 7 0.15 M M 7.7 17 350 M M 6 1 23 340
31 68 44 56 -7 9 0 0.00 M M 8.6 18 280 M M 2 24 270
================================================================================
SM 2175 1425 252 45 3.47 M 178.6 M 126
================================================================================
AV 70.2 46.0 5.8 FASTST M M 4 MAX(MPH)
MISC ----> # 26 310 40 260
================================================================================
NOTES:
# LAST OF SEVERAL OCCURRENCES
COLUMN 17 PEAK WIND IN M.P.H.
PRELIMINARY LOCAL CLIMATOLOGICAL DATA (WS FORM: F-6) , PAGE 2
STATION: POUGHKEEPSIE NY
MONTH: MAY
YEAR: 2020
LATITUDE: 41 37 N
LONGITUDE: 73 53 W
[TEMPERATURE DATA] [PRECIPITATION DATA] SYMBOLS USED IN COLUMN 16
AVERAGE MONTHLY: 58.1 TOTAL FOR MONTH: 3.47 1 = FOG OR MIST
DPTR FM NORMAL: -0.7 DPTR FM NORMAL: -0.94 2 = FOG REDUCING VISIBILITY
HIGHEST: 85 ON 29,26 GRTST 24HR 1.35 ON 22-23 TO 1/4 MILE OR LESS
LOWEST: 29 ON 13 3 = THUNDER
SNOW, ICE PELLETS, HAIL 4 = ICE PELLETS
TOTAL MONTH: M 5 = HAIL
GRTST 24HR M ON M 6 = FREEZING RAIN OR DRIZZLE
GRTST DEPTH: M ON M 7 = DUSTSTORM OR SANDSTORM:
VSBY 1/2 MILE OR LESS
8 = SMOKE OR HAZE
[NO. OF DAYS WITH] [WEATHER - DAYS WITH] 9 = BLOWING SNOW
X = TORNADO
MAX 32 OR BELOW: 0 0.01 INCH OR MORE: 14
MAX 90 OR ABOVE: 0 0.10 INCH OR MORE: 7
MIN 32 OR BELOW: 2 0.50 INCH OR MORE: 3
MIN 0 OR BELOW: 0 1.00 INCH OR MORE: 1
[HDD (BASE 65) ]
TOTAL THIS MO. 252 CLEAR (SCALE 0-3) 14
DPTR FM NORMAL 29 PTCLDY (SCALE 4-7) 14
TOTAL FM JUL 1 5605 CLOUDY (SCALE 8-10) 3
DPTR FM NORMAL -557
[CDD (BASE 65) ]
TOTAL THIS MO. 45
DPTR FM NORMAL 14 [PRESSURE DATA]
TOTAL FM JAN 1 45 HIGHEST SLP M ON M
DPTR FM NORMAL 9 LOWEST SLP 29.58 ON 3
[REMARKS]
#FINAL-05-20#