000
CXUS56 KFGZ 010910
CF6PRC
PRELIMINARY LOCAL CLIMATOLOGICAL DATA (WS FORM: F-6)
STATION: PRESCOTT AZ AIRPORT
MONTH: JANUARY
YEAR: 2023
LATITUDE: 34 39 N
LONGITUDE: 112 26 W
TEMPERATURE IN F: :PCPN: SNOW: WIND :SUNSHINE: SKY :PK WND
================================================================================
1 2 3 4 5 6A 6B 7 8 9 10 11 12 13 14 15 16 17 18
12Z AVG MX 2MIN
DY MAX MIN AVG DEP HDD CDD WTR SNW DPTH SPD SPD DIR MIN PSBL S-S WX SPD DR
================================================================================
1 49 32 41 3 24 0 0.89 M M 10.0 30 180 M M 8 1 42 180
2 39 30 35 -3 30 0 0.02 M M 8.2 17 230 M M 6 1 22 220
3 41 30 36 -3 29 0 0.03 M M 8.0 16 210 M M 8 1 22 220
4 45 27 36 -3 29 0 0.00 M M 4.7 12 140 M M 7 1 14 150
5 55 29 42 3 23 0 0.02 M M 9.2 28 210 M M 1 35 210
6 51 27 39 0 26 0 0.00 M M 5.0 13 200 M M 2 17 200
7 54 22 38 -1 27 0 0.00 M M 3.7 9 190 M M 0 9 190
8 58 26 42 3 23 0 0.00 M M 3.8 13 220 M M 0 15 230
9 58 29 44 5 21 0 0.00 M M 5.4 15 200 M M 2 23 240
10 56 38 47 8 18 0 0.09 M M 12.9 25 200 M M 3 1 32 200
11 48 27 38 -1 27 0 0.00 M M 5.4 18 240 M M 0 23 240
12 58 23 41 1 24 0 0.00 M M 3.6 12 150 M M 0 13 150
13 57 26 42 2 23 0 0.00 M M 4.3 9 170 M M 0 11 360
14 57 33 45 5 20 0 0.32 M M 8.3 20 210 M M 4 1 31 190
15 43 34 39 -1 26 0 0.48 M M 11.8 25 230 M M 9 1 33 220
16 43 35 39 -1 26 0 0.30 M M 12.4 31 200 M M 9 1 42 210
17 37 30 34 -6 31 0 0.37 M M 10.9 23 220 M M 8 1 28 250
18 42 25 34 -6 31 0 T M M 5.2 14 230 M M 5 1 22 280
19 45 21 33 -7 32 0 0.00 M M 6.8 17 210 M M 2 24 210
20 35 21 28 -12 37 0 0.09 M M 6.6 20 230 M M 8 1 24 230
21 43 21 32 -8 33 0 0.00 M M 5.5 13 320 M M 0 17 330
22 46 18 32 -8 33 0 T M M 8.4 20 260 M M 2 25 250
23 38 18 28 -12 37 0 0.05 M M 10.6 22 330 M M 6 1 27 330
24 47 22 35 -5 30 0 0.00 M M 7.5 20 350 M M 0 24 330
25 46 22 34 -6 31 0 0.00 M M 8.3 20 350 M M 0 23 350
26 42 19 31 -9 34 0 0.00 M M 6.1 23 30 M M 0 27 30
27 53 18 36 -5 29 0 0.00 M M 4.6 10 150 M M 0 11 150
28 51 21 36 -5 29 0 0.00 M M 4.1 14 120 M M 0 19 140
29 51 24 38 -3 27 0 0.00 M M 9.1 23 200 M M 1 29 200
30 42 33 38 -3 27 0 0.04 M M 6.7 15 150 M M 10 1 19 140
31 45 27 36 -5 29 0 0.00 M M 4.6 15 30 M M 7 17 30
================================================================================
SM 1475 808 866 0 2.70 M 221.7 M 108
================================================================================
AV 47.6 26.1 7.2 FASTST M M 3 MAX(MPH)
MISC ----> 31 200 # 42 180
================================================================================
NOTES:
# LAST OF SEVERAL OCCURRENCES
COLUMN 17 PEAK WIND IN M.P.H.
PRELIMINARY LOCAL CLIMATOLOGICAL DATA (WS FORM: F-6) , PAGE 2
STATION: PRESCOTT AZ AIRPORT
MONTH: JANUARY
YEAR: 2023
LATITUDE: 34 39 N
LONGITUDE: 112 26 W
[TEMPERATURE DATA] [PRECIPITATION DATA] SYMBOLS USED IN COLUMN 16
AVERAGE MONTHLY: 36.8 TOTAL FOR MONTH: 2.70 1 = FOG OR MIST
DPTR FM NORMAL: -2.9 DPTR FM NORMAL: 1.49 2 = FOG REDUCING VISIBILITY
HIGHEST: 58 ON 12, 9 GRTST 24HR 0.89 ON 1- 1 TO 1/4 MILE OR LESS
LOWEST: 18 ON 27,23 3 = THUNDER
SNOW, ICE PELLETS, HAIL 4 = ICE PELLETS
TOTAL MONTH: M 5 = HAIL
GRTST 24HR M ON M 6 = FREEZING RAIN OR DRIZZLE
GRTST DEPTH: M ON M 7 = DUSTSTORM OR SANDSTORM:
VSBY 1/2 MILE OR LESS
8 = SMOKE OR HAZE
[NO. OF DAYS WITH] [WEATHER - DAYS WITH] 9 = BLOWING SNOW
X = TORNADO
MAX 32 OR BELOW: 0 0.01 INCH OR MORE: 12
MAX 90 OR ABOVE: 0 0.10 INCH OR MORE: 5
MIN 32 OR BELOW: 26 0.50 INCH OR MORE: 1
MIN 0 OR BELOW: 0 1.00 INCH OR MORE: 0
[HDD (BASE 65) ]
TOTAL THIS MO. 866 CLEAR (SCALE 0-3) 18
DPTR FM NORMAL 83 PTCLDY (SCALE 4-7) 8
TOTAL FM JUL 1 2573 CLOUDY (SCALE 8-10) 5
DPTR FM NORMAL 184
[CDD (BASE 65) ]
TOTAL THIS MO. 0
DPTR FM NORMAL 0 [PRESSURE DATA]
TOTAL FM JAN 1 0 HIGHEST SLP M ON M
DPTR FM NORMAL 0 LOWEST SLP 29.53 ON 1
[REMARKS]
#FINAL-01-23#