000
CXUS56 KFGZ 010900
CF6PRC
PRELIMINARY LOCAL CLIMATOLOGICAL DATA (WS FORM: F-6)
STATION: PRESCOTT AZ AIRPORT
MONTH: JULY
YEAR: 2020
LATITUDE: 34 39 N
LONGITUDE: 112 26 W
TEMPERATURE IN F: :PCPN: SNOW: WIND :SUNSHINE: SKY :PK WND
================================================================================
1 2 3 4 5 6A 6B 7 8 9 10 11 12 13 14 15 16 17 18
12Z AVG MX 2MIN
DY MAX MIN AVG DEP HDD CDD WTR SNW DPTH SPD SPD DIR MIN PSBL S-S WX SPD DR
================================================================================
1 83 52 68 -7 0 3 0.00 M M 11.2 25 220 M M 0 35 190
2 85 57 71 -4 0 6 0.00 M M 8.1 20 230 M M 1 25 220
3 84 61 73 -2 0 8 0.01 M M 7.9 22 260 M M 2 3 28 250
4 92 58 75 0 0 10 0.00 M M 5.7 16 240 M M 1 21 290
5 95 62 79 4 0 14 0.00 M M 8.0 23 260 M M 0 29 250
6 94 63 79 4 0 14 0.00 M M 9.9 25 240 M M 0 32 200
7 93 56 75 -1 0 10 0.00 M M 10.1 25 240 M M 1 37 240
8 92 62 77 1 0 12 0.00 M M 11.3 24 250 M M 0 33 260
9 92 61 77 1 0 12 0.00 M M 10.1 23 220 M M 0 32 210
10 95 65 80 4 0 15 0.00 M M 6.4 16 200 M M 0 3 27 250
11 98 67 83 7 0 18 T M M 6.9 25 140 M M 1 3 37 140
12 98 65 82 6 0 17 T M M 6.7 23 260 M M 1 3 33 240
13 95 68 82 6 0 17 0.00 M M 8.5 24 220 M M 1 29 230
14 92 66 79 3 0 14 0.00 M M 9.1 22 230 M M 0 28 240
15 93 64 79 3 0 14 0.00 M M 8.6 18 240 M M 0 24 240
16 90 64 77 1 0 12 0.71 M M 7.1 25 190 M M 2 3 37 180
17 91 63 77 1 0 12 0.00 M M 5.7 17 280 M M 0 23 250
18 92 64 78 2 0 13 0.00 M M 6.8 32 20 M M 1 38 20
19 94 67 81 5 0 16 T M M 8.4 22 20 M M 1 3 28 350
20 90 70 80 4 0 15 T 0.0 0 7.3 23 240 M M 3 31 140
21 91 68 80 4 0 15 T M M 5.9 16 250 M M 2 8 24 140
22 87 65 76 0 0 11 0.05 M M 7.0 24 130 M M 2 3 32 140
23 85 64 75 -1 0 10 0.01 0.0 0 7.0 18 200 M M 5 3 30 230
24 82 59 71 -5 0 6 0.40 M M 7.9 21 310 M M 5 13 29 190
25 86 57 72 -4 0 7 T M M 3.7 12 290 M M 3 16 180
26 91 60 76 0 0 11 0.00 M M 5.3 14 250 M M 2 18 250
27 93 62 78 3 0 13 0.00 M M 6.3 18 230 M M 2 23 110
28 95 61 78 3 0 13 0.00 M M 5.1 17 280 M M 0 23 260
29 96 62 79 4 0 14 0.00 M M 7.0 17 290 M M 0 22 290
30 101 64 83 8 0 18 0.00 M M 7.3 17 290 M M 0 22 330
31 102 66 84 9 0 19 0.00 M M 5.7 16 300 M M 0 22 320
================================================================================
SM 2847 1943 0 389 1.18 0.0 232.0 M 36
================================================================================
AV 91.8 62.7 7.5 FASTST M M 1 MAX(MPH)
MISC ----> # 32 20 # 38 20
================================================================================
NOTES:
# LAST OF SEVERAL OCCURRENCES
COLUMN 17 PEAK WIND IN M.P.H.
PRELIMINARY LOCAL CLIMATOLOGICAL DATA (WS FORM: F-6) , PAGE 2
STATION: PRESCOTT AZ AIRPORT
MONTH: JULY
YEAR: 2020
LATITUDE: 34 39 N
LONGITUDE: 112 26 W
[TEMPERATURE DATA] [PRECIPITATION DATA] SYMBOLS USED IN COLUMN 16
AVERAGE MONTHLY: 77.3 TOTAL FOR MONTH: 1.18 1 = FOG OR MIST
DPTR FM NORMAL: 1.7 DPTR FM NORMAL: -0.93 2 = FOG REDUCING VISIBILITY
HIGHEST: 102 ON 31 GRTST 24HR 0.71 ON 16-16 TO 1/4 MILE OR LESS
LOWEST: 52 ON 1 3 = THUNDER
SNOW, ICE PELLETS, HAIL 4 = ICE PELLETS
TOTAL MONTH: 0.0 INCH 5 = HAIL
GRTST 24HR 0.0 6 = FREEZING RAIN OR DRIZZLE
GRTST DEPTH: 0 7 = DUSTSTORM OR SANDSTORM:
VSBY 1/2 MILE OR LESS
8 = SMOKE OR HAZE
[NO. OF DAYS WITH] [WEATHER - DAYS WITH] 9 = BLOWING SNOW
X = TORNADO
MAX 32 OR BELOW: 0 0.01 INCH OR MORE: 5
MAX 90 OR ABOVE: 24 0.10 INCH OR MORE: 2
MIN 32 OR BELOW: 0 0.50 INCH OR MORE: 1
MIN 0 OR BELOW: 0 1.00 INCH OR MORE: 0
[HDD (BASE 65) ]
TOTAL THIS MO. 0 CLEAR (SCALE 0-3) 28
DPTR FM NORMAL 0 PTCLDY (SCALE 4-7) 3
TOTAL FM JUL 1 0 CLOUDY (SCALE 8-10) 0
DPTR FM NORMAL 0
[CDD (BASE 65) ]
TOTAL THIS MO. 389
DPTR FM NORMAL 62 [PRESSURE DATA]
TOTAL FM JAN 1 659 HIGHEST SLP M ON M
DPTR FM NORMAL 104 LOWEST SLP 29.81 ON 21
[REMARKS]
#FINAL-07-20#