000
CXUS56 KPDT 011540
CLMPSC
CLIMATE REPORT
NATIONAL WEATHER SERVICE PENDLETON, OR
840 AM PDT WED NOV 01 2023
...................................
...THE PASCO WA CLIMATE SUMMARY FOR THE MONTH OF OCTOBER 2023...
CLIMATE NORMAL PERIOD 1991 TO 2020
CLIMATE RECORD PERIOD 1894 TO 2023
WEATHER OBSERVED NORMAL DEPART LAST YEAR`S
VALUE DATE(S) VALUE FROM VALUE DATE(S)
NORMAL
................................................................
TEMPERATURE (F)
RECORD
HIGH 90 10/06/2020
LOW 9 10/31/2002
HIGHEST 82 10/08 87 10/10
LOWEST 20 10/29 36 10/17
AVG. MAXIMUM 67.2 65.8 1.4 72.8
AVG. MINIMUM 40.3 38.4 1.9 43.6
MEAN 53.8 52.1 1.7 58.2
DAYS MAX >= 90 0 0.0 0.0 0
DAYS MAX <= 32 0 0.0 0.0 0
DAYS MIN <= 32 6 7.6 -1.6 0
DAYS MIN <= 0 0 0.0 0.0 0
PRECIPITATION (INCHES)
RECORD
MAXIMUM 3.07 1947
MINIMUM 0.00 1919
TOTALS 0.74 0.66 0.08 0.74
DAILY AVG. 0.02 0.02 0.00 0.02
DAYS >= .01 7 6.3 0.7 4
DAYS >= .10 3 2.1 0.9 2
DAYS >= .50 0 0.1 -0.1 0
DAYS >= 1.00 0 0.0 0.0 0
GREATEST
24 HR. TOTAL 0.38 10/24 TO 10/25 0.60 10/21 TO 10/22
DEGREE DAYS
HEATING TOTAL 342 402 -60 207
SINCE 7/1 423 498 -75
COOLING TOTAL 3 3 0 4
SINCE 1/1 1162 788 374
................................................................
WIND (MPH)
AVERAGE WIND SPEED 4.3
RESULTANT WIND SPEED/DIRECTION 1/290
HIGHEST WIND SPEED/DIRECTION 22/230 DATE 10/11
HIGHEST GUST SPEED/DIRECTION 30/230 DATE 10/11
AVERAGE RH (PERCENT) 68
WEATHER CONDITIONS. NUMBER OF DAYS WITH
THUNDERSTORM 0 MIXED PRECIP 0
HEAVY RAIN 0 RAIN 3
LIGHT RAIN 8 FREEZING RAIN 0
LT FREEZING RAIN 0 HAIL 0
HEAVY SNOW 0 SNOW 0
LIGHT SNOW 0 SLEET 0
FOG 15 FOG W/VIS <= 1/4 MILE 1
HAZE 2
- INDICATES NEGATIVE NUMBERS.
R INDICATES RECORD WAS SET OR TIED.
MM INDICATES DATA IS MISSING.
T INDICATES TRACE AMOUNT.
$$