000
CXUS56 KSGX 011245
CF6PSP
PRELIMINARY LOCAL CLIMATOLOGICAL DATA (WS FORM: F-6)
STATION: PALM SPRINGS INTL AIRPORT CA
MONTH: JULY
YEAR: 2020
LATITUDE: 33 49 N
LONGITUDE: 116 30 W
TEMPERATURE IN F: :PCPN: SNOW: WIND :SUNSHINE: SKY :PK WND
================================================================================
1 2 3 4 5 6A 6B 7 8 9 10 11 12 13 14 15 16 17 18
12Z AVG MX 2MIN
DY MAX MIN AVG DEP HDD CDD WTR SNW DPTH SPD SPD DIR MIN PSBL S-S WX SPD DR
================================================================================
1 100 M M M M M 0.00 0.0 0 5.5 18 290 M M 0 30 290
2 103 M M M M M 0.00 0.0 0 9.8 17 330 M M 0 25 320
3 108 73 91 0 0 26 0.00 0.0 0 7.2 22 340 M M 0 28 310
4 112 79 96 5 0 31 0.00 0.0 0 8.1 23 320 M M 0 30 320
5 115 79 97 6 0 32 0.00 0.0 0 8.2 22 320 M M 0 29 320
6 113 77 95 3 0 30 0.00 0.0 0 5.7 21 320 M M 0 27 360
7 112 77 95 3 0 30 0.00 0.0 0 8.0 23 320 M M 0 29 320
8 111 74 93 1 0 28 0.00 0.0 0 7.7 22 320 M M 0 27 340
9 109 72 91 -1 0 26 0.00 0.0 0 5.1 17 320 M M 0 22 330
10 111 80 96 4 0 31 0.00 0.0 0 5.4 15 330 M M 0 20 110
11 119 86 103 11 0 38 0.00 0.0 0 3.7 23 120 M M 0 28 90
12 121 87 104 12 0 39 0.00 0.0 0 6.9 25 320 M M 0 30 330
13 117 86 102 10 0 37 0.00 0.0 0 8.4 32 320 M M 0 36 320
14 110 80 95 3 0 30 0.00 0.0 0 9.1 25 330 M M 0 33 330
15 109 76 93 0 0 28 0.00 0.0 0 7.5 25 330 M M 0 31 320
16 111 77 94 1 0 29 0.00 0.0 0 6.9 24 320 M M 0 29 320
17 111 78 95 2 0 30 0.00 0.0 0 7.5 23 320 M M 0 29 330
18 114 77 96 3 0 31 0.00 0.0 0 5.9 22 330 M M 0 27 320
19 116 79 98 5 0 33 0.00 0.0 0 8.6 29 320 M M 0 35 320
20 113 80 97 4 0 32 0.00 0.0 0 7.2 22 320 M M 0 29 320
21 110 79 95 2 0 30 0.00 0.0 0 6.0 24 330 M M 0 29 320
22 109 81 95 2 0 30 0.00 0.0 0 8.2 26 330 M M 0 31 340
23 105 72 89 -4 0 24 0.00 0.0 0 7.7 23 320 M M 0 30 320
24 105 74 90 -3 0 25 0.00 0.0 0 7.4 22 320 M M 0 30 330
25 108 77 93 0 0 28 0.00 0.0 0 6.8 21 330 M M 0 28 320
26 111 76 94 1 0 29 0.00 0.0 0 6.9 22 320 M M 0 30 320
27 113 80 97 4 0 32 0.00 0.0 0 8.7 23 330 M M 0 29 320
28 115 78 97 4 0 32 0.00 0.0 0 6.5 24 320 M M 0 30 320
29 112 76 94 1 0 29 0.00 0.0 0 4.9 15 120 M M 0 19 120
30 118 84 101 8 0 36 0.00 0.0 0 6.2 20 320 M M 0 26 320
31 122 89 106 13 0 41 0.00 0.0 0 6.1 21 330 M M 0 30 320
================================================================================
SM 3463 2283 0 897 0.00 0.0 217.8 M 0
================================================================================
AV111.7 78.7 7.0 FASTST M M 0 MAX(MPH)
MISC ----> # 32 320 # 36 320
================================================================================
NOTES:
# LAST OF SEVERAL OCCURRENCES
COLUMN 17 PEAK WIND IN M.P.H.
PRELIMINARY LOCAL CLIMATOLOGICAL DATA (WS FORM: F-6) , PAGE 2
STATION: PALM SPRINGS INTL AIRPORT CA
MONTH: JULY
YEAR: 2020
LATITUDE: 33 49 N
LONGITUDE: 116 30 W
[TEMPERATURE DATA] [PRECIPITATION DATA] SYMBOLS USED IN COLUMN 16
AVERAGE MONTHLY: 95.2 TOTAL FOR MONTH: 0.00 1 = FOG OR MIST
DPTR FM NORMAL: 2.9 DPTR FM NORMAL: -0.25 2 = FOG REDUCING VISIBILITY
HIGHEST: 122 ON 31 GRTST 24HR 0.00 ON 31-31 TO 1/4 MILE OR LESS
LOWEST: 72 ON 23, 9 3 = THUNDER
SNOW, ICE PELLETS, HAIL 4 = ICE PELLETS
TOTAL MONTH: 0.0 INCH 5 = HAIL
GRTST 24HR 0.0 6 = FREEZING RAIN OR DRIZZLE
GRTST DEPTH: 0 7 = DUSTSTORM OR SANDSTORM:
VSBY 1/2 MILE OR LESS
8 = SMOKE OR HAZE
[NO. OF DAYS WITH] [WEATHER - DAYS WITH] 9 = BLOWING SNOW
X = TORNADO
MAX 32 OR BELOW: 0 0.01 INCH OR MORE: 0
MAX 90 OR ABOVE: 31 0.10 INCH OR MORE: 0
MIN 32 OR BELOW: 0 0.50 INCH OR MORE: 0
MIN 0 OR BELOW: 0 1.00 INCH OR MORE: 0
[HDD (BASE 65) ]
TOTAL THIS MO. 0 CLEAR (SCALE 0-3) 31
DPTR FM NORMAL 0 PTCLDY (SCALE 4-7) 0
TOTAL FM JUL 1 0 CLOUDY (SCALE 8-10) 0
DPTR FM NORMAL 0
[CDD (BASE 65) ]
TOTAL THIS MO. 897
DPTR FM NORMAL 51 [PRESSURE DATA]
TOTAL FM JAN 1 2552 HIGHEST SLP M ON M
DPTR FM NORMAL 300 LOWEST SLP 29.74 ON 21
[REMARKS]
#FINAL-07-20#