000
CXUS56 KSGX 011045
CF6PSP
PRELIMINARY LOCAL CLIMATOLOGICAL DATA (WS FORM: F-6)
STATION: PALM SPRINGS INTL AIRPORT CA
MONTH: AUGUST
YEAR: 2023
LATITUDE: 33 49 N
LONGITUDE: 116 30 W
TEMPERATURE IN F: :PCPN: SNOW: WIND :SUNSHINE: SKY :PK WND
================================================================================
1 2 3 4 5 6A 6B 7 8 9 10 11 12 13 14 15 16 17 18
12Z AVG MX 2MIN
DY MAX MIN AVG DEP HDD CDD WTR SNW DPTH SPD SPD DIR MIN PSBL S-S WX SPD DR
================================================================================
1 104 85 95 0 0 30 0.00 M M 7.6 20 320 M M 0 3 24 320
2 113 83 98 3 0 33 0.00 M M 7.4 24 320 M M 0 3 31 330
3 109 77 93 -2 0 28 0.00 M M 9.2 25 320 M M 0 30 320
4 111 74 93 -2 0 28 0.00 M M 5.0 20 320 M M 0 23 320
5 113 78 96 1 0 31 0.00 M M 5.7 14 100 M M 0 17 110
6 113 81 97 2 0 32 0.00 M M 7.2 23 320 M M 0 32 320
7 112 80 96 1 0 31 0.00 M M 8.2 29 320 M M 0 38 320
8 107 79 93 -2 0 28 0.00 M M 8.1 23 320 M M 0 34 320
9 106 81 94 -1 0 29 T M M 8.5 24 330 M M 0 29 320
10 101 83 92 -2 0 27 0.00 M M 15.6 29 320 M M 0 35 320
11 102 78 90 -4 0 25 0.00 M M 10.6 23 320 M M 0 28 310
12 107 78 93 -1 0 28 0.00 M M 7.5 22 320 M M 0 29 320
13 107 81 94 0 0 29 0.00 M M 4.8 23 190 M M 0 3 31 180
14 112 82 97 3 0 32 0.00 M M 7.8 17 330 M M 0 24 120
15 114 83 99 5 0 34 T M M 6.2 16 310 M M 0 21 320
16 114 89 102 8 0 37 0.00 M M 5.2 18 210 M M 0 3 26 190
17 115 88 102 8 0 37 0.00 M M 7.0 23 330 M M 0 29 340
18 110 86 98 4 0 33 0.00 M M 4.6 23 130 M M 0 3 30 120
19 93 74 84 -10 0 19 0.01 M M 10.6 22 130 M M 4 13 27 130
20 79 71 75 -19 0 10 3.18 M M 10.0 38 120 M M 9 12 48 120
21 91 69 80 -14 0 15 0.04 M M 5.0 13 90 M M 3 16 140
22 98 73 86 -8 0 21 0.00 M M 5.2 12 320 M M 0 15 310
23 107 81 94 0 0 29 0.00 M M 5.5 16 310 M M 0 22 310
24 107 80 94 1 0 29 0.00 M M 5.4 17 320 M M 0 8 22 320
25 110 79 95 2 0 30 0.00 M M 5.8 16 320 M M 0 8 20 310
26 114 80 97 4 0 32 0.00 M M 7.4 21 330 M M 0 28 330
27 115 79 97 4 0 32 0.00 M M 9.0 22 320 M M 0 26 310
28 118 90 104 11 0 39 0.00 M M 6.8 18 340 M M 0 8 22 340
29 118 91 105 12 0 40 0.00 M M 6.6 16 320 M M 0 21 320
30 111 87 99 7 0 34 0.00 M M 4.2 16 330 M M 0 21 290
31 111 85 98 6 0 33 T M M 5.8 21 330 M M 0 26 340
================================================================================
SM 3342 2505 0 915 3.23 M 223.5 M 16
================================================================================
AV107.8 80.8 7.2 FASTST M M 1 MAX(MPH)
MISC ----> 38 120 48 120
================================================================================
NOTES:
# LAST OF SEVERAL OCCURRENCES
COLUMN 17 PEAK WIND IN M.P.H.
PRELIMINARY LOCAL CLIMATOLOGICAL DATA (WS FORM: F-6) , PAGE 2
STATION: PALM SPRINGS INTL AIRPORT CA
MONTH: AUGUST
YEAR: 2023
LATITUDE: 33 49 N
LONGITUDE: 116 30 W
[TEMPERATURE DATA] [PRECIPITATION DATA] SYMBOLS USED IN COLUMN 16
AVERAGE MONTHLY: 94.3 TOTAL FOR MONTH: 3.23 1 = FOG OR MIST
DPTR FM NORMAL: 0.3 DPTR FM NORMAL: 3.09 2 = FOG REDUCING VISIBILITY
HIGHEST: 118 ON 29,28 GRTST 24HR 3.18 ON 20-20 TO 1/4 MILE OR LESS
LOWEST: 69 ON 21 3 = THUNDER
SNOW, ICE PELLETS, HAIL 4 = ICE PELLETS
TOTAL MONTH: M 5 = HAIL
GRTST 24HR M ON M 6 = FREEZING RAIN OR DRIZZLE
GRTST DEPTH: M ON M 7 = DUSTSTORM OR SANDSTORM:
VSBY 1/2 MILE OR LESS
8 = SMOKE OR HAZE
[NO. OF DAYS WITH] [WEATHER - DAYS WITH] 9 = BLOWING SNOW
X = TORNADO
MAX 32 OR BELOW: 0 0.01 INCH OR MORE: 3
MAX 90 OR ABOVE: 30 0.10 INCH OR MORE: 1
MIN 32 OR BELOW: 0 0.50 INCH OR MORE: 1
MIN 0 OR BELOW: 0 1.00 INCH OR MORE: 1
[HDD (BASE 65) ]
TOTAL THIS MO. 0 CLEAR (SCALE 0-3) 28
DPTR FM NORMAL 0 PTCLDY (SCALE 4-7) 2
TOTAL FM JUL 1 0 CLOUDY (SCALE 8-10) 1
DPTR FM NORMAL 0
[CDD (BASE 65) ]
TOTAL THIS MO. 915
DPTR FM NORMAL 18 [PRESSURE DATA]
TOTAL FM JAN 1 3293 HIGHEST SLP 30.02 ON 21
DPTR FM NORMAL -107 LOWEST SLP 29.50 ON 20
[REMARKS]
#FINAL-08-23#