000
CXUS54 KHGX 010719
CF6PSX
PRELIMINARY LOCAL CLIMATOLOGICAL DATA (WS FORM: F-6)
STATION: PALACIOS
MONTH: MARCH
YEAR: 2020
LATITUDE: 28 43 N
LONGITUDE: 96 15 W
TEMPERATURE IN F: :PCPN: SNOW: WIND :SUNSHINE: SKY :PK WND
================================================================================
1 2 3 4 5 6A 6B 7 8 9 10 11 12 13 14 15 16 17 18
12Z AVG MX 2MIN
DY MAX MIN AVG DEP HDD CDD WTR SNW DPTH SPD SPD DIR MIN PSBL S-S WX SPD DR
================================================================================
1 71 64 68 8 0 3 0.01 0.0 0 13.7 20 160 M M 7 23 150
2 77 65 71 11 0 6 0.00 0.0 0 12.1 23 150 M M 8 18 27 150
3 78 67 73 13 0 8 0.00 0.0 0 10.3 23 110 M M 9 12 25 110
4 77 58 68 8 0 3 0.01 0.0 0 12.9 23 320 M M 6 18 29 310
5 76 53 65 5 0 0 0.00 0.0 0 14.2 26 350 M M 4 33 350
6 75 46 61 0 4 0 0.00 0.0 0 9.1 23 60 M M 0 29 50
7 67 45 56 -5 9 0 0.00 0.0 0 8.6 17 90 M M 0 21 80
8 75 53 64 3 1 0 0.00 0.0 0 15.5 26 120 M M 1 34 130
9 73 63 68 7 0 3 T 0.0 0 9.8 17 150 M M 4 23 140
10 78 64 71 9 0 6 0.00 0.0 0 7.1 17 150 M M 6 12 21 170
11 76 67 72 10 0 7 0.00 0.0 0 9.5 14 170 M M 9 1 21 180
12 77 68 73 11 0 8 0.00 0.0 0 12.7 21 170 M M 8 1 27 170
13 81 70 76 14 0 11 0.00 0.0 0 14.3 24 150 M M 10 1 30 160
14 78 71 75 13 0 10 0.00 0.0 0 14.6 23 140 M M 8 1 28 140
15 80 69 75 12 0 10 0.00 0.0 0 11.2 18 120 M M 9 1 23 140
16 73 65 69 6 0 4 0.26 0.0 0 9.5 25 120 M M 6 1 31 130
17 78 68 73 10 0 8 0.01 0.0 0 11.8 21 140 M M 8 1 25 130
18 80 71 76 13 0 11 0.00 0.0 0 15.2 23 160 M M 7 1 28 150
19 81 72 77 13 0 12 0.00 0.0 0 16.8 24 150 M M 9 18 32 150
20 81 57 69 5 0 4 T 0.0 0 12.5 24 360 M M 9 1 30 30
21 67 56 62 -2 3 0 0.08 0.0 0 14.0 24 10 M M 10 1 28 10
22 79 67 73 9 0 8 0.03 0.0 0 12.6 22 170 M M 8 1 29 170
23 81 72 77 13 0 12 0.00 0.0 0 12.7 24 160 M M 9 1 29 170
24 81 73 77 12 0 12 0.00 0.0 0 11.6 21 170 M M 8 18 29 180
25 81 71 76 11 0 11 0.00 0.0 0 8.6 18 140 M M 7 18 23 140
26 82 64 73 8 0 8 0.00 0.0 0 14.8 26 140 M M 5 128 32 140
27 83 74 79 14 0 14 0.00 0.0 0 18.8 29 160 M M 7 18 36 150
28 78 65 72 6 0 7 T 0.0 0 11.2 21 140 M M 7 18 29 140
29 80 56 68 2 0 3 T 0.0 0 10.4 22 100 M M 5 8 27 60
30 83 64 74 8 0 9 0.00 0.0 0 13.0 26 140 M M 6 1 33 140
31 79 57 68 2 0 3 0.00 0.0 0 12.5 26 360 M M 2 1 34 10
================================================================================
SM 2406 1975 17 201 0.40 0.0 381.6 M 202
================================================================================
AV 77.6 63.7 12.3 FASTST M M 7 MAX(MPH)
MISC ----> # 29 160 # 36 150
================================================================================
NOTES:
# LAST OF SEVERAL OCCURRENCES
COLUMN 17 PEAK WIND IN M.P.H.
PRELIMINARY LOCAL CLIMATOLOGICAL DATA (WS FORM: F-6) , PAGE 2
STATION: PALACIOS
MONTH: MARCH
YEAR: 2020
LATITUDE: 28 43 N
LONGITUDE: 96 15 W
[TEMPERATURE DATA] [PRECIPITATION DATA] SYMBOLS USED IN COLUMN 16
AVERAGE MONTHLY: 70.7 TOTAL FOR MONTH: 0.40 1 = FOG OR MIST
DPTR FM NORMAL: 7.8 DPTR FM NORMAL: -2.60 2 = FOG REDUCING VISIBILITY
HIGHEST: 83 ON 30,27 GRTST 24HR 0.26 ON 16-16 TO 1/4 MILE OR LESS
LOWEST: 45 ON 7 3 = THUNDER
SNOW, ICE PELLETS, HAIL 4 = ICE PELLETS
TOTAL MONTH: 0.0 INCH 5 = HAIL
GRTST 24HR 0.0 6 = FREEZING RAIN OR DRIZZLE
GRTST DEPTH: 0 7 = DUSTSTORM OR SANDSTORM:
VSBY 1/2 MILE OR LESS
8 = SMOKE OR HAZE
[NO. OF DAYS WITH] [WEATHER - DAYS WITH] 9 = BLOWING SNOW
X = TORNADO
MAX 32 OR BELOW: 0 0.01 INCH OR MORE: 6
MAX 90 OR ABOVE: 0 0.10 INCH OR MORE: 1
MIN 32 OR BELOW: 0 0.50 INCH OR MORE: 0
MIN 0 OR BELOW: 0 1.00 INCH OR MORE: 0
[HDD (BASE 65) ]
TOTAL THIS MO. 17 CLEAR (SCALE 0-3) 4
DPTR FM NORMAL -112 PTCLDY (SCALE 4-7) 18
TOTAL FM JUL 1 833 CLOUDY (SCALE 8-10) 9
DPTR FM NORMAL -332
[CDD (BASE 65) ]
TOTAL THIS MO. 201
DPTR FM NORMAL 139 [PRESSURE DATA]
TOTAL FM JAN 1 269 HIGHEST SLP 30.50 ON 6
DPTR FM NORMAL 178 LOWEST SLP 29.64 ON 4
[REMARKS]
#FINAL-03-20#