000
CXUS55 KPUB 011301
CF6PUB
PRELIMINARY LOCAL CLIMATOLOGICAL DATA (WS FORM: F-6)
STATION: PUEBLO CO
MONTH: APRIL
YEAR: 2022
LATITUDE: 38 16 N
LONGITUDE: 104 31 W
TEMPERATURE IN F: :PCPN: SNOW: WIND :SUNSHINE: SKY :PK WND
================================================================================
1 2 3 4 5 6A 6B 7 8 9 10 11 12 13 14 15 16 17 18
12Z AVG MX 2MIN
DY MAX MIN AVG DEP HDD CDD WTR SNW DPTH SPD SPD DIR MIN PSBL S-S WX SPD DR
================================================================================
1 61 32 47 -1 18 0 0.00 0.0 0 9.7 31 20 M M 2 39 20
2 75 27 51 3 14 0 0.00 0.0 0 7.6 20 160 M M 0 31 140
3 61 40 51 3 14 0 0.40 0.0 0 7.0 23 130 M M 5 1 35 340
4 69 40 55 6 10 0 0.00 0.0 0 7.0 16 250 M M 4 23 140
5 79 39 59 10 6 0 0.00 0.0 0 16.5 37 300 M M 3 50 300
6 57 33 45 -4 20 0 0.00 0.0 0 12.7 29 20 M M 2 39 10
7 61 26 44 -5 21 0 0.00 0.0 0 8.1 21 60 M M 0 33 60
8 69 24 47 -3 18 0 0.00 0.0 0 5.0 14 100 M M 0 19 100
9 81 32 57 7 8 0 0.00 0.0 0 9.8 26 250 M M 0 35 250
10 69 41 55 5 10 0 0.00 0.0 0 13.1 35 10 M M 1 46 10
11 74 30 52 2 13 0 0.00 0.0 0 9.6 32 230 M M 3 43 220
12 69 30 50 0 15 0 0.00 0.0 0 21.3 43 230 M M 2 8 59 240
13 50 25 38 -12 27 0 T T 0 13.4 35 280 M M 4 51 280
14 68 17 43 -8 22 0 0.00 0.0 0 7.6 25 270 M M 0 39 310
15 77 32 55 4 10 0 0.00 0.0 0 11.7 35 80 M M 0 45 290
16 60 28 44 -7 21 0 0.00 0.0 0 10.3 25 100 M M 0 37 110
17 79 29 54 3 11 0 0.00 0.0 0 12.3 37 290 M M 1 49 270
18 64 34 49 -3 16 0 0.00 0.0 0 10.4 21 100 M M 0 27 110
19 84 32 58 6 7 0 0.00 0.0 0 7.2 28 260 M M 0 37 240
20 79 49 64 12 1 0 0.00 0.0 0 14.8 32 80 M M 0 41 70
21 82 40 61 9 4 0 0.00 0.0 0 7.9 21 100 M M 0 28 100
22 92 50 71 18 0 6 0.00 0.0 0 22.8 49 280 M M 2 8 66 280
23 71 47 59 6 6 0 0.00 0.0 0 18.3 43 290 M M 1 55 290
24 61 38 50 -3 15 0 0.11 0.0 0 8.9 24 150 M M 6 1 31 80
25 58 37 48 -6 17 0 0.00 0.0 0 6.6 14 80 M M 4 23 130
26 77 32 55 1 10 0 0.00 0.0 0 5.6 14 80 M M 0 16 80
27 78 38 58 4 7 0 T 0.0 0 8.6 43 220 M M 0 65 220
28 84 38 61 6 4 0 0.00 0.0 0 7.5 21 140 M M 0 31 120
29 76 44 60 5 5 0 0.00 0.0 0 21.0 44 290 M M 0 61 290
30 70 36 53 -2 12 0 0.00 0.0 0 8.7 22 290 M M 0 30 290
================================================================================
SM 2135 1040 362 6 0.51 T 331.0 M 40
================================================================================
AV 71.2 34.7 11.0 FASTST M M 1 MAX(MPH)
MISC ----> 49 280 66 280
================================================================================
NOTES:
COLUMN 17 PEAK WIND IN M.P.H.
COLUMN 7. 4/13. NO PRECIP DETECTED BY ASOS. USED SUPPLEMENTAL SNOW OBS FOR PRECIP
PRELIMINARY LOCAL CLIMATOLOGICAL DATA (WS FORM: F-6) , PAGE 2
STATION: PUEBLO CO
MONTH: APRIL
YEAR: 2022
LATITUDE: 38 16 N
LONGITUDE: 104 31 W
[TEMPERATURE DATA] [PRECIPITATION DATA] SYMBOLS USED IN COLUMN 16
AVERAGE MONTHLY: 52.9 TOTAL FOR MONTH: 0.51 1 = FOG OR MIST
DPTR FM NORMAL: 1.6 DPTR FM NORMAL: -1.06 2 = FOG REDUCING VISIBILITY
HIGHEST: 92 ON 22 GRTST 24HR 0.40 ON 3 TO 1/4 MILE OR LESS
LOWEST: 17 ON 14 3 = THUNDER
SNOW, ICE PELLETS, HAIL 4 = ICE PELLETS
TOTAL MONTH: T 5 = HAIL
GRTST 24HR T ON 13 6 = FREEZING RAIN OR DRIZZLE
GRTST DEPTH: 0 7 = DUSTSTORM OR SANDSTORM:
VSBY 1/2 MILE OR LESS
8 = SMOKE OR HAZE
[NO. OF DAYS WITH] [WEATHER - DAYS WITH] 9 = BLOWING SNOW
X = TORNADO
MAX 32 OR BELOW: 0 0.01 INCH OR MORE: 2
MAX 90 OR ABOVE: 1 0.10 INCH OR MORE: 2
MIN 32 OR BELOW: 14 0.50 INCH OR MORE: 0
MIN 0 OR BELOW: 0 1.00 INCH OR MORE: 0
[HDD (BASE 65) ]
TOTAL THIS MO. 362 CLEAR (SCALE 0-3) 25
DPTR FM NORMAL -51 PTCLDY (SCALE 4-7) 5
TOTAL FM JUL 1 4773 CLOUDY (SCALE 8-10) 0
DPTR FM NORMAL -386
[CDD (BASE 65) ]
TOTAL THIS MO. 6
DPTR FM NORMAL 4 [PRESSURE DATA]
TOTAL FM JAN 1 6 HIGHEST SLP 30.38 ON 7
DPTR FM NORMAL 4 LOWEST SLP 29.07 ON 22
[REMARKS]
#FINAL-04-22#