000
CXUS54 KOUN 010910
CF6PWA
PRELIMINARY LOCAL CLIMATOLOGICAL DATA (WS FORM: F-6)
STATION: BETHANY/WILEY POST
MONTH: NOVEMBER
YEAR: 2021
LATITUDE: 35 31 N
LONGITUDE: 97 38 W
TEMPERATURE IN F: :PCPN: SNOW: WIND :SUNSHINE: SKY :PK WND
================================================================================
1 2 3 4 5 6A 6B 7 8 9 10 11 12 13 14 15 16 17 18
12Z AVG MX 2MIN
DY MAX MIN AVG DEP HDD CDD WTR SNW DPTH SPD SPD DIR MIN PSBL S-S WX SPD DR
================================================================================
1 57 45 51 -5 14 0 0.00 0.0 M 11.1 21 40 M M 7 25 40
2 49 42 46 -10 19 0 0.41 0.0 M 12.1 20 30 M M 10 1 26 40
3 49 43 46 -9 19 0 0.31 0.0 M 7.0 14 60 M M 10 1 16 60
4 55 41 48 -7 17 0 0.00 0.0 M 5.6 12 190 M M 8 14 210
5 62 38 50 -4 15 0 0.00 0.0 M 10.6 18 190 M M 1 24 180
6 69 43 56 2 9 0 0.00 0.0 M 12.6 20 180 M M 0 23 180
7 78 48 63 9 2 0 0.00 0.0 M 18.2 29 200 M M 0 35 190
8 77 54 66 13 0 1 0.00 0.0 M 18.4 28 200 M M 0 34 190
9 69 53 61 8 4 0 0.00 0.0 M 5.6 16 180 M M 3 1 20 180
10 71 52 62 10 3 0 T 0.0 M 14.9 28 190 M M 6 13 34 200
11 64 43 54 2 11 0 0.00 0.0 M 9.1 18 200 M M 0 23 200
12 57 33 45 -7 20 0 0.00 0.0 M 11.1 25 330 M M 1 35 340
13 62 30 46 -5 19 0 0.00 0.0 M 9.9 20 200 M M 0 25 190
14 63 40 52 1 13 0 0.00 0.0 M 6.6 21 30 M M 0 8 28 40
15 75 42 59 9 6 0 0.00 0.0 M 11.7 18 210 M M 0 8 22 220
16 81 54 68 18 0 3 0.00 0.0 M 18.9 31 190 M M 0 38 200
17 69 42 56 6 9 0 0.00 0.0 M 18.9 31 10 M M 3 41 20
18 55 31 43 -6 22 0 0.00 0.0 0 6.5 13 20 M M 0 17 30
19 60 34 47 -2 18 0 0.00 0.0 M 17.7 30 170 M M 0 38 180
20 69 48 59 10 6 0 0.00 0.0 M 12.6 22 190 M M 0 28 190
21 60 36 48 0 17 0 0.00 0.0 0 11.3 23 360 M M 0 28 360
22 66 27 47 -1 18 0 0.00 0.0 M 6.5 21 220 M M 0 26 220
23 72 39 56 9 9 0 0.00 0.0 M 16.8 30 180 M M 0 40 180
24 69 47 58 11 7 0 0.00 0.0 M 21.6 31 190 M M 0 41 190
25 51 26 39 -8 26 0 0.00 0.0 M 14.9 30 360 M M 0 38 10
26 64 25 45 -1 20 0 0.00 0.0 M 13.2 23 210 M M 0 28 210
27 70 44 57 11 8 0 0.00 0.0 M 10.4 22 200 M M 0 26 200
28 60 35 48 2 17 0 0.00 0.0 M 6.2 13 360 M M 0 16 360
29 74 43 59 14 6 0 0.00 M M 11.6 18 200 M M 0 23 210
30 75 41 58 13 7 0 0.00 M M 6.9 15 200 M M 0 19 200
================================================================================
SM 1952 1219 361 4 0.72 0.0 358.5 M 49
================================================================================
AV 65.1 40.6 11.9 FASTST M M 2 MAX(MPH)
MISC ----> # 31 190 # 41 20
================================================================================
NOTES:
# LAST OF SEVERAL OCCURRENCES
COLUMN 17 PEAK WIND IN M.P.H.
PRELIMINARY LOCAL CLIMATOLOGICAL DATA (WS FORM: F-6) , PAGE 2
STATION: BETHANY/WILEY POST
MONTH: NOVEMBER
YEAR: 2021
LATITUDE: 35 31 N
LONGITUDE: 97 38 W
[TEMPERATURE DATA] [PRECIPITATION DATA] SYMBOLS USED IN COLUMN 16
AVERAGE MONTHLY: 52.9 TOTAL FOR MONTH: 0.72 1 = FOG OR MIST
DPTR FM NORMAL: 2.5 DPTR FM NORMAL: -0.75 2 = FOG REDUCING VISIBILITY
HIGHEST: 81 ON 16 GRTST 24HR 0.41 ON 2- 2 TO 1/4 MILE OR LESS
LOWEST: 25 ON 26 3 = THUNDER
SNOW, ICE PELLETS, HAIL 4 = ICE PELLETS
TOTAL MONTH: 0.0 INCH 5 = HAIL
GRTST 24HR 0.0 6 = FREEZING RAIN OR DRIZZLE
GRTST DEPTH: 0 7 = DUSTSTORM OR SANDSTORM:
VSBY 1/2 MILE OR LESS
8 = SMOKE OR HAZE
[NO. OF DAYS WITH] [WEATHER - DAYS WITH] 9 = BLOWING SNOW
X = TORNADO
MAX 32 OR BELOW: 0 0.01 INCH OR MORE: 2
MAX 90 OR ABOVE: 0 0.10 INCH OR MORE: 2
MIN 32 OR BELOW: 5 0.50 INCH OR MORE: 0
MIN 0 OR BELOW: 0 1.00 INCH OR MORE: 0
[HDD (BASE 65) ]
TOTAL THIS MO. 361 CLEAR (SCALE 0-3) 25
DPTR FM NORMAL -85 PTCLDY (SCALE 4-7) 2
TOTAL FM JUL 1 435 CLOUDY (SCALE 8-10) 3
DPTR FM NORMAL -186
[CDD (BASE 65) ]
TOTAL THIS MO. 4
DPTR FM NORMAL -3 [PRESSURE DATA]
TOTAL FM JAN 1 2239 HIGHEST SLP 30.59 ON 18
DPTR FM NORMAL 71 LOWEST SLP 29.64 ON 16
[REMARKS]
#FINAL-11-21#