000
CXUS54 KFWD 010141
CF6PWG
PRELIMINARY LOCAL CLIMATOLOGICAL DATA (WS FORM: F-6)
STATION: WACO MCGREGOR
MONTH: DECEMBER
YEAR: 2020
LATITUDE: 31 28 N
LONGITUDE: 97 19 W
TEMPERATURE IN F: :PCPN: SNOW: WIND :SUNSHINE: SKY :PK WND
================================================================================
1 2 3 4 5 6A 6B 7 8 9 10 11 12 13 14 15 16 17 18
12Z AVG MX 2MIN
DY MAX MIN AVG DEP HDD CDD WTR SNW DPTH SPD SPD DIR MIN PSBL S-S WX SPD DR
================================================================================
1 59 28 44 -7 21 0 0.00 M M 11.6 25 170 M M 0 33 170
2 60 39 50 0 15 0 T M M 7.2 15 300 M M 0 21 300
3 49 33 41 -9 24 0 0.01 M M 8.8 17 310 M M 0 26 310
4 56 29 43 -7 22 0 0.00 M M 4.1 8 340 M M 0 8 20 280
5 62 28 45 -4 20 0 T M M 3.4 7 180 M M 0 M M
6 62 38 50 1 15 0 0.00 M M 6.9 16 360 M M 0 45 330
7 64 38 51 2 14 0 0.00 M M 7.6 14 350 M M 0 18 310
8 75 34 55 7 10 0 0.00 M M 3.1 8 350 M M 0 85 210
9 81 34 58 10 7 0 0.00 M M 5.5 10 240 M M 0 M M
10 77 40 59 11 6 0 0.00 M M 11.3 22 170 M M 0 30 190
11 67 51 59 11 6 0 T M M 7.5 16 190 M M 0 12 25 190
12 56 40 48 1 17 0 0.00 M M 8.2 18 330 M M 0 24 20
13 49 38 44 -3 21 0 M M M 14.2 24 310 M M 0 1 41 310
14 49 35 42 -5 23 0 0.00 M M 7.1 14 10 M M 0 31 280
15 46 34 40 -7 25 0 T M M 5.8 15 290 M M 0 1 27 290
16 49 30 40 -7 25 0 0.00 M M 7.5 13 330 M M 0 32 280
17 62 25 44 -2 21 0 0.00 M M 7.0 22 170 M M 0 35 300
18 64 35 50 4 15 0 0.00 M M 11.3 22 150 M M 0 25 170
19 62 39 51 5 14 0 M M M 6.9 15 340 M M 0 1 23 130
20 67 30 49 3 16 0 0.00 M M 3.4 9 120 M M 0 16 170
21 74 32 53 7 12 0 0.00 M M 5.6 10 160 M M 0 M M
22 72 40 56 10 9 0 0.00 M M 11.0 21 180 M M 0 12 31 170
23 77 40 59 13 6 0 0.00 M M 16.4 28 350 M M 0 41 350
24 55 27 41 -5 24 0 0.00 M M 10.9 24 350 M M 0 37 360
25 65 29 47 1 18 0 0.00 M M 4.1 9 80 M M 0 20 80
26 70 34 52 7 13 0 0.00 M M 9.9 21 190 M M 0 27 200
27 78 48 63 18 2 0 0.00 M M 11.3 18 200 M M 0 27 200
28 60 46 53 8 12 0 T M M 5.9 12 40 M M 0 35 120
29 72 53 63 18 2 0 0.00 M M 15.9 28 150 M M 0 36 150
30 64 40 52 7 13 0 0.02 M M 15.1 24 350 M M 0 13 35 350
31 41 36 39 -6 26 0 M M M 14.1 24 20 M M 0 1 32 10
================================================================================
SM 1944 1123 474 0 0.03 M 268.4 M 0
================================================================================
AV 62.7 36.2 8.7 FASTST M M 0 MAX(MPH)
MISC ----> # 28 350 85 210
================================================================================
NOTES:
# LAST OF SEVERAL OCCURRENCES
COLUMN 17 PEAK WIND IN M.P.H.
PRELIMINARY LOCAL CLIMATOLOGICAL DATA (WS FORM: F-6) , PAGE 2
STATION: WACO MCGREGOR
MONTH: DECEMBER
YEAR: 2020
LATITUDE: 31 28 N
LONGITUDE: 97 19 W
[TEMPERATURE DATA] [PRECIPITATION DATA] SYMBOLS USED IN COLUMN 16
AVERAGE MONTHLY: 49.5 TOTAL FOR MONTH: 0.03 1 = FOG OR MIST
DPTR FM NORMAL: 2.4 DPTR FM NORMAL: -2.70 2 = FOG REDUCING VISIBILITY
HIGHEST: 81 ON 9 GRTST 24HR 0.03 ON 30-31 TO 1/4 MILE OR LESS
LOWEST: 25 ON 17 3 = THUNDER
SNOW, ICE PELLETS, HAIL 4 = ICE PELLETS
TOTAL MONTH: M 5 = HAIL
GRTST 24HR M ON M 6 = FREEZING RAIN OR DRIZZLE
GRTST DEPTH: M ON M 7 = DUSTSTORM OR SANDSTORM:
VSBY 1/2 MILE OR LESS
8 = SMOKE OR HAZE
[NO. OF DAYS WITH] [WEATHER - DAYS WITH] 9 = BLOWING SNOW
X = TORNADO
MAX 32 OR BELOW: 0 0.01 INCH OR MORE: 2
MAX 90 OR ABOVE: 0 0.10 INCH OR MORE: 0
MIN 32 OR BELOW: 9 0.50 INCH OR MORE: 0
MIN 0 OR BELOW: 0 1.00 INCH OR MORE: 0
[HDD (BASE 65) ]
TOTAL THIS MO. 474 CLEAR (SCALE 0-3) 31
DPTR FM NORMAL -84 PTCLDY (SCALE 4-7) 0
TOTAL FM JUL 1 655 CLOUDY (SCALE 8-10) 0
DPTR FM NORMAL -259
[CDD (BASE 65) ]
TOTAL THIS MO. 0
DPTR FM NORMAL -3 [PRESSURE DATA]
TOTAL FM JAN 1 2708 HIGHEST SLP 30.44 ON 24
DPTR FM NORMAL 241 LOWEST SLP 29.82 ON 23
[REMARKS]
#FINAL-12-20#