000
CXUS54 KFWD 010730
CF6RBD
PRELIMINARY LOCAL CLIMATOLOGICAL DATA (WS FORM: F-6)
STATION: DALLAS EXECUTIVE
MONTH: APRIL
YEAR: 2023
LATITUDE: 32 40 N
LONGITUDE: 96 52 W
TEMPERATURE IN F: :PCPN: SNOW: WIND :SUNSHINE: SKY :PK WND
================================================================================
1 2 3 4 5 6A 6B 7 8 9 10 11 12 13 14 15 16 17 18
12Z AVG MX 2MIN
DY MAX MIN AVG DEP HDD CDD WTR SNW DPTH SPD SPD DIR MIN PSBL S-S WX SPD DR
================================================================================
1 75 55 65 2 0 0 0.00 M M 8.1 17 320 M M 1 27 310
2 77 55 66 3 0 1 0.01 M M 10.4 23 160 M M 4 13 34 210
3 90 65 78 15 0 13 0.00 M M 14.6 22 180 M M 0 1 30 170
4 82 71 77 14 0 12 0.00 M M 17.2 28 180 M M 5 18 36 180
5 76 52 64 0 1 0 0.43 M M 12.9 25 280 M M 4 138 35 270
6 56 50 53 -11 12 0 0.00 M M 12.6 21 70 M M 3 28 20
7 59 52 56 -8 9 0 0.00 M M 9.7 16 40 M M 10 22 50
8 73 52 63 -1 2 0 0.00 M M 5.6 12 60 M M 6 1 17 70
9 71 53 62 -2 3 0 0.00 M M 2.9 10 120 M M 6 14 130
10 73 57 65 0 0 0 0.00 M M 5.5 14 90 M M 5 19 70
11 74 49 62 -3 3 0 0.00 M M 5.2 15 60 M M 1 1 20 80
12 77 52 65 0 0 0 0.00 M M 7.1 16 140 M M 0 25 130
13 78 53 66 1 0 1 0.00 M M 8.5 18 140 M M 1 26 130
14 78 58 68 3 0 3 0.00 M M 14.3 25 180 M M 5 35 170
15 80 59 70 4 0 5 0.00 M M 15.7 28 20 M M 4 35 340
16 72 48 60 -6 5 0 0.00 M M 7.6 20 330 M M 0 27 350
17 79 51 65 -1 0 0 0.00 M M 10.3 21 170 M M 0 30 180
18 72 59 66 0 0 1 0.00 M M 14.5 25 160 M M 4 35 160
19 84 66 75 9 0 10 0.00 M M 18.2 26 170 M M 6 37 170
20 84 63 74 8 0 9 0.11 M M 12.7 24 180 M M 8 138 35 170
21 77 55 66 -1 0 1 0.00 M M 8.7 22 30 M M 0 32 50
22 74 50 62 -5 3 0 T M M 10.2 22 40 M M 3 29 40
23 56 46 51 -16 14 0 0.07 M M 10.6 22 50 M M 8 1 29 50
24 70 46 58 -9 7 0 0.01 M M 9.4 21 140 M M 4 26 140
25 70 58 64 -4 1 0 0.19 M M 10.2 17 140 M M 10 13 22 130
26 62 56 59 -9 6 0 1.43 M M 10.1 26 130 M M 10 13 36 140
27 68 53 61 -7 4 0 T M M 8.4 20 300 M M 7 1 27 330
28 73 50 62 -6 3 0 0.50 M M 10.9 23 320 M M 5 13 32 320
29 70 52 61 -8 4 0 0.00 M M 14.9 28 320 M M 5 36 300
30 81 58 70 1 0 5 0.00 M M 9.7 17 60 M M 0 24 60
================================================================================
SM 2211 1644 77 61 2.75 M 316.7 M 125
================================================================================
AV 73.7 54.8 10.6 FASTST M M 4 MAX(MPH)
MISC ----> # 28 180 37 170
================================================================================
NOTES:
# LAST OF SEVERAL OCCURRENCES
COLUMN 17 PEAK WIND IN M.P.H.
PRELIMINARY LOCAL CLIMATOLOGICAL DATA (WS FORM: F-6) , PAGE 2
STATION: DALLAS EXECUTIVE
MONTH: APRIL
YEAR: 2023
LATITUDE: 32 40 N
LONGITUDE: 96 52 W
[TEMPERATURE DATA] [PRECIPITATION DATA] SYMBOLS USED IN COLUMN 16
AVERAGE MONTHLY: 64.3 TOTAL FOR MONTH: 2.75 1 = FOG OR MIST
DPTR FM NORMAL: -1.4 DPTR FM NORMAL: -0.95 2 = FOG REDUCING VISIBILITY
HIGHEST: 90 ON 3 GRTST 24HR 1.62 ON 25-26 TO 1/4 MILE OR LESS
LOWEST: 46 ON 24,23 3 = THUNDER
SNOW, ICE PELLETS, HAIL 4 = ICE PELLETS
TOTAL MONTH: M 5 = HAIL
GRTST 24HR M ON M 6 = FREEZING RAIN OR DRIZZLE
GRTST DEPTH: M ON M 7 = DUSTSTORM OR SANDSTORM:
VSBY 1/2 MILE OR LESS
8 = SMOKE OR HAZE
[NO. OF DAYS WITH] [WEATHER - DAYS WITH] 9 = BLOWING SNOW
X = TORNADO
MAX 32 OR BELOW: 0 0.01 INCH OR MORE: 8
MAX 90 OR ABOVE: 1 0.10 INCH OR MORE: 5
MIN 32 OR BELOW: 0 0.50 INCH OR MORE: 2
MIN 0 OR BELOW: 0 1.00 INCH OR MORE: 1
[HDD (BASE 65) ]
TOTAL THIS MO. 77 CLEAR (SCALE 0-3) 9
DPTR FM NORMAL -2 PTCLDY (SCALE 4-7) 18
TOTAL FM JUL 1 1965 CLOUDY (SCALE 8-10) 3
DPTR FM NORMAL -118
[CDD (BASE 65) ]
TOTAL THIS MO. 61
DPTR FM NORMAL -39 [PRESSURE DATA]
TOTAL FM JAN 1 142 HIGHEST SLP M ON M
DPTR FM NORMAL -10 LOWEST SLP 29.50 ON 4
[REMARKS]
#FINAL-04-23#