000
CXUS56 KSTO 180619
CF6RBL
PRELIMINARY LOCAL CLIMATOLOGICAL DATA (WS FORM: F-6)
STATION: RED BLUFF
MONTH: NOVEMBER
YEAR: 2021
LATITUDE: 40 8 N
LONGITUDE: 122-15 E
TEMPERATURE IN F: :PCPN: SNOW: WIND :SUNSHINE: SKY :PK WND
================================================================================
1 2 3 4 5 6A 6B 7 8 9 10 11 12 13 14 15 16 17 18
12Z AVG MX 2MIN
DY MAX MIN AVG DEP HDD CDD WTR SNW DPTH SPD SPD DIR MIN PSBL S-S WX SPD DR
================================================================================
1 62 56 59 0 6 0 0.29 M M 8.2 22 160 M M 10 18 27 150
2 69 52 61 3 4 0 0.00 M M 3.7 15 170 M M 5 18 160
3 70 48 59 1 6 0 T 0.0 M 7.2 29 150 M M 2 37 150
4 69 49 59 2 6 0 T 0.0 M 13.7 29 150 M M 4 36 160
5 57 47 52 -5 13 0 T M M 3.1 8 290 M M 3 9 280
6 60 47 54 -3 11 0 0.01 M M 4.6 18 310 M M 8 26 300
7 62 40 51 -5 14 0 0.00 M M 7.4 14 10 M M 0 17 10
8 56 36 46 -10 19 0 0.52 M M 5.4 22 180 M M 3 1 25 180
9 55 49 52 -4 13 0 0.42 M M 8.9 25 160 M M 10 1 32 160
10 63 52 58 3 7 0 0.00 M M 5.9 9 350 M M 8 1 12 340
11 75 51 63 8 2 0 0.00 0.0 M 5.8 14 350 M M 0 17 350
12 62 46 54 0 11 0 0.00 M M 2.1 7 330 M M 5 128 11 120
13 72 46 59 5 6 0 0.00 0.0 M 2.8 8 310 M M 0 12 10 320
14 67 49 58 4 7 0 0.00 M M 2.5 10 340 M M 6 128 13 340
15 54 51 53 0 12 0 T M M 2.7 14 130 M M 10 12 16 190
16 69 50 60 7 5 0 0.00 M M 11.8 22 340 M M 3 1 31 300
17 68 43 56 3 9 0 0.00 M M 5.1 15 340 M M 0 1 23 340
18 54 43 49 -3 16 0 0.08 M M 3.3 10 10 M M 7 1 11 20
19 60 45 53 1 12 0 T M M 4.9 13 10 M M 7 1 16 20
20 69 45 57 5 8 0 0.00 M M 11.4 22 350 M M 0 28 350
21 72 42 57 6 8 0 0.00 M M 7.5 15 340 M M 0 21 360
22 66 38 52 1 13 0 0.00 M M 4.7 10 330 M M 0 12 330
23 66 40 53 2 12 0 0.00 M M 8.3 20 340 M M 1 25 340
24 67 43 55 5 10 0 0.00 M M 10.9 22 360 M M 0 27 350
25 62 33 48 -2 17 0 0.00 M M 3.3 10 320 M M 0 12 320
26 71 40 56 6 9 0 0.00 0.0 M 4.6 10 330 M M 0 14 340
27 72 41 57 7 8 0 0.00 0.0 M 3.0 9 290 M M 0 11 290
28 71 43 57 8 8 0 0.00 M M 4.5 8 330 M M 0 13 30
29 72 41 57 8 8 0 0.00 M M 5.9 12 340 M M 0 14 330
30 78 38 58 9 7 0 0.00 M M 6.2 14 330 M M 0 17 330
================================================================================
SM 1970 1344 287 0 1.32 0.0 179.4 M 92
================================================================================
AV 65.7 44.8 6.0 FASTST M M 3 MAX(MPH)
MISC ----> # 29 150 37 150
================================================================================
NOTES:
# LAST OF SEVERAL OCCURRENCES
COLUMN 17 PEAK WIND IN M.P.H.
PRELIMINARY LOCAL CLIMATOLOGICAL DATA (WS FORM: F-6) , PAGE 2
STATION: RED BLUFF
MONTH: NOVEMBER
YEAR: 2021
LATITUDE: 40 8 N
LONGITUDE: 122-15 E
[TEMPERATURE DATA] [PRECIPITATION DATA] SYMBOLS USED IN COLUMN 16
AVERAGE MONTHLY: 55.2 TOTAL FOR MONTH: 1.32 1 = FOG OR MIST
DPTR FM NORMAL: 1.8 DPTR FM NORMAL: -1.22 2 = FOG REDUCING VISIBILITY
HIGHEST: 78 ON 30 GRTST 24HR 0.94 ON 8- 9 TO 1/4 MILE OR LESS
LOWEST: 33 ON 25 3 = THUNDER
SNOW, ICE PELLETS, HAIL 4 = ICE PELLETS
TOTAL MONTH: 0.0 INCH 5 = HAIL
GRTST 24HR 0.0 6 = FREEZING RAIN OR DRIZZLE
GRTST DEPTH: M ON M 7 = DUSTSTORM OR SANDSTORM:
VSBY 1/2 MILE OR LESS
8 = SMOKE OR HAZE
[NO. OF DAYS WITH] [WEATHER - DAYS WITH] 9 = BLOWING SNOW
X = TORNADO
MAX 32 OR BELOW: 0 0.01 INCH OR MORE: 5
MAX 90 OR ABOVE: 0 0.10 INCH OR MORE: 3
MIN 32 OR BELOW: 0 0.50 INCH OR MORE: 1
MIN 0 OR BELOW: 0 1.00 INCH OR MORE: 0
[HDD (BASE 65) ]
TOTAL THIS MO. 287 CLEAR (SCALE 0-3) 16
DPTR FM NORMAL -63 PTCLDY (SCALE 4-7) 11
TOTAL FM JUL 1 416 CLOUDY (SCALE 8-10) 3
DPTR FM NORMAL -24
[CDD (BASE 65) ]
TOTAL THIS MO. 0
DPTR FM NORMAL -2 [PRESSURE DATA]
TOTAL FM JAN 1 2422 HIGHEST SLP 30.44 ON 25
DPTR FM NORMAL 497 LOWEST SLP 29.93 ON 4
[REMARKS]
#FINAL-11-21#