000
CXUS56 KSTO 011400
CF6RDD
PRELIMINARY LOCAL CLIMATOLOGICAL DATA (WS FORM: F-6)
STATION: REDDING CA AIRPORT AND CITY
MONTH: FEBRUARY
YEAR: 2024
LATITUDE: 40 30 N
LONGITUDE: 122 18 W
TEMPERATURE IN F: :PCPN: SNOW: WIND :SUNSHINE: SKY :PK WND
================================================================================
1 2 3 4 5 6A 6B 7 8 9 10 11 12 13 14 15 16 17 18
12Z AVG MX 2MIN
DY MAX MIN AVG DEP HDD CDD WTR SNW DPTH SPD SPD DIR MIN PSBL S-S WX SPD DR
================================================================================
1 59 51 55 6 10 0 0.23 0.0 M 10.4 22 160 M M 9 1 26 200
2 57 39 48 -1 17 0 0.43 M M 8.1 16 180 M M 7 13 21 130
3 54 39 47 -2 18 0 0.01 M M 4.0 10 60 M M 7 1 13 50
4 55 43 49 0 16 0 1.77 M M 11.9 40 160 M M 9 1 50 170
5 60 48 54 5 11 0 0.03 M M 21.9 46 160 M M 5 55 160
6 63 41 52 3 13 0 0.00 0.0 M 5.4 13 10 M M 2 19 150
7 47 37 42 -8 23 0 0.51 M M 3.1 16 160 M M 7 18 19 160
8 54 31 43 -7 22 0 0.00 0.0 M 3.0 12 150 M M 6 12 14 160
9 58 40 49 -1 16 0 0.00 0.0 M 2.4 8 10 M M 4 10 360
10 66 40 53 3 12 0 0.00 0.0 M 6.0 23 360 M M 2 28 360
11 61 35 48 -2 17 0 0.00 0.0 M 1.5 8 150 M M 0 10 300
12 61 37 49 -1 16 0 0.00 0.0 M 1.2 7 150 M M 0 9 160
13 59 44 52 2 13 0 0.00 0.0 M 1.6 9 150 M M 6 11 160
14 54 46 50 0 15 0 0.35 M M 11.0 35 170 M M 10 138 44 170
15 57 50 54 3 11 0 0.04 M M 5.7 13 200 M M 10 1 17 220
16 61 50 56 5 9 0 T 0.0 M 3.3 8 30 M M 7 11 240
17 55 50 53 2 12 0 1.00 M M 5.8 26 150 M M 8 1 33 150
18 55 52 54 3 11 0 1.05 0.0 M 7.0 17 180 M M 10 18 22 180
19 60 50 55 4 10 0 0.45 M M 17.4 39 170 M M 9 18 48 180
20 56 50 53 2 12 0 0.07 M M 10.9 26 170 M M 10 32 160
21 57 50 54 3 11 0 0.09 M M 3.6 12 180 M M 10 1 14 190
22 64 47 56 4 9 0 0.00 0.0 M 2.3 9 250 M M 5 13 220
23 73 39 56 4 9 0 0.00 0.0 M 3.7 14 20 M M 0 17 50
24 73 41 57 5 8 0 0.00 0.0 M 1.8 7 150 M M 0 10 150
25 71 41 56 4 9 0 0.00 0.0 M 3.7 14 180 M M 2 17 170
26 65 46 56 4 9 0 0.00 0.0 M 8.9 22 190 M M 4 27 190
27 66 42 54 2 11 0 0.00 0.0 M 8.0 18 10 M M 0 24 10
28 64 37 51 -1 14 0 0.00 0.0 M 2.9 9 210 M M 3 11 120
29 59 49 54 2 11 0 0.56 M M 18.1 39 170 M M 9 13 55 170
================================================================================
SM 1744 1265 375 0 6.59 0.0 194.6 M 161
================================================================================
AV 60.1 43.6 6.7 FASTST M M 6 MAX(MPH)
MISC ----> 46 160 55 170
================================================================================
NOTES:
# LAST OF SEVERAL OCCURRENCES
COLUMN 17 PEAK WIND IN M.P.H.
PRELIMINARY LOCAL CLIMATOLOGICAL DATA (WS FORM: F-6) , PAGE 2
STATION: REDDING CA AIRPORT AND CITY
MONTH: FEBRUARY
YEAR: 2024
LATITUDE: 40 30 N
LONGITUDE: 122 18 W
[TEMPERATURE DATA] [PRECIPITATION DATA] SYMBOLS USED IN COLUMN 16
AVERAGE MONTHLY: 51.9 TOTAL FOR MONTH: 6.59 1 = FOG OR MIST
DPTR FM NORMAL: 1.4 DPTR FM NORMAL: 1.11 2 = FOG REDUCING VISIBILITY
HIGHEST: 73 ON 24,23 GRTST 24HR 1.77 ON 4- 4 TO 1/4 MILE OR LESS
LOWEST: 31 ON 8 3 = THUNDER
SNOW, ICE PELLETS, HAIL 4 = ICE PELLETS
TOTAL MONTH: 0.0 INCH 5 = HAIL
GRTST 24HR 0.0 6 = FREEZING RAIN OR DRIZZLE
GRTST DEPTH: M ON M 7 = DUSTSTORM OR SANDSTORM:
VSBY 1/2 MILE OR LESS
8 = SMOKE OR HAZE
[NO. OF DAYS WITH] [WEATHER - DAYS WITH] 9 = BLOWING SNOW
X = TORNADO
MAX 32 OR BELOW: 0 0.01 INCH OR MORE: 14
MAX 90 OR ABOVE: 0 0.10 INCH OR MORE: 9
MIN 32 OR BELOW: 1 0.50 INCH OR MORE: 5
MIN 0 OR BELOW: 0 1.00 INCH OR MORE: 3
[HDD (BASE 65) ]
TOTAL THIS MO. 375 CLEAR (SCALE 0-3) 9
DPTR FM NORMAL -30 PTCLDY (SCALE 4-7) 10
TOTAL FM JUL 1 1612 CLOUDY (SCALE 8-10) 10
DPTR FM NORMAL -395
[CDD (BASE 65) ]
TOTAL THIS MO. 0
DPTR FM NORMAL 0 [PRESSURE DATA]
TOTAL FM JAN 1 1 HIGHEST SLP 30.28 ON 22
DPTR FM NORMAL 1 LOWEST SLP 29.29 ON 4
[REMARKS]
#FINAL-02-24#