000
CXUS56 KSTO 010216
CF6RDD
PRELIMINARY LOCAL CLIMATOLOGICAL DATA (WS FORM: F-6)
STATION: REDDING CA AIRPORT AND CITY
MONTH: OCTOBER
YEAR: 2021
LATITUDE: 40 30 N
LONGITUDE: 122 18 W
TEMPERATURE IN F: :PCPN: SNOW: WIND :SUNSHINE: SKY :PK WND
================================================================================
1 2 3 4 5 6A 6B 7 8 9 10 11 12 13 14 15 16 17 18
12Z AVG MX 2MIN
DY MAX MIN AVG DEP HDD CDD WTR SNW DPTH SPD SPD DIR MIN PSBL S-S WX SPD DR
================================================================================
1 90 51 71 0 0 6 0.00 0.0 M 2.9 8 150 M M 0 M M
2 96 51 74 4 0 9 0.00 0.0 M 2.3 7 150 M M 0 M M
3 93 53 73 3 0 8 0.00 0.0 M 3.5 12 150 M M 0 M M
4 90 53 72 2 0 7 0.00 0.0 M 3.0 10 190 M M 0 M M
5 83 52 68 -1 0 3 0.00 0.0 M 4.3 14 200 M M 0 M M
6 76 58 67 -2 0 2 0.00 M M 6.0 13 180 M M 3 8 M M
7 74 51 63 -5 2 0 0.00 M M 4.0 13 170 M M 0 17 160
8 69 43 56 -12 9 0 0.00 0.0 M 5.3 14 170 M M 3 17 190
9 79 50 65 -3 0 0 0.00 0.0 M 2.1 7 40 M M 3 M M
10 84 44 64 -3 1 0 0.00 0.0 M 5.5 20 360 M M 0 26 360
11 67 50 59 -8 6 0 0.00 0.0 M 13.9 24 360 M M 0 32 350
12 71 48 60 -6 5 0 0.00 0.0 M 7.7 17 360 M M 0 25 360
13 71 51 61 -5 4 0 T 0.0 M 2.7 12 350 M M 5 M M
14 77 52 65 -1 0 0 0.00 0.0 M 9.9 20 10 M M 0 30 10
15 81 44 63 -2 2 0 0.00 M M 1.0 5 20 M M 0 M M
16 83 41 62 -3 3 0 0.00 M M 1.9 10 150 M M 0 M M
17 73 42 58 -6 7 0 0.15 0.0 M 6.8 33 160 M M 4 40 160
18 60 44 52 -12 13 0 0.12 0.0 M 3.7 8 150 M M 6 M M
19 64 39 52 -12 13 0 0.32 0.0 M 3.4 15 180 M M 3 M M
20 55 50 53 -10 12 0 0.20 0.0 M 7.2 18 140 M M 10 30 200
21 67 55 61 -2 4 0 0.32 0.0 M 10.2 27 170 M M 10 43 170
22 68 54 61 -1 4 0 0.85 M M 9.8 28 160 M M 8 39 160
23 58 52 55 -7 10 0 0.44 M M 6.3 20 170 M M 10 35 170
24 58 54 56 -6 9 0 2.99 0.0 M 20.2 32 180 M M 10 47 170
25 65 48 57 -4 8 0 0.26 0.0 M 6.2 15 160 M M 6 17 240
26 56 53 55 -6 10 0 0.04 0.0 M 7.3 15 180 M M 10 1 M M
27 68 54 61 1 4 0 0.05 0.0 M 4.1 7 20 M M 6 1 M M
28 79 51 65 5 0 0 0.00 0.0 M 4.5 9 160 M M 0 M M
29 74 49 62 3 3 0 0.00 0.0 M 1.0 4 290 M M 1 M M
30 67 54 61 2 4 0 0.00 0.0 M 3.9 13 220 M M 7 8 M M
31 65 51 58 -1 7 0 0.00 0.0 M 3.0 8 200 M M 9 M M
================================================================================
SM 2261 1542 140 35 5.74 0.0 173.6 M 114
================================================================================
AV 72.9 49.7 5.6 FASTST M M 4 MAX(MPH)
MISC ----> 33 160 47 170
================================================================================
NOTES:
# LAST OF SEVERAL OCCURRENCES
COLUMN 17 PEAK WIND IN M.P.H.
PRELIMINARY LOCAL CLIMATOLOGICAL DATA (WS FORM: F-6) , PAGE 2
STATION: REDDING CA AIRPORT AND CITY
MONTH: OCTOBER
YEAR: 2021
LATITUDE: 40 30 N
LONGITUDE: 122 18 W
[TEMPERATURE DATA] [PRECIPITATION DATA] SYMBOLS USED IN COLUMN 16
AVERAGE MONTHLY: 61.3 TOTAL FOR MONTH: 5.74 1 = FOG OR MIST
DPTR FM NORMAL: -3.5 DPTR FM NORMAL: 3.82 2 = FOG REDUCING VISIBILITY
HIGHEST: 96 ON 2 GRTST 24HR 3.16 ON 23-24 TO 1/4 MILE OR LESS
LOWEST: 39 ON 19 3 = THUNDER
SNOW, ICE PELLETS, HAIL 4 = ICE PELLETS
TOTAL MONTH: 0.0 INCH 5 = HAIL
GRTST 24HR 0.0 6 = FREEZING RAIN OR DRIZZLE
GRTST DEPTH: M ON M 7 = DUSTSTORM OR SANDSTORM:
VSBY 1/2 MILE OR LESS
8 = SMOKE OR HAZE
[NO. OF DAYS WITH] [WEATHER - DAYS WITH] 9 = BLOWING SNOW
X = TORNADO
MAX 32 OR BELOW: 0 0.01 INCH OR MORE: 11
MAX 90 OR ABOVE: 4 0.10 INCH OR MORE: 9
MIN 32 OR BELOW: 0 0.50 INCH OR MORE: 2
MIN 0 OR BELOW: 0 1.00 INCH OR MORE: 1
[HDD (BASE 65) ]
TOTAL THIS MO. 140 CLEAR (SCALE 0-3) 18
DPTR FM NORMAL 47 PTCLDY (SCALE 4-7) 7
TOTAL FM JUL 1 142 CLOUDY (SCALE 8-10) 6
DPTR FM NORMAL 42
[CDD (BASE 65) ]
TOTAL THIS MO. 35
DPTR FM NORMAL -52 [PRESSURE DATA]
TOTAL FM JAN 1 2421 HIGHEST SLP 30.37 ON 27
DPTR FM NORMAL 393 LOWEST SLP 29.36 ON 24
[REMARKS]
#FINAL-10-21#