716
CXUS56 KSTO 131751
CF6RDD
PRELIMINARY LOCAL CLIMATOLOGICAL DATA (WS FORM: F-6)
STATION: REDDING CA AIRPORT AND CITY
MONTH: NOVEMBER
YEAR: 2020
LATITUDE: 40 30 N
LONGITUDE: 122 18 W
TEMPERATURE IN F: :PCPN: SNOW: WIND :SUNSHINE: SKY :PK WND
================================================================================
1 2 3 4 5 6A 6B 7 8 9 10 11 12 13 14 15 16 17 18
12Z AVG MX 2MIN
DY MAX MIN AVG DEP HDD CDD WTR SNW DPTH SPD SPD DIR MIN PSBL S-S WX SPD DR
================================================================================
1 83 42 63 6 2 0 0.00 0.0 0 1.1 8 160 M M 0 9 160
2 87 41 64 8 1 0 0.00 0.0 0 0.9 7 170 M M 0 8 330
3 80 41 61 5 4 0 0.00 0.0 0 2.4 9 150 M M 0 13 140
4 86 43 65 9 0 0 0.00 0.0 0 0.7 6 320 M M 0 7 320
5 83 45 64 9 1 0 0.00 0.0 0 3.7 13 180 M M 0 15 170
6 68 44 56 1 9 0 0.04 0.0 0 7.9 24 350 M M 4 32 340
7 61 38 50 -4 15 0 0.00 0.0 0 3.6 10 270 M M 4 25 210
8 56 37 47 -7 18 0 0.00 0.0 0 9.8 25 10 M M 2 32 360
9 55 37 46 -8 19 0 0.00 0.0 0 9.7 24 20 M M 1 32 30
10 60 29 45 -8 20 0 0.00 0.0 0 1.7 13 190 M M 1 15 180
11 64 26 45 -8 20 0 0.00 0.0 0 2.0 7 160 M M 0 10 330
12 60 25 43 -10 22 0 0.00 0.0 0 0.8 8 120 M M 0 12 120
13 50 43 47 -5 18 0 0.44 0.0 0 7.0 21 190 M M 9 1 27 200
14 56 41 49 -3 16 0 0.00 0.0 0 1.8 8 10 M M 9 128 14 250
15 56 48 52 0 13 0 0.00 0.0 0 2.9 8 10 M M 10 8 9 350
16 72 41 57 6 8 0 0.00 0.0 0 0.6 7 10 M M 0 18 8 20
17 57 45 51 0 14 0 0.30 0.0 0 6.0 21 180 M M 6 1 31 330
18 63 47 55 4 10 0 0.70 0.0 0 11.7 28 180 M M 6 13 35 170
19 62 42 52 2 13 0 0.02 0.0 0 5.0 12 360 M M 2 1 16 350
20 66 48 57 7 8 0 0.00 0.0 0 8.5 17 10 M M 0 31 230
21 69 51 60 10 5 0 0.00 0.0 0 10.8 23 20 M M 0 27 20
22 59 34 47 -3 18 0 0.00 0.0 0 2.7 9 350 M M 3 8 13 350
23 66 38 52 3 13 0 0.00 0.0 0 3.9 10 330 M M 1 16 350
24 69 47 58 9 7 0 0.00 0.0 0 7.1 15 170 M M 0 19 360
25 62 37 50 1 15 0 T M 0 3.1 8 20 M M 2 12 330
26 63 37 50 2 15 0 0.00 0.0 0 10.3 25 10 M M 0 32 20
27 71 35 53 5 12 0 0.00 0.0 0 5.1 14 170 M M 0 18 10
28 67 30 49 1 16 0 0.00 0.0 0 1.3 8 300 M M 0 10 300
29 65 30 48 0 17 0 0.00 0.0 0 0.5 6 100 M M 0 18 17 150
30 64 29 47 -1 18 0 0.00 0.0 0 1.8 12 350 M M 0 18 33 50
================================================================================
SM 1980 1171 367 0 1.50 0.0 134.4 M 60
================================================================================
AV 66.0 39.0 4.5 FASTST M M 2 MAX(MPH)
MISC ----> # 28 180 # 35 170
================================================================================
NOTES:
# LAST OF SEVERAL OCCURRENCES
COLUMN 17 PEAK WIND IN M.P.H.
PRELIMINARY LOCAL CLIMATOLOGICAL DATA (WS FORM: F-6) , PAGE 2
STATION: REDDING CA AIRPORT AND CITY
MONTH: NOVEMBER
YEAR: 2020
LATITUDE: 40 30 N
LONGITUDE: 122 18 W
[TEMPERATURE DATA] [PRECIPITATION DATA] SYMBOLS USED IN COLUMN 16
AVERAGE MONTHLY: 52.5 TOTAL FOR MONTH: 1.50 1 = FOG OR MIST
DPTR FM NORMAL: 0.8 DPTR FM NORMAL: -2.98 2 = FOG REDUCING VISIBILITY
HIGHEST: 87 ON 2 GRTST 24HR 0.70 ON 18-18 TO 1/4 MILE OR LESS
LOWEST: 25 ON 12 3 = THUNDER
SNOW, ICE PELLETS, HAIL 4 = ICE PELLETS
TOTAL MONTH: 0.0 INCH 5 = HAIL
GRTST 24HR 0.0 6 = FREEZING RAIN OR DRIZZLE
GRTST DEPTH: 0 7 = DUSTSTORM OR SANDSTORM:
VSBY 1/2 MILE OR LESS
8 = SMOKE OR HAZE
[NO. OF DAYS WITH] [WEATHER - DAYS WITH] 9 = BLOWING SNOW
X = TORNADO
MAX 32 OR BELOW: 0 0.01 INCH OR MORE: 5
MAX 90 OR ABOVE: 0 0.10 INCH OR MORE: 3
MIN 32 OR BELOW: 6 0.50 INCH OR MORE: 1
MIN 0 OR BELOW: 0 1.00 INCH OR MORE: 0
[HDD (BASE 65) ]
TOTAL THIS MO. 367 CLEAR (SCALE 0-3) 22
DPTR FM NORMAL -33 PTCLDY (SCALE 4-7) 5
TOTAL FM JUL 1 403 CLOUDY (SCALE 8-10) 3
DPTR FM NORMAL -119
[CDD (BASE 65) ]
TOTAL THIS MO. 0
DPTR FM NORMAL -1 [PRESSURE DATA]
TOTAL FM JAN 1 2448 HIGHEST SLP 30.37 ON 26
DPTR FM NORMAL 601 LOWEST SLP 29.59 ON 6
[REMARKS]
#FINAL-11-20#