000
CXUS51 KPHI 161428
CF6RDG
PRELIMINARY LOCAL CLIMATOLOGICAL DATA (WS FORM: F-6)
STATION: READING PA
MONTH: AUGUST
YEAR: 2021
LATITUDE: 40 22 N
LONGITUDE: 75 58 W
TEMPERATURE IN F: :PCPN: SNOW: WIND :SUNSHINE: SKY :PK WND
================================================================================
1 2 3 4 5 6A 6B 7 8 9 10 11 12 13 14 15 16 17 18
12Z AVG MX 2MIN
DY MAX MIN AVG DEP HDD CDD WTR SNW DPTH SPD SPD DIR MIN PSBL S-S WX SPD DR
================================================================================
1 73 60 67 -9 0 2 0.61 0.0 0 3.9 24 340 M M 7 13 30 330
2 81 57 69 -7 0 4 0.00 0.0 0 5.5 16 350 M M 4 12 22 340
3 80 57 69 -7 0 4 0.00 0.0 0 1.9 8 220 M M 0 10 190
4 80 60 70 -6 0 5 0.00 0.0 0 2.4 10 20 M M 1 18 19 80
5 87 58 73 -3 0 8 0.00 0.0 0 3.0 14 340 M M 1 1 17 340
6 91 64 78 2 0 13 0.00 0.0 0 5.1 14 210 M M 1 1 18 220
7 88 70 79 4 0 14 0.00 0.0 0 4.3 13 210 M M 1 16 190
8 88 67 78 3 0 13 T 0.0 0 4.3 12 360 M M 1 16 20
9 92 66 79 4 0 14 0.00 0.0 0 4.6 14 200 M M 2 19 150
10 94 72 83 8 0 18 0.41 0.0 0 5.2 25 300 M M 7 138 31 290
11 95 70 83 8 0 18 0.67 0.0 0 3.8 33 250 M M 4 138 41 250
12 96 70 83 8 0 18 0.21 0.0 0 5.7 28 320 M M 2 13 36 300
13 94 70 82 7 0 17 0.02 0.0 0 3.5 13 210 M M 1 1 16 210
14 88 73 81 6 0 16 0.00 0.0 0 5.3 15 340 M M 3 18 360
15 85 68 77 2 0 12 0.00 0.0 0 4.9 13 10 M M 5 16 20
16 82 71 77 3 0 12 T 0.0 0 4.8 14 160 M M 10 18 150
17 85 73 79 5 0 14 0.33 0.0 0 6.7 16 170 M M 8 1 22 170
18 89 76 83 9 0 18 1.64 0.0 0 8.0 21 160 M M 9 13 29 110
19 89 76 83 9 0 18 0.00 0.0 0 7.5 16 260 M M 4 21 270
20 86 72 79 5 0 14 0.02 0.0 0 2.4 9 340 M M 3 12 40
21 87 67 77 3 0 12 0.00 0.0 0 2.9 10 110 M M 4 1 15 110
22 78 72 75 1 0 10 0.68 0.0 0 4.8 13 290 M M 8 1 16 280
23 90 73 82 8 0 17 0.37 0.0 0 7.1 22 290 M M 6 13 28 280
24 90 70 80 7 0 15 0.00 0.0 0 3.5 12 290 M M 1 1 16 280
25 93 68 81 8 0 16 0.00 0.0 0 3.2 10 220 M M 0 18 14 300
26 93 73 83 10 0 18 0.00 0.0 0 2.4 10 260 M M 1 1 13 260
27 94 72 83 10 0 18 0.50 0.0 0 3.3 20 260 M M 2 138 29 270
28 76 68 72 0 0 7 1.44 0.0 0 5.8 12 90 M M 10 13 16 130
29 83 67 75 3 0 10 T 0.0 0 3.2 9 150 M M 9 13 160
30 89 72 81 9 0 16 0.00 0.0 0 5.0 13 270 M M 4 18 17 290
31 82 71 77 5 0 12 T 0.0 0 2.8 7 320 M M 4 1 11 300
================================================================================
SM 2698 2123 0 403 6.90 0.0 136.8 M 123
================================================================================
AV 87.0 68.5 4.4 FASTST M M 4 MAX(MPH)
MISC ----> 33 250 41 250
================================================================================
NOTES:
# LAST OF SEVERAL OCCURRENCES
COLUMN 17 PEAK WIND IN M.P.H.
PRELIMINARY LOCAL CLIMATOLOGICAL DATA (WS FORM: F-6) , PAGE 2
STATION: READING PA
MONTH: AUGUST
YEAR: 2021
LATITUDE: 40 22 N
LONGITUDE: 75 58 W
[TEMPERATURE DATA] [PRECIPITATION DATA] SYMBOLS USED IN COLUMN 16
AVERAGE MONTHLY: 77.8 TOTAL FOR MONTH: 6.90 1 = FOG OR MIST
DPTR FM NORMAL: 3.5 DPTR FM NORMAL: 2.41 2 = FOG REDUCING VISIBILITY
HIGHEST: 96 ON 12 GRTST 24HR 1.64 ON 18-18 TO 1/4 MILE OR LESS
LOWEST: 57 ON 2, 3 3 = THUNDER
SNOW, ICE PELLETS, HAIL 4 = ICE PELLETS
TOTAL MONTH: 0.0 INCH 5 = HAIL
GRTST 24HR 0.0 6 = FREEZING RAIN OR DRIZZLE
GRTST DEPTH: 0 7 = DUSTSTORM OR SANDSTORM:
VSBY 1/2 MILE OR LESS
8 = SMOKE OR HAZE
[NO. OF DAYS WITH] [WEATHER - DAYS WITH] 9 = BLOWING SNOW
X = TORNADO
MAX 32 OR BELOW: 0 0.01 INCH OR MORE: 12
MAX 90 OR ABOVE: 11 0.10 INCH OR MORE: 10
MIN 32 OR BELOW: 0 0.50 INCH OR MORE: 6
MIN 0 OR BELOW: 0 1.00 INCH OR MORE: 2
[HDD (BASE 65) ]
TOTAL THIS MO. 0 CLEAR (SCALE 0-3) 14
DPTR FM NORMAL -3 PTCLDY (SCALE 4-7) 12
TOTAL FM JUL 1 0 CLOUDY (SCALE 8-10) 5
DPTR FM NORMAL 0
[CDD (BASE 65) ]
TOTAL THIS MO. 403
DPTR FM NORMAL 114 [PRESSURE DATA]
TOTAL FM JAN 1 1150 HIGHEST SLP M ON M
DPTR FM NORMAL 226 LOWEST SLP 29.78 ON 23
[REMARKS]
#FINAL-08-21#