000
CXUS56 KPDT 011910
CF6RDM
PRELIMINARY LOCAL CLIMATOLOGICAL DATA (WS FORM: F-6)
STATION: REDMOND OR
MONTH: JANUARY
YEAR: 2023
LATITUDE: 44 16 N
LONGITUDE: 121 9 W
TEMPERATURE IN F: :PCPN: SNOW: WIND :SUNSHINE: SKY :PK WND
================================================================================
1 2 3 4 5 6A 6B 7 8 9 10 11 12 13 14 15 16 17 18
12Z AVG MX 2MIN
DY MAX MIN AVG DEP HDD CDD WTR SNW DPTH SPD SPD DIR MIN PSBL S-S WX SPD DR
================================================================================
1 43 24 34 1 31 0 0.00 M M 2.3 8 150 M M 2 9 150
2 35 21 28 -5 37 0 T M M 3.5 12 310 M M 3 1 13 290
3 41 21 31 -2 34 0 0.00 M M 5.0 13 150 M M 4 16 150
4 39 23 31 -3 34 0 0.05 M M 4.7 16 320 M M 7 12 19 310
5 49 29 39 5 26 0 T M M 5.7 16 170 M M 7 12 20 170
6 46 31 39 5 26 0 0.00 M M 8.6 17 140 M M 4 24 150
7 50 42 46 12 19 0 0.01 M M 13.3 23 160 M M 9 36 120
8 50 38 44 10 21 0 T M M 12.3 30 210 M M 5 42 230
9 51 34 43 9 22 0 0.04 M M 11.8 30 260 M M 4 37 150
10 45 25 35 1 30 0 T M M 4.8 14 320 M M 5 1 17 330
11 46 31 39 5 26 0 0.08 M M 9.8 21 150 M M 6 28 150
12 52 42 47 12 18 0 0.00 M M 11.2 22 140 M M 6 30 140
13 54 41 48 13 17 0 T M M 12.2 28 190 M M 5 37 200
14 49 38 44 9 21 0 0.00 M M 10.3 25 140 M M 6 37 130
15 45 30 38 3 27 0 0.00 M M 11.0 23 190 M M 6 30 190
16 45 24 35 0 30 0 0.00 M M 4.5 10 300 M M 4 12 290
17 47 26 37 2 28 0 0.00 M M 2.9 8 150 M M 6 11 180
18 46 24 35 0 30 0 T M M 7.4 18 220 M M 5 25 220
19 42 18 30 -5 35 0 0.00 M M 3.9 12 350 M M 0 16 330
20 46 14 30 -5 35 0 0.00 M M 3.7 8 90 M M 0 11 110
21 48 17 33 -2 32 0 T M M 6.7 25 280 M M 2 18 36 280
22 42 22 32 -3 33 0 0.00 M M 7.5 16 280 M M 1 22 280
23 49 18 34 -2 31 0 0.00 M M 3.5 8 170 M M 1 10 120
24 53 20 37 1 28 0 0.00 M M 4.8 10 360 M M 0 13 350
25 57 22 40 4 25 0 0.00 M M 3.5 9 120 M M 0 10 110
26 60 20 40 4 25 0 0.00 M M 3.6 18 290 M M 0 23 290
27 50 26 38 2 27 0 0.00 M M 12.4 26 280 M M 3 33 290
28 42 19 31 -5 34 0 0.06 M M 6.9 20 340 M M 4 1 24 320
29 22 -1 11 -25 54 0 0.00 M M 12.3 21 330 M M 1 25 330
30 33 -7 13 -23 52 0 0.00 M M 3.3 8 150 M M 0 11 90
31 40 13 27 -9 38 0 0.00 M M 2.1 9 90 M M 3 12 80
================================================================================
SM 1417 745 926 0 0.24 M 215.5 M 109
================================================================================
AV 45.7 24.0 7.0 FASTST M M 4 MAX(MPH)
MISC ----> # 30 210 42 230
================================================================================
NOTES:
# LAST OF SEVERAL OCCURRENCES
COLUMN 17 PEAK WIND IN M.P.H.
PRELIMINARY LOCAL CLIMATOLOGICAL DATA (WS FORM: F-6) , PAGE 2
STATION: REDMOND OR
MONTH: JANUARY
YEAR: 2023
LATITUDE: 44 16 N
LONGITUDE: 121 9 W
[TEMPERATURE DATA] [PRECIPITATION DATA] SYMBOLS USED IN COLUMN 16
AVERAGE MONTHLY: 34.9 TOTAL FOR MONTH: 0.24 1 = FOG OR MIST
DPTR FM NORMAL: 0.1 DPTR FM NORMAL: -0.74 2 = FOG REDUCING VISIBILITY
HIGHEST: 60 ON 26 GRTST 24HR 0.80 ON 27-27 TO 1/4 MILE OR LESS
LOWEST: -7 ON 30 3 = THUNDER
SNOW, ICE PELLETS, HAIL 4 = ICE PELLETS
TOTAL MONTH: M 5 = HAIL
GRTST 24HR M ON M 6 = FREEZING RAIN OR DRIZZLE
GRTST DEPTH: M ON M 7 = DUSTSTORM OR SANDSTORM:
VSBY 1/2 MILE OR LESS
8 = SMOKE OR HAZE
[NO. OF DAYS WITH] [WEATHER - DAYS WITH] 9 = BLOWING SNOW
X = TORNADO
MAX 32 OR BELOW: 1 0.01 INCH OR MORE: 5
MAX 90 OR ABOVE: 0 0.10 INCH OR MORE: 0
MIN 32 OR BELOW: 25 0.50 INCH OR MORE: 0
MIN 0 OR BELOW: 2 1.00 INCH OR MORE: 0
[HDD (BASE 65) ]
TOTAL THIS MO. 926 CLEAR (SCALE 0-3) 13
DPTR FM NORMAL -12 PTCLDY (SCALE 4-7) 17
TOTAL FM JUL 1 3419 CLOUDY (SCALE 8-10) 1
DPTR FM NORMAL -91
[CDD (BASE 65) ]
TOTAL THIS MO. 0
DPTR FM NORMAL 0 [PRESSURE DATA]
TOTAL FM JAN 1 0 HIGHEST SLP 30.67 ON 25
DPTR FM NORMAL 0 LOWEST SLP 29.30 ON 14
[REMARKS]
#FINAL-01-23#