000
CXUS56 KSGX 011045
CF6RIV
PRELIMINARY LOCAL CLIMATOLOGICAL DATA (WS FORM: F-6)
STATION: RIVERSIDE/MARCH ARB CA
MONTH: MARCH
YEAR: 2021
LATITUDE: 33 53 N
LONGITUDE: 117-15 E
TEMPERATURE IN F: :PCPN: SNOW: WIND :SUNSHINE: SKY :PK WND
================================================================================
1 2 3 4 5 6A 6B 7 8 9 10 11 12 13 14 15 16 17 18
12Z AVG MX 2MIN
DY MAX MIN AVG DEP HDD CDD WTR SNW DPTH SPD SPD DIR MIN PSBL S-S WX SPD DR
================================================================================
1 70 40 55 M 10 0 0.00 M M 7.5 14 110 M M 0 22 90
2 75 34 55 M 10 0 0.00 M M 3.5 13 90 M M 0 21 90
3 57 28 43 M 22 0 0.12 M M 3.1 18 180 M M 5 22 180
4 66 37 52 M 13 0 0.00 M M 3.3 9 320 M M 2 M M
5 78 33 56 M 9 0 0.00 M M 3.4 10 300 M M 0 M M
6 71 37 54 M 11 0 0.00 M M 4.6 12 320 M M 0 M M
7 64 48 56 M 9 0 0.00 M M 3.5 12 150 M M 8 M M
8 63 41 52 M 13 0 0.00 M M 6.1 14 320 M M 7 M M
9 62 34 48 M 17 0 0.04 M M 5.8 15 270 M M 3 1 21 290
10 55 43 49 M 16 0 0.61 M M 5.8 20 260 M M 8 1 36 250
11 52 35 44 M 21 0 0.20 M M 6.0 13 140 M M 8 13 M M
12 54 30 42 M 23 0 0.42 M M 3.8 12 330 M M 5 13 17 340
13 59 41 50 M 15 0 0.01 M M 4.4 12 320 M M 6 M M
14 59 38 49 M 16 0 0.00 M M 4.2 9 320 M M 8 1 M M
15 55 37 46 M 19 0 0.04 M M 6.9 22 300 M M 8 29 230
16 57 29 43 M 22 0 0.00 M M 2.5 8 320 M M 0 M M
17 67 31 49 M 16 0 0.00 M M 2.1 10 300 M M 1 M M
18 70 37 54 M 11 0 0.00 M M 3.8 9 320 M M 1 M M
19 74 37 56 M 9 0 0.00 M M 4.8 17 320 M M 0 M M
20 65 45 55 M 10 0 0.00 M M 5.5 12 300 M M 5 1 M M
21 64 35 50 M 15 0 0.00 M M 6.1 16 310 M M 0 24 290
22 68 32 50 M 15 0 0.00 M M 4.6 13 340 M M 0 M M
23 65 43 54 M 11 0 0.00 M M 8.0 18 310 M M 3 25 310
24 70 43 57 M 8 0 0.00 M M 12.1 22 360 M M 0 33 340
25 60 41 51 M 14 0 0.00 M M 7.4 15 180 M M 5 20 230
26 69 39 54 M 11 0 0.00 M M 5.3 21 350 M M 3 31 330
27 77 34 56 M 9 0 0.00 M M 2.8 12 310 M M 0 M M
28 86 35 61 M 4 0 0.00 M M 3.3 12 320 M M 0 M M
29 83 36 60 M 5 0 0.00 M M 4.7 16 330 M M 0 M M
30 82 38 60 M 5 0 0.00 M M 2.3 10 120 M M 0 18 110
31 83 52 68 M 0 3 0.00 M M 9.2 17 90 M M 0 30 60
================================================================================
SM 2080 1163 389 3 1.44 M 156.5 M 86
================================================================================
AV 67.1 37.5 5.0 FASTST M M 3 MAX(MPH)
MISC ----> # 22 300 36 250
================================================================================
NOTES:
# LAST OF SEVERAL OCCURRENCES
COLUMN 17 PEAK WIND IN M.P.H.
PRELIMINARY LOCAL CLIMATOLOGICAL DATA (WS FORM: F-6) , PAGE 2
STATION: RIVERSIDE/MARCH ARB CA
MONTH: MARCH
YEAR: 2021
LATITUDE: 33 53 N
LONGITUDE: 117-15 E
[TEMPERATURE DATA] [PRECIPITATION DATA] SYMBOLS USED IN COLUMN 16
AVERAGE MONTHLY: 52.3 TOTAL FOR MONTH: 1.44 1 = FOG OR MIST
DPTR FM NORMAL: 0.0 DPTR FM NORMAL: M 2 = FOG REDUCING VISIBILITY
HIGHEST: 86 ON 28 GRTST 24HR 0.61 ON 10-10 TO 1/4 MILE OR LESS
LOWEST: 28 ON 3 3 = THUNDER
SNOW, ICE PELLETS, HAIL 4 = ICE PELLETS
TOTAL MONTH: M 5 = HAIL
GRTST 24HR M ON M 6 = FREEZING RAIN OR DRIZZLE
GRTST DEPTH: M ON M 7 = DUSTSTORM OR SANDSTORM:
VSBY 1/2 MILE OR LESS
8 = SMOKE OR HAZE
[NO. OF DAYS WITH] [WEATHER - DAYS WITH] 9 = BLOWING SNOW
X = TORNADO
MAX 32 OR BELOW: 0 0.01 INCH OR MORE: 7
MAX 90 OR ABOVE: 0 0.10 INCH OR MORE: 4
MIN 32 OR BELOW: 5 0.50 INCH OR MORE: 1
MIN 0 OR BELOW: 0 1.00 INCH OR MORE: 0
[HDD (BASE 65) ]
TOTAL THIS MO. 389 CLEAR (SCALE 0-3) 18
DPTR FM NORMAL M PTCLDY (SCALE 4-7) 10
TOTAL FM JUL 1 1825 CLOUDY (SCALE 8-10) 3
DPTR FM NORMAL M
[CDD (BASE 65) ]
TOTAL THIS MO. 3
DPTR FM NORMAL M [PRESSURE DATA]
TOTAL FM JAN 1 3 HIGHEST SLP M ON M
DPTR FM NORMAL M LOWEST SLP M ON M
[REMARKS]
#FINAL-03-21#